{"id":44033,"date":"2026-04-22T15:51:22","date_gmt":"2026-04-22T15:51:22","guid":{"rendered":"https:\/\/milicia-pro.com\/?post_type=product&#038;p=44033"},"modified":"2026-04-22T15:51:23","modified_gmt":"2026-04-22T15:51:23","slug":"supressor-de-som-activo","status":"publish","type":"product","link":"https:\/\/milicia-pro.com\/index.php\/product\/supressor-de-som-activo\/","title":{"rendered":"SUPRESSOR DE SOM ACTIVO"},"content":{"rendered":"<p>Esta prote\u00e7\u00e3o auricular foi desenvolvida especialmente para o combate profissional. Oferece n\u00e3o apenas isolamento sonoro para os seus ouvidos, mas tamb\u00e9m permite, ao mesmo tempo, uma comunica\u00e7\u00e3o normal. Prote\u00e7\u00e3o em milissegundos quando ocorrem sons acima de 82 dB. Amplamente testado e comprovado.<\/p>\n<p>&nbsp;<\/p>\n<ul>\n<li>Almofada e copo auricular: 100% pl\u00e1stico ABS<\/li>\n<li>Roldana: 100% Polioximetileno<\/li>\n<li>Peso: 235 g<\/li>\n<li>SNR 25,0 dB\/H 28,8 dB\/M 22,6 dB\/L 16,3 dB<\/li>\n<\/ul>\n<p>&#8211; Design elegante<\/p>\n<p>&#8211; 4 pilhas AAA (n\u00e3o inclu\u00eddas)<\/p>\n<p>&#8211; Ajust\u00e1vel para todos os tamanhos de cabe\u00e7a<\/p>\n<p>&#8211; Auricular e arco almofadados<\/p>\n<p>&#8211; Conforto de utiliza\u00e7\u00e3o ideal<\/p>\n<p>&#8211; Entrada de \u00e1udio para telem\u00f3vel, leitor MP3 ou computador port\u00e1til<\/p>\n","protected":false},"excerpt":{"rendered":"<p>Esta prote\u00e7\u00e3o auricular foi desenvolvida especialmente para o combate profissional. Oferece n\u00e3o apenas isolamento sonoro para os seus ouvidos, mas tamb\u00e9m permite, ao mesmo tempo, uma comunica\u00e7\u00e3o normal. Prote\u00e7\u00e3o em milissegundos quando ocorrem sons acima de 82 dB. Amplamente testado e comprovado. &nbsp; Almofada e copo auricular: 100% pl\u00e1stico ABS Roldana: 100% Polioximetileno Peso: 235 [&#8230;]\n","protected":false},"featured_media":44034,"comment_status":"open","ping_status":"closed","template":"","meta":{"_monsterinsights_skip_tracking":false,"_monsterinsights_sitenote_active":false,"_monsterinsights_sitenote_note":"","_monsterinsights_sitenote_category":0},"product_brand":[1596],"product_cat":[1064,829,855,1384],"product_tag":[],"class_list":{"0":"post-44033","1":"product","2":"type-product","3":"status-publish","4":"has-post-thumbnail","6":"product_brand-sturm-mil-tec","7":"product_cat-equipamentotatico","8":"product_cat-marcas","9":"product_cat-sturm-mil-tec","10":"product_cat-supressor-de-som","12":"first","13":"instock","14":"shipping-taxable","15":"purchasable","16":"product-type-variable"},"aioseo_notices":[],"jetpack_sharing_enabled":true,"_links":{"self":[{"href":"https:\/\/milicia-pro.com\/index.php\/wp-json\/wp\/v2\/product\/44033","targetHints":{"allow":["GET"]}}],"collection":[{"href":"https:\/\/milicia-pro.com\/index.php\/wp-json\/wp\/v2\/product"}],"about":[{"href":"https:\/\/milicia-pro.com\/index.php\/wp-json\/wp\/v2\/types\/product"}],"replies":[{"embeddable":true,"href":"https:\/\/milicia-pro.com\/index.php\/wp-json\/wp\/v2\/comments?post=44033"}],"wp:featuredmedia":[{"embeddable":true,"href":"https:\/\/milicia-pro.com\/index.php\/wp-json\/wp\/v2\/media\/44034"}],"wp:attachment":[{"href":"https:\/\/milicia-pro.com\/index.php\/wp-json\/wp\/v2\/media?parent=44033"}],"wp:term":[{"taxonomy":"product_brand","embeddable":true,"href":"https:\/\/milicia-pro.com\/index.php\/wp-json\/wp\/v2\/product_brand?post=44033"},{"taxonomy":"product_cat","embeddable":true,"href":"https:\/\/milicia-pro.com\/index.php\/wp-json\/wp\/v2\/product_cat?post=44033"},{"taxonomy":"product_tag","embeddable":true,"href":"https:\/\/milicia-pro.com\/index.php\/wp-json\/wp\/v2\/product_tag?post=44033"}],"curies":[{"name":"wp","href":"https:\/\/api.w.org\/{rel}","templated":true}]}}