{"id":43748,"date":"2026-01-26T14:29:40","date_gmt":"2026-01-26T14:29:40","guid":{"rendered":"https:\/\/milicia-pro.com\/?post_type=product&#038;p=43748"},"modified":"2026-03-16T14:59:45","modified_gmt":"2026-03-16T14:59:45","slug":"navalha-drop-point","status":"publish","type":"product","link":"https:\/\/milicia-pro.com\/index.php\/product\/navalha-drop-point\/","title":{"rendered":"NAVALHA DROP POINT"},"content":{"rendered":"<p>A nossa navalha Drop Point apresenta o logotipo da mil\u00edcia numa das laterais da l\u00e2mina met\u00e1lica. A l\u00e2mina \u00e9 em SS420 de abertura bidextra. O punho \u00e9 ergon\u00f3mico e com relevo para maior ader\u00eancia \u00e0 m\u00e3o. Tem trinco de seguran\u00e7a bidextro. Numa das laterais do punho tem um clip para que possa acoplar ao seu vestu\u00e1rio ou no seu equipamento.<\/p>\n<ul>\n<li>Comprimento de l\u00e2mina: 9 cm<\/li>\n<li>Comprimento total: 20 cm<\/li>\n<li>Fechada: 11,5cm<\/li>\n<li>Peso 123g<\/li>\n<\/ul>\n<p>&nbsp;<\/p>\n<p>&nbsp;<\/p>\n","protected":false},"excerpt":{"rendered":"<p>A nossa navalha Drop Point apresenta o logotipo da mil\u00edcia numa das laterais da l\u00e2mina met\u00e1lica. A l\u00e2mina \u00e9 em SS420 de abertura bidextra. O punho \u00e9 ergon\u00f3mico e com relevo para maior ader\u00eancia \u00e0 m\u00e3o. Tem trinco de seguran\u00e7a bidextro. Numa das laterais do punho tem um clip para que possa acoplar ao seu [&#8230;]\n","protected":false},"featured_media":43751,"comment_status":"open","ping_status":"closed","template":"","meta":{"_monsterinsights_skip_tracking":false,"_monsterinsights_sitenote_active":false,"_monsterinsights_sitenote_note":"","_monsterinsights_sitenote_category":0},"product_brand":[1499],"product_cat":[1065,982,1098],"product_tag":[912,225],"class_list":{"0":"post-43748","1":"product","2":"type-product","3":"status-publish","4":"has-post-thumbnail","6":"product_brand-milicia","7":"product_cat-cutelariaferramentas","8":"product_cat-milicia","9":"product_cat-navalha","10":"product_tag-cutelaria","11":"product_tag-navalha","13":"first","14":"instock","15":"shipping-taxable","16":"purchasable","17":"product-type-variable"},"aioseo_notices":[],"jetpack_sharing_enabled":true,"_links":{"self":[{"href":"https:\/\/milicia-pro.com\/index.php\/wp-json\/wp\/v2\/product\/43748","targetHints":{"allow":["GET"]}}],"collection":[{"href":"https:\/\/milicia-pro.com\/index.php\/wp-json\/wp\/v2\/product"}],"about":[{"href":"https:\/\/milicia-pro.com\/index.php\/wp-json\/wp\/v2\/types\/product"}],"replies":[{"embeddable":true,"href":"https:\/\/milicia-pro.com\/index.php\/wp-json\/wp\/v2\/comments?post=43748"}],"wp:featuredmedia":[{"embeddable":true,"href":"https:\/\/milicia-pro.com\/index.php\/wp-json\/wp\/v2\/media\/43751"}],"wp:attachment":[{"href":"https:\/\/milicia-pro.com\/index.php\/wp-json\/wp\/v2\/media?parent=43748"}],"wp:term":[{"taxonomy":"product_brand","embeddable":true,"href":"https:\/\/milicia-pro.com\/index.php\/wp-json\/wp\/v2\/product_brand?post=43748"},{"taxonomy":"product_cat","embeddable":true,"href":"https:\/\/milicia-pro.com\/index.php\/wp-json\/wp\/v2\/product_cat?post=43748"},{"taxonomy":"product_tag","embeddable":true,"href":"https:\/\/milicia-pro.com\/index.php\/wp-json\/wp\/v2\/product_tag?post=43748"}],"curies":[{"name":"wp","href":"https:\/\/api.w.org\/{rel}","templated":true}]}}