{"id":43740,"date":"2026-01-26T14:21:23","date_gmt":"2026-01-26T14:21:23","guid":{"rendered":"https:\/\/milicia-pro.com\/?post_type=product&#038;p=43740"},"modified":"2026-01-26T14:21:23","modified_gmt":"2026-01-26T14:21:23","slug":"conjunto-de-talheres-3-em-1-dobraveis-c-iman","status":"publish","type":"product","link":"https:\/\/milicia-pro.com\/index.php\/product\/conjunto-de-talheres-3-em-1-dobraveis-c-iman\/","title":{"rendered":"CONJUNTO DE TALHERES 3 EM 1 DOBR\u00c1VEIS C\/IMAN"},"content":{"rendered":"<p>Talheres met\u00e1licos dobr\u00e1veis com o logotipo MILICIA. Colher, faca e garfo em 3Cr13, 2Cr13. Quando fechados, a faca fica no meio da colher e o garfo encaixando-se entre eles e unindo-se com sistema de \u00edman. O encerramento da colher e garfo faz-se pressionando o trinco de seguran\u00e7a. Transporte estes talheres num saco de tecido de cor creme com fecho de cord\u00e3o.<\/p>\n<p>Tamanho aberto: 17,9cm<\/p>\n<p>Tamanho fechado: 10,1cmx 3,5cmx2,7cm<\/p>\n<p>Peso. 122gr<\/p>\n","protected":false},"excerpt":{"rendered":"<p>Talheres met\u00e1licos dobr\u00e1veis com o logotipo MILICIA. Colher, faca e garfo em 3Cr13, 2Cr13. Quando fechados, a faca fica no meio da colher e o garfo encaixando-se entre eles e unindo-se com sistema de \u00edman. O encerramento da colher e garfo faz-se pressionando o trinco de seguran\u00e7a. Transporte estes talheres num saco de tecido de [&#8230;]\n","protected":false},"featured_media":43742,"comment_status":"open","ping_status":"closed","template":"","meta":{"_monsterinsights_skip_tracking":false,"_monsterinsights_sitenote_active":false,"_monsterinsights_sitenote_note":"","_monsterinsights_sitenote_category":0},"product_brand":[1499],"product_cat":[1474,982,1068],"product_tag":[744],"class_list":{"0":"post-43740","1":"product","2":"type-product","3":"status-publish","4":"has-post-thumbnail","6":"product_brand-milicia","7":"product_cat-alimentacao-acessorios","8":"product_cat-milicia","9":"product_cat-outdoor","10":"product_tag-talheres","12":"first","13":"instock","14":"shipping-taxable","15":"purchasable","16":"product-type-variable"},"aioseo_notices":[],"jetpack_sharing_enabled":true,"_links":{"self":[{"href":"https:\/\/milicia-pro.com\/index.php\/wp-json\/wp\/v2\/product\/43740","targetHints":{"allow":["GET"]}}],"collection":[{"href":"https:\/\/milicia-pro.com\/index.php\/wp-json\/wp\/v2\/product"}],"about":[{"href":"https:\/\/milicia-pro.com\/index.php\/wp-json\/wp\/v2\/types\/product"}],"replies":[{"embeddable":true,"href":"https:\/\/milicia-pro.com\/index.php\/wp-json\/wp\/v2\/comments?post=43740"}],"wp:featuredmedia":[{"embeddable":true,"href":"https:\/\/milicia-pro.com\/index.php\/wp-json\/wp\/v2\/media\/43742"}],"wp:attachment":[{"href":"https:\/\/milicia-pro.com\/index.php\/wp-json\/wp\/v2\/media?parent=43740"}],"wp:term":[{"taxonomy":"product_brand","embeddable":true,"href":"https:\/\/milicia-pro.com\/index.php\/wp-json\/wp\/v2\/product_brand?post=43740"},{"taxonomy":"product_cat","embeddable":true,"href":"https:\/\/milicia-pro.com\/index.php\/wp-json\/wp\/v2\/product_cat?post=43740"},{"taxonomy":"product_tag","embeddable":true,"href":"https:\/\/milicia-pro.com\/index.php\/wp-json\/wp\/v2\/product_tag?post=43740"}],"curies":[{"name":"wp","href":"https:\/\/api.w.org\/{rel}","templated":true}]}}