{"id":43508,"date":"2025-12-19T11:10:20","date_gmt":"2025-12-19T11:10:20","guid":{"rendered":"https:\/\/milicia-pro.com\/?post_type=product&#038;p=43508"},"modified":"2025-12-19T14:46:27","modified_gmt":"2025-12-19T14:46:27","slug":"afiador-de-facas-standard-sharpening-system","status":"publish","type":"product","link":"https:\/\/milicia-pro.com\/index.php\/product\/afiador-de-facas-standard-sharpening-system\/","title":{"rendered":"AFIADOR DE FACAS &#8211; STANDARD SHARPENING SYSTEM"},"content":{"rendered":"<p>Os Kits de pedras de afiar da Lansky com controlo do \u00e2ngulo de incid\u00eancia no gume garantem um trabalho sempre perfeito e profissional. \u00c9 um sistema seguro, simples e c\u00f3modo de utilizar.<\/p>\n<p>Garanta uma faca sempre corretamente afiada mesmo sem necessidade de grandes conhecimentos t\u00e9cnicos.<\/p>\n<table width=\"548\">\n<tbody>\n<tr>\n<td width=\"548\"><strong>Todos os Kits Lansky incluem<\/strong>:<\/p>\n<ul>\n<li>Suporte de bancada com aperto para coloca\u00e7\u00e3o da faca\/navalha com guias para diferentes \u00e2ngulos de afia\u00e7\u00e3o.<\/li>\n<li>Pedras de afiar com diferentes graus de dureza<\/li>\n<li>Pedra codificadas por cores<\/li>\n<li>Com uma cobertura em pl\u00e1stico para proteger os dedos durante a afia\u00e7\u00e3o<\/li>\n<li>Um guia de metal para cada pedra de afiar<\/li>\n<li>\u00d3leo fino de lubrifica\u00e7\u00e3o especialmente desenvolvido pela Lansky<\/li>\n<li>Caixa de arruma\u00e7\u00e3o\/transporte tipo caixa de ferramentas<\/li>\n<li>Guia de utiliza\u00e7\u00e3o completo e ilustrativo<\/li>\n<\/ul>\n<\/td>\n<\/tr>\n<\/tbody>\n<\/table>\n","protected":false},"excerpt":{"rendered":"<p>Os Kits de pedras de afiar da Lansky com controlo do \u00e2ngulo de incid\u00eancia no gume garantem um trabalho sempre perfeito e profissional. \u00c9 um sistema seguro, simples e c\u00f3modo de utilizar. Garanta uma faca sempre corretamente afiada mesmo sem necessidade de grandes conhecimentos t\u00e9cnicos. Todos os Kits Lansky incluem: Suporte de bancada com aperto [&#8230;]\n","protected":false},"featured_media":43510,"comment_status":"open","ping_status":"closed","template":"","meta":{"_monsterinsights_skip_tracking":false,"_monsterinsights_sitenote_active":false,"_monsterinsights_sitenote_note":"","_monsterinsights_sitenote_category":0},"product_brand":[1602],"product_cat":[1065,1097,1340,829],"product_tag":[1339,1338],"class_list":{"0":"post-43508","1":"product","2":"type-product","3":"status-publish","4":"has-post-thumbnail","6":"product_brand-lansky","7":"product_cat-cutelariaferramentas","8":"product_cat-ferramentas","9":"product_cat-lansky","10":"product_cat-marcas","11":"product_tag-afiador-de-facas","12":"product_tag-kit-afiador","13":"pa_navalha-afiador","15":"first","16":"instock","17":"shipping-taxable","18":"purchasable","19":"product-type-variable"},"aioseo_notices":[],"jetpack_sharing_enabled":true,"_links":{"self":[{"href":"https:\/\/milicia-pro.com\/index.php\/wp-json\/wp\/v2\/product\/43508","targetHints":{"allow":["GET"]}}],"collection":[{"href":"https:\/\/milicia-pro.com\/index.php\/wp-json\/wp\/v2\/product"}],"about":[{"href":"https:\/\/milicia-pro.com\/index.php\/wp-json\/wp\/v2\/types\/product"}],"replies":[{"embeddable":true,"href":"https:\/\/milicia-pro.com\/index.php\/wp-json\/wp\/v2\/comments?post=43508"}],"wp:featuredmedia":[{"embeddable":true,"href":"https:\/\/milicia-pro.com\/index.php\/wp-json\/wp\/v2\/media\/43510"}],"wp:attachment":[{"href":"https:\/\/milicia-pro.com\/index.php\/wp-json\/wp\/v2\/media?parent=43508"}],"wp:term":[{"taxonomy":"product_brand","embeddable":true,"href":"https:\/\/milicia-pro.com\/index.php\/wp-json\/wp\/v2\/product_brand?post=43508"},{"taxonomy":"product_cat","embeddable":true,"href":"https:\/\/milicia-pro.com\/index.php\/wp-json\/wp\/v2\/product_cat?post=43508"},{"taxonomy":"product_tag","embeddable":true,"href":"https:\/\/milicia-pro.com\/index.php\/wp-json\/wp\/v2\/product_tag?post=43508"}],"curies":[{"name":"wp","href":"https:\/\/api.w.org\/{rel}","templated":true}]}}