{"id":43242,"date":"2025-09-17T10:51:11","date_gmt":"2025-09-17T10:51:11","guid":{"rendered":"https:\/\/milicia-pro.com\/?post_type=product&#038;p=43242"},"modified":"2025-12-15T17:58:48","modified_gmt":"2025-12-15T17:58:48","slug":"cinturao-milicia","status":"publish","type":"product","link":"https:\/\/milicia-pro.com\/index.php\/product\/cinturao-milicia\/","title":{"rendered":"CINTUR\u00c3O MIL\u00cdCIA"},"content":{"rendered":"<p><img loading=\"lazy\" decoding=\"async\" class=\"alignnone wp-image-43244\" src=\"https:\/\/milicia-pro.com\/wp-content\/uploads\/2025\/09\/MIL.4306-01-226x300.png\" alt=\"\" width=\"244\" height=\"324\" srcset=\"https:\/\/milicia-pro.com\/wp-content\/uploads\/2025\/09\/MIL.4306-01-226x300.png 226w, https:\/\/milicia-pro.com\/wp-content\/uploads\/2025\/09\/MIL.4306-01.png 450w\" sizes=\"auto, (max-width: 244px) 100vw, 244px\" \/><\/p>\n<p>Esse cintur\u00e3o t\u00e1tico de uso externo, com cerca de 5cm de altura, \u00e9 ideal para anexar o seu coldre, porta-luvas, porta bast\u00e3o, etc. \u00c9 um cintur\u00e3o resistente, ergon\u00f3mico e bastante funcional para poder agregar todo o material que necessita no desempenho do seu servi\u00e7o.<\/p>\n<p>Tamanho do cinto podendo ser estendido devido ao sistema de velcro f\u00eamea no seu interior:<\/p>\n<ul>\n<li>S- desde 85cm<\/li>\n<li>M- desde 1m<\/li>\n<li>L- desde 1,13m<\/li>\n<li>XL- desde 1,29m<\/li>\n<li>XXL- desde 1,39m<\/li>\n<\/ul>\n<p>Composi\u00e7\u00e3o: 100% Nylon<\/p>\n","protected":false},"excerpt":{"rendered":"<p>Esse cintur\u00e3o t\u00e1tico de uso externo, com cerca de 5cm de altura, \u00e9 ideal para anexar o seu coldre, porta-luvas, porta bast\u00e3o, etc. \u00c9 um cintur\u00e3o resistente, ergon\u00f3mico e bastante funcional para poder agregar todo o material que necessita no desempenho do seu servi\u00e7o. Tamanho do cinto podendo ser estendido devido ao sistema de velcro [&#8230;]\n","protected":false},"featured_media":43250,"comment_status":"open","ping_status":"closed","template":"","meta":{"_monsterinsights_skip_tracking":false,"_monsterinsights_sitenote_active":false,"_monsterinsights_sitenote_note":"","_monsterinsights_sitenote_category":0},"product_brand":[1499],"product_cat":[1153,829,982,1063],"product_tag":[118],"class_list":{"0":"post-43242","1":"product","2":"type-product","3":"status-publish","4":"has-post-thumbnail","6":"product_brand-milicia","7":"product_cat-cinto","8":"product_cat-marcas","9":"product_cat-milicia","10":"product_cat-vestuario","11":"product_tag-cinturao","13":"first","14":"instock","15":"shipping-taxable","16":"purchasable","17":"product-type-variable"},"aioseo_notices":[],"jetpack_sharing_enabled":true,"_links":{"self":[{"href":"https:\/\/milicia-pro.com\/index.php\/wp-json\/wp\/v2\/product\/43242","targetHints":{"allow":["GET"]}}],"collection":[{"href":"https:\/\/milicia-pro.com\/index.php\/wp-json\/wp\/v2\/product"}],"about":[{"href":"https:\/\/milicia-pro.com\/index.php\/wp-json\/wp\/v2\/types\/product"}],"replies":[{"embeddable":true,"href":"https:\/\/milicia-pro.com\/index.php\/wp-json\/wp\/v2\/comments?post=43242"}],"wp:featuredmedia":[{"embeddable":true,"href":"https:\/\/milicia-pro.com\/index.php\/wp-json\/wp\/v2\/media\/43250"}],"wp:attachment":[{"href":"https:\/\/milicia-pro.com\/index.php\/wp-json\/wp\/v2\/media?parent=43242"}],"wp:term":[{"taxonomy":"product_brand","embeddable":true,"href":"https:\/\/milicia-pro.com\/index.php\/wp-json\/wp\/v2\/product_brand?post=43242"},{"taxonomy":"product_cat","embeddable":true,"href":"https:\/\/milicia-pro.com\/index.php\/wp-json\/wp\/v2\/product_cat?post=43242"},{"taxonomy":"product_tag","embeddable":true,"href":"https:\/\/milicia-pro.com\/index.php\/wp-json\/wp\/v2\/product_tag?post=43242"}],"curies":[{"name":"wp","href":"https:\/\/api.w.org\/{rel}","templated":true}]}}