{"id":43217,"date":"2025-09-12T13:05:39","date_gmt":"2025-09-12T13:05:39","guid":{"rendered":"https:\/\/milicia-pro.com\/?post_type=product&#038;p=43217"},"modified":"2026-02-18T18:29:27","modified_gmt":"2026-02-18T18:29:27","slug":"lencol-urgencia-ouro-prata-160x120cm","status":"publish","type":"product","link":"https:\/\/milicia-pro.com\/index.php\/product\/lencol-urgencia-ouro-prata-160x120cm\/","title":{"rendered":"LEN\u00c7OL URG\u00caNCIA OURO\/PRATA 160X120CM"},"content":{"rendered":"<p>Este len\u00e7ol de urg\u00eancia \u00e9 espec\u00edfico para situa\u00e7\u00f5es traum\u00e1ticas para proteger de frio, calor ou humidade.<\/p>\n<p>Caracter\u00edsticas:<\/p>\n<p>&#8211; Metalizados para, em caso de acidente, envolver o ferido protegendo-o do frio, do calor excessivo ou da humidade.<br \/>\nDimens\u00f5es: 160x210mm<br \/>\n&#8211; Excelente reten\u00e7\u00e3o t\u00e9rmica.<br \/>\n&#8211; Forro altamente absorvente.<br \/>\n&#8211; Resistente ao vento e \u00e0 \u00e1gua.<br \/>\n&#8211; Suave e confort\u00e1vel.<br \/>\n&#8211; Leve e compacto.<br \/>\n&#8211; Refletor para sinaliza\u00e7\u00e3o de v\u00edtimas em acidentes noturnos.<br \/>\n&#8211; Apresentamos 3 modelos: beb\u00e9, crian\u00e7a e adulto.<br \/>\n&#8211; Cor: prateado\/Ouro<br \/>\n&#8211; Uso \u00fanico.<\/p>\n<p>&nbsp;<\/p>\n","protected":false},"excerpt":{"rendered":"<p>Este len\u00e7ol de urg\u00eancia \u00e9 espec\u00edfico para situa\u00e7\u00f5es traum\u00e1ticas para proteger de frio, calor ou humidade. Caracter\u00edsticas: &#8211; Metalizados para, em caso de acidente, envolver o ferido protegendo-o do frio, do calor excessivo ou da humidade. Dimens\u00f5es: 160x210mm &#8211; Excelente reten\u00e7\u00e3o t\u00e9rmica. &#8211; Forro altamente absorvente. &#8211; Resistente ao vento e \u00e0 \u00e1gua. &#8211; Suave [&#8230;]\n","protected":false},"featured_media":43219,"comment_status":"open","ping_status":"closed","template":"","meta":{"_monsterinsights_skip_tracking":false,"_monsterinsights_sitenote_active":false,"_monsterinsights_sitenote_note":"","_monsterinsights_sitenote_category":0},"product_brand":[1591],"product_cat":[1066,1492,1491,829],"product_tag":[145,1493,1494],"class_list":{"0":"post-43217","1":"product","2":"type-product","3":"status-publish","4":"has-post-thumbnail","6":"product_brand-firsthelp","7":"product_cat-medical","8":"product_cat-firsthelp","9":"product_cat-lencol","10":"product_cat-marcas","11":"product_tag-emergencia","12":"product_tag-lencol","13":"product_tag-urgencia","15":"first","16":"instock","17":"shipping-taxable","18":"purchasable","19":"product-type-variable"},"aioseo_notices":[],"jetpack_sharing_enabled":true,"_links":{"self":[{"href":"https:\/\/milicia-pro.com\/index.php\/wp-json\/wp\/v2\/product\/43217","targetHints":{"allow":["GET"]}}],"collection":[{"href":"https:\/\/milicia-pro.com\/index.php\/wp-json\/wp\/v2\/product"}],"about":[{"href":"https:\/\/milicia-pro.com\/index.php\/wp-json\/wp\/v2\/types\/product"}],"replies":[{"embeddable":true,"href":"https:\/\/milicia-pro.com\/index.php\/wp-json\/wp\/v2\/comments?post=43217"}],"wp:featuredmedia":[{"embeddable":true,"href":"https:\/\/milicia-pro.com\/index.php\/wp-json\/wp\/v2\/media\/43219"}],"wp:attachment":[{"href":"https:\/\/milicia-pro.com\/index.php\/wp-json\/wp\/v2\/media?parent=43217"}],"wp:term":[{"taxonomy":"product_brand","embeddable":true,"href":"https:\/\/milicia-pro.com\/index.php\/wp-json\/wp\/v2\/product_brand?post=43217"},{"taxonomy":"product_cat","embeddable":true,"href":"https:\/\/milicia-pro.com\/index.php\/wp-json\/wp\/v2\/product_cat?post=43217"},{"taxonomy":"product_tag","embeddable":true,"href":"https:\/\/milicia-pro.com\/index.php\/wp-json\/wp\/v2\/product_tag?post=43217"}],"curies":[{"name":"wp","href":"https:\/\/api.w.org\/{rel}","templated":true}]}}