{"id":43091,"date":"2025-07-03T10:46:03","date_gmt":"2025-07-03T10:46:03","guid":{"rendered":"https:\/\/milicia-pro.com\/?post_type=product&#038;p=43091"},"modified":"2025-10-23T15:41:42","modified_gmt":"2025-10-23T15:41:42","slug":"marketing-hat","status":"publish","type":"product","link":"https:\/\/milicia-pro.com\/index.php\/product\/marketing-hat\/","title":{"rendered":"MARKETING HAT"},"content":{"rendered":"<p>O bon\u00e9 de marketing da First Tactical \u00e9 feito com tecido de mistura de poli\u00e9ster\/algod\u00e3o Ripstop duplo com um acabamento repelente de manchas Teflon\u00ae Shield+ para uma apar\u00eancia profissional que dura. Apresentado tecnologia FT Flex que incorpora elasticidade na faixa de transpira\u00e7\u00e3o e em toda a coroa, proporcionando conforto suburbano.<\/p>\n<p>Especifica\u00e7\u00f5es:<\/p>\n<ul>\n<li>52% Poli\u00e9ster\/48% Algod\u00e3o, ripstop duplo el\u00e1stico de 7 on\u00e7as, tecido<\/li>\n<li>Acabamento repelente de manchas Teflon\u00ae Shield+<\/li>\n<\/ul>\n<p>TECNOLOGIA FT FLEX<\/p>\n<p><img loading=\"lazy\" decoding=\"async\" class=\"alignnone size-medium wp-image-43092\" src=\"https:\/\/milicia-pro.com\/wp-content\/uploads\/2025\/07\/FT.142072-729-00-300x152.png\" alt=\"\" width=\"300\" height=\"152\" srcset=\"https:\/\/milicia-pro.com\/wp-content\/uploads\/2025\/07\/FT.142072-729-00-300x152.png 300w, https:\/\/milicia-pro.com\/wp-content\/uploads\/2025\/07\/FT.142072-729-00-510x258.png 510w, https:\/\/milicia-pro.com\/wp-content\/uploads\/2025\/07\/FT.142072-729-00.png 592w\" sizes=\"auto, (max-width: 300px) 100vw, 300px\" \/><\/p>\n<p>A nossa tecnologia FT Flex apresenta pain\u00e9is el\u00e1sticos em todo o chap\u00e9u e faixa de suor, permitindo um uso confort\u00e1vel sem sacrificar a seguran\u00e7a.<\/p>\n<p>COMBINA\u00c7\u00c3O DE CORES<\/p>\n<p><img loading=\"lazy\" decoding=\"async\" class=\"alignnone size-medium wp-image-43093\" src=\"https:\/\/milicia-pro.com\/wp-content\/uploads\/2025\/07\/FT.142072-729-000-300x152.png\" alt=\"\" width=\"300\" height=\"152\" srcset=\"https:\/\/milicia-pro.com\/wp-content\/uploads\/2025\/07\/FT.142072-729-000-300x152.png 300w, https:\/\/milicia-pro.com\/wp-content\/uploads\/2025\/07\/FT.142072-729-000-510x259.png 510w, https:\/\/milicia-pro.com\/wp-content\/uploads\/2025\/07\/FT.142072-729-000.png 591w\" sizes=\"auto, (max-width: 300px) 100vw, 300px\" \/><\/p>\n<p>O bon\u00e9 FT Flex \u00e9 feito com o mesmo tecido das nossas roupas t\u00e1ticas, garantindo assim a combina\u00e7\u00e3o com o uniforme, independentemente da cor escolhida.<\/p>\n<p>REVESTIDO DE TEFLON<\/p>\n<p><img loading=\"lazy\" decoding=\"async\" class=\"alignnone size-medium wp-image-43094\" src=\"https:\/\/milicia-pro.com\/wp-content\/uploads\/2025\/07\/FT.142072-729-0000-300x153.png\" alt=\"\" width=\"300\" height=\"153\" srcset=\"https:\/\/milicia-pro.com\/wp-content\/uploads\/2025\/07\/FT.142072-729-0000-300x153.png 300w, https:\/\/milicia-pro.com\/wp-content\/uploads\/2025\/07\/FT.142072-729-0000-510x259.png 510w, https:\/\/milicia-pro.com\/wp-content\/uploads\/2025\/07\/FT.142072-729-0000.png 590w\" sizes=\"auto, (max-width: 300px) 100vw, 300px\" \/><\/p>\n<p>Cada bon\u00e9 FT Flex apresenta o acabamento repelente de manchas Teflon\u00ae Shield+, proporcionando maior durabilidade que resistir\u00e1 a uma chuva leve.<\/p>\n","protected":false},"excerpt":{"rendered":"<p>O bon\u00e9 de marketing da First Tactical \u00e9 feito com tecido de mistura de poli\u00e9ster\/algod\u00e3o Ripstop duplo com um acabamento repelente de manchas Teflon\u00ae Shield+ para uma apar\u00eancia profissional que dura. Apresentado tecnologia FT Flex que incorpora elasticidade na faixa de transpira\u00e7\u00e3o e em toda a coroa, proporcionando conforto suburbano. Especifica\u00e7\u00f5es: 52% Poli\u00e9ster\/48% Algod\u00e3o, ripstop [&#8230;]\n","protected":false},"featured_media":43095,"comment_status":"open","ping_status":"closed","template":"","meta":{"_monsterinsights_skip_tracking":false,"_monsterinsights_sitenote_active":false,"_monsterinsights_sitenote_note":"","_monsterinsights_sitenote_category":0},"product_brand":[1509],"product_cat":[1461,1458,830,829],"product_tag":[85,1485],"class_list":{"0":"post-43091","1":"product","2":"type-product","3":"status-publish","4":"has-post-thumbnail","6":"product_brand-first-tactical","7":"product_cat-bone","8":"product_cat-chapeu-ca","9":"product_cat-firsttactical","10":"product_cat-marcas","11":"product_tag-bone","12":"product_tag-marketing","14":"first","15":"instock","16":"shipping-taxable","17":"purchasable","18":"product-type-variable"},"aioseo_notices":[],"jetpack_sharing_enabled":true,"_links":{"self":[{"href":"https:\/\/milicia-pro.com\/index.php\/wp-json\/wp\/v2\/product\/43091","targetHints":{"allow":["GET"]}}],"collection":[{"href":"https:\/\/milicia-pro.com\/index.php\/wp-json\/wp\/v2\/product"}],"about":[{"href":"https:\/\/milicia-pro.com\/index.php\/wp-json\/wp\/v2\/types\/product"}],"replies":[{"embeddable":true,"href":"https:\/\/milicia-pro.com\/index.php\/wp-json\/wp\/v2\/comments?post=43091"}],"wp:featuredmedia":[{"embeddable":true,"href":"https:\/\/milicia-pro.com\/index.php\/wp-json\/wp\/v2\/media\/43095"}],"wp:attachment":[{"href":"https:\/\/milicia-pro.com\/index.php\/wp-json\/wp\/v2\/media?parent=43091"}],"wp:term":[{"taxonomy":"product_brand","embeddable":true,"href":"https:\/\/milicia-pro.com\/index.php\/wp-json\/wp\/v2\/product_brand?post=43091"},{"taxonomy":"product_cat","embeddable":true,"href":"https:\/\/milicia-pro.com\/index.php\/wp-json\/wp\/v2\/product_cat?post=43091"},{"taxonomy":"product_tag","embeddable":true,"href":"https:\/\/milicia-pro.com\/index.php\/wp-json\/wp\/v2\/product_tag?post=43091"}],"curies":[{"name":"wp","href":"https:\/\/api.w.org\/{rel}","templated":true}]}}