{"id":43087,"date":"2025-07-02T13:54:28","date_gmt":"2025-07-02T13:54:28","guid":{"rendered":"https:\/\/milicia-pro.com\/?post_type=product&#038;p=43087"},"modified":"2025-10-23T15:41:54","modified_gmt":"2025-10-23T15:41:54","slug":"meia-algodao-duty-9","status":"publish","type":"product","link":"https:\/\/milicia-pro.com\/index.php\/product\/meia-algodao-duty-9\/","title":{"rendered":"MEIA ALGOD\u00c3O DUTY 9\u201d"},"content":{"rendered":"<p>Esta meia em algod\u00e3o \u00e9 confort\u00e1vel e respir\u00e1vel, uma meia t\u00e1tica confi\u00e1vel, com um design aprimorado. Feita de fibras naturais, material que absorve a humidade e seca rapidamente e com amortecimento extra sob a sola.<\/p>\n<p><strong>Caracter\u00edsticas:<\/strong><\/p>\n<ul>\n<li>62% Algod\u00e3o<\/li>\n<li>5% Nylon<\/li>\n<li>28% elastano<\/li>\n<li>5% de borracha<\/li>\n<\/ul>\n<p>&nbsp;<\/p>\n<p><strong>Instru\u00e7\u00f5es de lavagem:<\/strong><\/p>\n<ul>\n<li>Lave a frio na m\u00e1quina de lavar<\/li>\n<li>N\u00e3o use amaciante<\/li>\n<li>Secador em configura\u00e7\u00e3o baixa<\/li>\n<li>N\u00e3o passar a ferro<\/li>\n<li>N\u00e3o lavar a seco<\/li>\n<\/ul>\n<p>&nbsp;<\/p>\n","protected":false},"excerpt":{"rendered":"<p>Esta meia em algod\u00e3o \u00e9 confort\u00e1vel e respir\u00e1vel, uma meia t\u00e1tica confi\u00e1vel, com um design aprimorado. Feita de fibras naturais, material que absorve a humidade e seca rapidamente e com amortecimento extra sob a sola. Caracter\u00edsticas: 62% Algod\u00e3o 5% Nylon 28% elastano 5% de borracha &nbsp; Instru\u00e7\u00f5es de lavagem: Lave a frio na m\u00e1quina de [&#8230;]\n","protected":false},"featured_media":43089,"comment_status":"open","ping_status":"closed","template":"","meta":{"_monsterinsights_skip_tracking":false,"_monsterinsights_sitenote_active":false,"_monsterinsights_sitenote_note":"","_monsterinsights_sitenote_category":0},"product_brand":[1509],"product_cat":[1463,830,829,1465],"product_tag":[210],"class_list":{"0":"post-43087","1":"product","2":"type-product","3":"status-publish","4":"has-post-thumbnail","6":"product_brand-first-tactical","7":"product_cat-calcado-2","8":"product_cat-firsttactical","9":"product_cat-marcas","10":"product_cat-meias-calcado-2","11":"product_tag-meia","13":"first","14":"instock","15":"shipping-taxable","16":"purchasable","17":"product-type-variable"},"aioseo_notices":[],"jetpack_sharing_enabled":true,"_links":{"self":[{"href":"https:\/\/milicia-pro.com\/index.php\/wp-json\/wp\/v2\/product\/43087","targetHints":{"allow":["GET"]}}],"collection":[{"href":"https:\/\/milicia-pro.com\/index.php\/wp-json\/wp\/v2\/product"}],"about":[{"href":"https:\/\/milicia-pro.com\/index.php\/wp-json\/wp\/v2\/types\/product"}],"replies":[{"embeddable":true,"href":"https:\/\/milicia-pro.com\/index.php\/wp-json\/wp\/v2\/comments?post=43087"}],"wp:featuredmedia":[{"embeddable":true,"href":"https:\/\/milicia-pro.com\/index.php\/wp-json\/wp\/v2\/media\/43089"}],"wp:attachment":[{"href":"https:\/\/milicia-pro.com\/index.php\/wp-json\/wp\/v2\/media?parent=43087"}],"wp:term":[{"taxonomy":"product_brand","embeddable":true,"href":"https:\/\/milicia-pro.com\/index.php\/wp-json\/wp\/v2\/product_brand?post=43087"},{"taxonomy":"product_cat","embeddable":true,"href":"https:\/\/milicia-pro.com\/index.php\/wp-json\/wp\/v2\/product_cat?post=43087"},{"taxonomy":"product_tag","embeddable":true,"href":"https:\/\/milicia-pro.com\/index.php\/wp-json\/wp\/v2\/product_tag?post=43087"}],"curies":[{"name":"wp","href":"https:\/\/api.w.org\/{rel}","templated":true}]}}