{"id":42853,"date":"2025-05-20T10:37:42","date_gmt":"2025-05-20T10:37:42","guid":{"rendered":"https:\/\/milicia-pro.com\/?post_type=product&#038;p=42853"},"modified":"2025-12-09T14:21:04","modified_gmt":"2025-12-09T14:21:04","slug":"saco-cama-safari-xl-direita","status":"publish","type":"product","link":"https:\/\/milicia-pro.com\/index.php\/product\/saco-cama-safari-xl-direita\/","title":{"rendered":"SACO CAMA SAFARI XL\/DIREITA"},"content":{"rendered":"<p>Este saco cama \u00e9 o ideal para se manter quente e confort\u00e1vel, quando necess\u00e1rio. A fibra de isolamento G-LOFT\u00ae proporciona essa faixa de conforto.<\/p>\n<p>Revestimento exterior: SELL TRANS 100% Poliamida<\/p>\n<p>Forro interior: Polycotton 100% poliamida<\/p>\n<p>Preenchimento: Fibra GLT-Hollow<\/p>\n<p>Conforto: +25\u02da C ____ + 5\u02da C<\/p>\n<p>Toler\u00e2ncia: +5\u02da C ___ 0\u02da\u02da C<\/p>\n<p>Extremo: 0\u02da C ____ -10\u02da C<\/p>\n","protected":false},"excerpt":{"rendered":"<p>Este saco cama \u00e9 o ideal para se manter quente e confort\u00e1vel, quando necess\u00e1rio. A fibra de isolamento G-LOFT\u00ae proporciona essa faixa de conforto. Revestimento exterior: SELL TRANS 100% Poliamida Forro interior: Polycotton 100% poliamida Preenchimento: Fibra GLT-Hollow Conforto: +25\u02da C ____ + 5\u02da C Toler\u00e2ncia: +5\u02da C ___ 0\u02da\u02da C Extremo: 0\u02da C ____ [&#8230;]\n","protected":false},"featured_media":42854,"comment_status":"open","ping_status":"closed","template":"","meta":{"_monsterinsights_skip_tracking":false,"_monsterinsights_sitenote_active":false,"_monsterinsights_sitenote_note":"","_monsterinsights_sitenote_category":0},"product_brand":[1507],"product_cat":[1438,829,1068,1228],"product_tag":[729],"class_list":{"0":"post-42853","1":"product","2":"type-product","3":"status-publish","4":"has-post-thumbnail","6":"product_brand-carinthia","7":"product_cat-carinthia","8":"product_cat-marcas","9":"product_cat-outdoor","10":"product_cat-saco-cama","11":"product_tag-saco-cama","13":"first","14":"instock","15":"shipping-taxable","16":"purchasable","17":"product-type-variable"},"aioseo_notices":[],"jetpack_sharing_enabled":true,"_links":{"self":[{"href":"https:\/\/milicia-pro.com\/index.php\/wp-json\/wp\/v2\/product\/42853","targetHints":{"allow":["GET"]}}],"collection":[{"href":"https:\/\/milicia-pro.com\/index.php\/wp-json\/wp\/v2\/product"}],"about":[{"href":"https:\/\/milicia-pro.com\/index.php\/wp-json\/wp\/v2\/types\/product"}],"replies":[{"embeddable":true,"href":"https:\/\/milicia-pro.com\/index.php\/wp-json\/wp\/v2\/comments?post=42853"}],"wp:featuredmedia":[{"embeddable":true,"href":"https:\/\/milicia-pro.com\/index.php\/wp-json\/wp\/v2\/media\/42854"}],"wp:attachment":[{"href":"https:\/\/milicia-pro.com\/index.php\/wp-json\/wp\/v2\/media?parent=42853"}],"wp:term":[{"taxonomy":"product_brand","embeddable":true,"href":"https:\/\/milicia-pro.com\/index.php\/wp-json\/wp\/v2\/product_brand?post=42853"},{"taxonomy":"product_cat","embeddable":true,"href":"https:\/\/milicia-pro.com\/index.php\/wp-json\/wp\/v2\/product_cat?post=42853"},{"taxonomy":"product_tag","embeddable":true,"href":"https:\/\/milicia-pro.com\/index.php\/wp-json\/wp\/v2\/product_tag?post=42853"}],"curies":[{"name":"wp","href":"https:\/\/api.w.org\/{rel}","templated":true}]}}