{"id":42843,"date":"2025-05-19T10:14:02","date_gmt":"2025-05-19T10:14:02","guid":{"rendered":"https:\/\/milicia-pro.com\/?post_type=product&#038;p=42843"},"modified":"2025-12-09T14:21:15","modified_gmt":"2025-12-09T14:21:15","slug":"calcas-impermeaveis-em-gore-tex","status":"publish","type":"product","link":"https:\/\/milicia-pro.com\/index.php\/product\/calcas-impermeaveis-em-gore-tex\/","title":{"rendered":"CAL\u00c7AS IMPERME\u00c1VEIS EM GORE-TEX"},"content":{"rendered":"<p>Estas cal\u00e7as s\u00e3o pequenas, leves e vers\u00e1teis. Gra\u00e7as ao tamanho compacto, o fato de chuva de sobreviv\u00eancia pode ser facilmente guardado e \u00e9, assim, um companheiro indispens\u00e1vel para quem precisa considerar cada grama de equipamento. As cal\u00e7as s\u00e3o, claro, imperme\u00e1veis e \u00e0 prova de vento. A membrana exterior respir\u00e1vel GORE-TEX assegura o transporte da humidade para o exterior. Ver o casaco imperme\u00e1vel GE.95300<\/p>\n<p>Caracter\u00edsticas:<\/p>\n<ul>\n<li>\u00c0 prova de \u00e1gua, \u00e0 prova de vento, respir\u00e1vel, leve<\/li>\n<li>Cintura com cord\u00e3o el\u00e1stico para ajuste<\/li>\n<li>Aba na bainha das cal\u00e7as com fechos de tab e de gancho para ajuste de largura<\/li>\n<li>Lav\u00e1vel a 60\u00b0C<\/li>\n<\/ul>\n<p>&nbsp;<\/p>\n<p>Materiais e Especifica\u00e7\u00f5es:<\/p>\n<ul>\n<li>Tecido exterior: 100% Poliamida, repelente de \u00e1gua, \u00e0 prova de vento, respir\u00e1vel<\/li>\n<li>Membrana: Bi-componente \u00e0 base de ePTFE<\/li>\n<li>Tamanhos: Tamanho \u00danico<\/li>\n<li>Peso (g): 200<\/li>\n<\/ul>\n","protected":false},"excerpt":{"rendered":"<p>Estas cal\u00e7as s\u00e3o pequenas, leves e vers\u00e1teis. Gra\u00e7as ao tamanho compacto, o fato de chuva de sobreviv\u00eancia pode ser facilmente guardado e \u00e9, assim, um companheiro indispens\u00e1vel para quem precisa considerar cada grama de equipamento. As cal\u00e7as s\u00e3o, claro, imperme\u00e1veis e \u00e0 prova de vento. A membrana exterior respir\u00e1vel GORE-TEX assegura o transporte da humidade [&#8230;]\n","protected":false},"featured_media":42845,"comment_status":"open","ping_status":"closed","template":"","meta":{"_monsterinsights_skip_tracking":false,"_monsterinsights_sitenote_active":false,"_monsterinsights_sitenote_note":"","_monsterinsights_sitenote_category":0},"product_brand":[1507],"product_cat":[1078,1438,829,1063],"product_tag":[1410,724],"class_list":{"0":"post-42843","1":"product","2":"type-product","3":"status-publish","4":"has-post-thumbnail","6":"product_brand-carinthia","7":"product_cat-calcas","8":"product_cat-carinthia","9":"product_cat-marcas","10":"product_cat-vestuario","11":"product_tag-calcas","12":"product_tag-impermeavel","14":"first","15":"instock","16":"shipping-taxable","17":"purchasable","18":"product-type-variable"},"aioseo_notices":[],"jetpack_sharing_enabled":true,"_links":{"self":[{"href":"https:\/\/milicia-pro.com\/index.php\/wp-json\/wp\/v2\/product\/42843","targetHints":{"allow":["GET"]}}],"collection":[{"href":"https:\/\/milicia-pro.com\/index.php\/wp-json\/wp\/v2\/product"}],"about":[{"href":"https:\/\/milicia-pro.com\/index.php\/wp-json\/wp\/v2\/types\/product"}],"replies":[{"embeddable":true,"href":"https:\/\/milicia-pro.com\/index.php\/wp-json\/wp\/v2\/comments?post=42843"}],"wp:featuredmedia":[{"embeddable":true,"href":"https:\/\/milicia-pro.com\/index.php\/wp-json\/wp\/v2\/media\/42845"}],"wp:attachment":[{"href":"https:\/\/milicia-pro.com\/index.php\/wp-json\/wp\/v2\/media?parent=42843"}],"wp:term":[{"taxonomy":"product_brand","embeddable":true,"href":"https:\/\/milicia-pro.com\/index.php\/wp-json\/wp\/v2\/product_brand?post=42843"},{"taxonomy":"product_cat","embeddable":true,"href":"https:\/\/milicia-pro.com\/index.php\/wp-json\/wp\/v2\/product_cat?post=42843"},{"taxonomy":"product_tag","embeddable":true,"href":"https:\/\/milicia-pro.com\/index.php\/wp-json\/wp\/v2\/product_tag?post=42843"}],"curies":[{"name":"wp","href":"https:\/\/api.w.org\/{rel}","templated":true}]}}