{"id":42740,"date":"2025-05-13T15:03:37","date_gmt":"2025-05-13T15:03:37","guid":{"rendered":"https:\/\/milicia-pro.com\/?post_type=product&#038;p=42740"},"modified":"2026-03-09T17:12:21","modified_gmt":"2026-03-09T17:12:21","slug":"lanterna-multifuncoes-ml2-gen-iii","status":"publish","type":"product","link":"https:\/\/milicia-pro.com\/index.php\/product\/lanterna-multifuncoes-ml2-gen-iii\/","title":{"rendered":"LANTERNA MULTIFUN\u00c7\u00d5ES ML2 GEN III"},"content":{"rendered":"<div style=\"width: 480px;\" class=\"wp-video\"><video class=\"wp-video-shortcode\" id=\"video-42740-1\" width=\"480\" height=\"360\" preload=\"metadata\" controls=\"controls\"><source type=\"video\/mp4\" src=\"https:\/\/milicia-pro.com\/wp-content\/uploads\/2025\/05\/Linterna-UV-ELYTER-ML2-Gen-III-caracteristicas-y-beneficios.mp4?_=1\" \/><a href=\"https:\/\/milicia-pro.com\/wp-content\/uploads\/2025\/05\/Linterna-UV-ELYTER-ML2-Gen-III-caracteristicas-y-beneficios.mp4\">https:\/\/milicia-pro.com\/wp-content\/uploads\/2025\/05\/Linterna-UV-ELYTER-ML2-Gen-III-caracteristicas-y-beneficios.mp4<\/a><\/video><\/div>\n<p>A lanterna UV ELYTER ML2 Gen III foi projetada para uso de profissionais para detetar marcas de seguran\u00e7a da Uni\u00e3o Europeia. \u00c9 uma lanterna t\u00e1tica pensada para que atrav\u00e9s de um sistema de luzes ultravioleta, o profissional de seguran\u00e7a possa determinar se o documento da Uni\u00e3o Europeia ou de pa\u00edses da \u00e1rea Schengen \u00e9 legal ou n\u00e3o, podendo detetar as marcas de seguran\u00e7a desse tipo de documenta\u00e7\u00e3o de forma simples.<\/p>\n<p>Uma lanterna que permite um uso de m\u00e3os livres gra\u00e7as \u00e0 sua pin\u00e7a de alta seguran\u00e7a que permite colocar no uniforme ou em qualquer sistema MOLLE, para que o agente possa revistar ou cadastrar a pessoa detida enquanto analisa a documenta\u00e7\u00e3o.<\/p>\n<p>&nbsp;<\/p>\n<p>&nbsp;<\/p>\n<p>Caracter\u00edsticas t\u00e1ticas:<\/p>\n<ul>\n<li>Uso m\u00e3os livres: iluminador, sinalizador pessoal e detetor UV<\/li>\n<li>Pin\u00e7a de coloca\u00e7\u00e3o: em uniforme, colete ou sistema MOLLE<\/li>\n<li>Sinaliza\u00e7\u00e3o pessoal: modo baixo e modo alto<\/li>\n<li>Ilumina\u00e7\u00e3o flash: modo baixo e modo alto<\/li>\n<li>Sistema de carga magn\u00e9tica<\/li>\n<li>Corpo girat\u00f3rio de 360\u00b0<\/li>\n<li>Bateria de l\u00edtio: de 750 mAh<\/li>\n<li>Autonomia: 3 horas no modo alto e 12 horas no modo baixo<\/li>\n<li>Modo de emerg\u00eancia para sinaliza\u00e7\u00e3o<\/li>\n<li>Acess\u00f3rio difusor de luz de sinaliza\u00e7\u00e3o em v\u00e1rias cores<\/li>\n<li>\u00c2ngulo de ilumina\u00e7\u00e3o ajust\u00e1vel<\/li>\n<li>\u00cdman para colocar em superf\u00edcies met\u00e1licas<\/li>\n<li>Peso: 59 gramas<\/li>\n<li>Materiais: pol\u00edmero e alum\u00ednio aeron\u00e1utico<\/li>\n<li>Resistente a poeira e \u00e1gua: IPX 4<\/li>\n<li>Capa de cordura<\/li>\n<li>Dispositivo anti queda<\/li>\n<li>Inclui: bateria, acess\u00f3rio sinalizador\/ marcador difusor azul, 1 cabo USB\/microUSB para recarga<\/li>\n<li>Manual de instru\u00e7\u00f5es<\/li>\n<li>Garantia de 24 meses: a garantia cobre defeitos de fabrica\u00e7\u00e3o do produto. N\u00e3o cobre o uso indevido do produto, acidentes, quedas, sobrecargas, nem os custos de transporte decorrentes.<\/li>\n<\/ul>\n<p>&nbsp;<\/p>\n<p>Funcionamento:<\/p>\n<ol>\n<li>Ligado: pressionar o bot\u00e3o brevemente<\/li>\n<li>Mudan\u00e7a de modos: pressionar o bot\u00e3o brevemente seguindo um ciclo: baixo, alto, detetor UV, baixo sinaliza\u00e7\u00e3o, alto sinaliza\u00e7\u00e3o<\/li>\n<li>Modo de emerg\u00eancia: ativa a partir de qualquer modo (incluindo desligado) com duas press\u00f5es r\u00e1pidas no bot\u00e3o<\/li>\n<li>Acesso direto ao detetor UV: ativa com a lanterna desligada, pressionando e mantendo pressionado o bot\u00e3o por 0,5 segundos<\/li>\n<li>Fun\u00e7\u00e3o de bloqueio: serve para evitar liga\u00e7\u00f5es acidentais e para localizar o dispositivo. Ativa com dispositivo desligado, pressionando e mantendo pressionado o bot\u00e3o por 1,5 segundos. Desativa mantendo 1,5 segundo o mesmo bot\u00e3o.<\/li>\n<\/ol>\n<p>&nbsp;<\/p>\n<p>Tipo de documenta\u00e7\u00e3o que permite detetar:<\/p>\n<ol>\n<li>Cart\u00e3o de cidad\u00e3o<\/li>\n<li>Permiss\u00f5es de circula\u00e7\u00e3o<\/li>\n<li>Passaportes<\/li>\n<li>Vistos<\/li>\n<li>Notas de euros e outras moedas<\/li>\n<li>T\u00edtulos profissionais, t\u00edtulos de propriedade<\/li>\n<li>Bilhetes para atividades desportivas e recreativas<\/li>\n<li>Todo o tipo de certificados e etiquetas emitidos pela Casa da Moeda (por exemplo, etiquetas de denomina\u00e7\u00e3o de origem dos dos vinhos)<\/li>\n<\/ol>\n<p>&nbsp;<\/p>\n<ul>\n<li>Cor: Preto<\/li>\n<li>Pot\u00eancia da luz: 230 L\u00famens<\/li>\n<li>Dimens\u00f5es: 8 x 3,7 x 4,1 cm<\/li>\n<li>Tipo\/Fun\u00e7\u00e3o: Luz de clipe, Marcador<\/li>\n<li>Marca: Elyter<\/li>\n<li>Tipo de bateria: Elyter 750mAh<\/li>\n<li>Material: Pol\u00edmero \/ Nylon \/ Alum\u00ednio<\/li>\n<li>Bot\u00e3o de opera\u00e7\u00e3o: Bot\u00e3o pressionado<\/li>\n<li>Ilumina\u00e7\u00e3o: LED<\/li>\n<li>Caracter\u00edsticas especiais: Recarreg\u00e1vel\/ Fun\u00e7\u00e3o Morse\/ Compat\u00edvel com sistema MOLLE\/ \u00e0 prova de \u00e1gua<\/li>\n<\/ul>\n","protected":false},"excerpt":{"rendered":"<p>A lanterna UV ELYTER ML2 Gen III foi projetada para uso de profissionais para detetar marcas de seguran\u00e7a da Uni\u00e3o Europeia. \u00c9 uma lanterna t\u00e1tica pensada para que atrav\u00e9s de um sistema de luzes ultravioleta, o profissional de seguran\u00e7a possa determinar se o documento da Uni\u00e3o Europeia ou de pa\u00edses da \u00e1rea Schengen \u00e9 legal [&#8230;]\n","protected":false},"featured_media":42742,"comment_status":"open","ping_status":"closed","template":"","meta":{"_monsterinsights_skip_tracking":false,"_monsterinsights_sitenote_active":false,"_monsterinsights_sitenote_note":"","_monsterinsights_sitenote_category":0},"product_brand":[1593],"product_cat":[1437,1064,1090],"product_tag":[193],"class_list":{"0":"post-42740","1":"product","2":"type-product","3":"status-publish","4":"has-post-thumbnail","6":"product_brand-elyter","7":"product_cat-elyter","8":"product_cat-equipamentotatico","9":"product_cat-lanterna","10":"product_tag-lanterna","12":"first","13":"instock","14":"shipping-taxable","15":"purchasable","16":"product-type-variable"},"aioseo_notices":[],"jetpack_sharing_enabled":true,"_links":{"self":[{"href":"https:\/\/milicia-pro.com\/index.php\/wp-json\/wp\/v2\/product\/42740","targetHints":{"allow":["GET"]}}],"collection":[{"href":"https:\/\/milicia-pro.com\/index.php\/wp-json\/wp\/v2\/product"}],"about":[{"href":"https:\/\/milicia-pro.com\/index.php\/wp-json\/wp\/v2\/types\/product"}],"replies":[{"embeddable":true,"href":"https:\/\/milicia-pro.com\/index.php\/wp-json\/wp\/v2\/comments?post=42740"}],"wp:featuredmedia":[{"embeddable":true,"href":"https:\/\/milicia-pro.com\/index.php\/wp-json\/wp\/v2\/media\/42742"}],"wp:attachment":[{"href":"https:\/\/milicia-pro.com\/index.php\/wp-json\/wp\/v2\/media?parent=42740"}],"wp:term":[{"taxonomy":"product_brand","embeddable":true,"href":"https:\/\/milicia-pro.com\/index.php\/wp-json\/wp\/v2\/product_brand?post=42740"},{"taxonomy":"product_cat","embeddable":true,"href":"https:\/\/milicia-pro.com\/index.php\/wp-json\/wp\/v2\/product_cat?post=42740"},{"taxonomy":"product_tag","embeddable":true,"href":"https:\/\/milicia-pro.com\/index.php\/wp-json\/wp\/v2\/product_tag?post=42740"}],"curies":[{"name":"wp","href":"https:\/\/api.w.org\/{rel}","templated":true}]}}