{"id":42631,"date":"2025-05-09T08:19:22","date_gmt":"2025-05-09T08:19:22","guid":{"rendered":"https:\/\/milicia-pro.com\/?post_type=product&#038;p=42631"},"modified":"2026-03-21T11:19:27","modified_gmt":"2026-03-21T11:19:27","slug":"coldre-light-bearing-owb-p-glock-192332-tlr-7a-direita-bca","status":"publish","type":"product","link":"https:\/\/milicia-pro.com\/index.php\/product\/coldre-light-bearing-owb-p-glock-192332-tlr-7a-direita-bca\/","title":{"rendered":"COLDRE LIGHT BEARING OWB P\/GLOCK 19,23,32\/TLR-7A \/DIREITA\/ BCA"},"content":{"rendered":"<p>O coldre de transporte oculto Bravo Concealment Adaptive (BCA) Light OWB \u00e9 fabricado em pol\u00edmero. Projetado para ser a melhor op\u00e7\u00e3o externa para transporte oculto no dia a dia. A Bravo Concealment leva o conforto a um n\u00edvel que voc\u00ea n\u00e3o imaginava ser poss\u00edvel.<\/p>\n<p>O coldre externo (OWB) ajusta-se perfeitamente \u00e0 sua arma. Isso ocorre porque os moldes s\u00e3o feitos internamente com a mais recente tecnologia de design CAD e CNC. S\u00e3o usadas armas reais para projetar seu coldre. \u00c9 feita uma digitaliza\u00e7\u00e3o 3D da arma real e constru\u00eddo um modelo s\u00f3lido a partir da nuvem para o ajuste mais preciso em tr\u00eas mil\u00e9simos de polegada. Essa \u00e9 a espessura de um cabelo humano!<\/p>\n<p>S\u00e3o resistentes e dur\u00e1veis, adicionando um peso m\u00ednimo \u00e0 sua arma. Eles tamb\u00e9m t\u00eam uma leve curvatura para se ajustarem \u00e0 curvatura natural da sua cintura. Isso faz com que a parte da frente do coldre praticamente desapare\u00e7a ao usar as roupas certas. Isso tamb\u00e9m ajuda no conforto durante todo o dia, com quase nenhuma necessidade de um coldre IWB ou coldres h\u00edbridos que s\u00e3o dif\u00edceis de colocar. Os la\u00e7os para cintos ajudam a alcan\u00e7ar um coldre OWB confort\u00e1vel, aproximando a arma do seu corpo, quase se tornando parte de voc\u00ea.<\/p>\n<p>T\u00eam uma entrada muito suave para um &#8216;clique&#8217; r\u00e1pido, pronunciado e aud\u00edvel ao reholster. Ele tamb\u00e9m atua como prote\u00e7\u00e3o para a arma. Estes coldres s\u00e3o feitos especificamente para a sua arma, ela permanece travada e segura, sem movimentos enquanto voc\u00ea a usa. Isso mant\u00e9m o acabamento da sua arma em muito boas condi\u00e7\u00f5es. Tamb\u00e9m reduz muito o desgaste no acabamento da sua pistola! Ao contr\u00e1rio dos coldres de couro que \u00e9 um material muito abrasivo e pode ser agressivo para o acabamento da sua arma.<\/p>\n<p>Pode tamb\u00e9m adicionar um porta-carregador, feitos da mesma forma para total oculta\u00e7\u00e3o. Os acess\u00f3rios de pala tamb\u00e9m podem ser adicionados aos seus porta-carregador para facilitar o uso e a remo\u00e7\u00e3o.<\/p>\n<p>BCA OWB Coldre<\/p>\n<ul>\n<li>Projetado para uso externo na cintura.<\/li>\n<li>Pode ser convertido para IWB trocando as al\u00e7as do cinto.<\/li>\n<li>Reten\u00e7\u00e3o s\u00f3lida e segura da arma.<\/li>\n<li>Inclina\u00e7\u00e3o de 10\u00b0 melhora a oculta\u00e7\u00e3o.<\/li>\n<li>Al\u00e7as de cinto robustas de 1,5\u201d moldadas por inje\u00e7\u00e3o.<\/li>\n<li>Anexe clipes de cinto para uso interno na cintura.<\/li>\n<li>As bordas do coldre s\u00e3o arredondadas para conforto.<\/li>\n<li>Os coldres s\u00e3o curvados para se ajustar aos contornos do corpo.<\/li>\n<li>As al\u00e7as do cinto s\u00e3o ajust\u00e1veis para criar uma inclina\u00e7\u00e3o desejada para maior oculta\u00e7\u00e3o.<\/li>\n<\/ul>\n","protected":false},"excerpt":{"rendered":"<p>O coldre de transporte oculto Bravo Concealment Adaptive (BCA) Light OWB \u00e9 fabricado em pol\u00edmero. Projetado para ser a melhor op\u00e7\u00e3o externa para transporte oculto no dia a dia. A Bravo Concealment leva o conforto a um n\u00edvel que voc\u00ea n\u00e3o imaginava ser poss\u00edvel. O coldre externo (OWB) ajusta-se perfeitamente \u00e0 sua arma. Isso ocorre [&#8230;]\n","protected":false},"featured_media":42894,"comment_status":"open","ping_status":"closed","template":"","meta":{"_monsterinsights_skip_tracking":false,"_monsterinsights_sitenote_active":false,"_monsterinsights_sitenote_note":"","_monsterinsights_sitenote_category":0},"product_brand":[1592],"product_cat":[1030,1085,1064],"product_tag":[607,608,255],"class_list":{"0":"post-42631","1":"product","2":"type-product","3":"status-publish","4":"has-post-thumbnail","6":"product_brand-bravo-concealment","7":"product_cat-bravo-concealment","8":"product_cat-coldre","9":"product_cat-equipamentotatico","10":"product_tag-coldre","11":"product_tag-glock","12":"product_tag-porta-carregador","14":"first","15":"instock","16":"shipping-taxable","17":"purchasable","18":"product-type-variable"},"aioseo_notices":[],"jetpack_sharing_enabled":true,"_links":{"self":[{"href":"https:\/\/milicia-pro.com\/index.php\/wp-json\/wp\/v2\/product\/42631","targetHints":{"allow":["GET"]}}],"collection":[{"href":"https:\/\/milicia-pro.com\/index.php\/wp-json\/wp\/v2\/product"}],"about":[{"href":"https:\/\/milicia-pro.com\/index.php\/wp-json\/wp\/v2\/types\/product"}],"replies":[{"embeddable":true,"href":"https:\/\/milicia-pro.com\/index.php\/wp-json\/wp\/v2\/comments?post=42631"}],"wp:featuredmedia":[{"embeddable":true,"href":"https:\/\/milicia-pro.com\/index.php\/wp-json\/wp\/v2\/media\/42894"}],"wp:attachment":[{"href":"https:\/\/milicia-pro.com\/index.php\/wp-json\/wp\/v2\/media?parent=42631"}],"wp:term":[{"taxonomy":"product_brand","embeddable":true,"href":"https:\/\/milicia-pro.com\/index.php\/wp-json\/wp\/v2\/product_brand?post=42631"},{"taxonomy":"product_cat","embeddable":true,"href":"https:\/\/milicia-pro.com\/index.php\/wp-json\/wp\/v2\/product_cat?post=42631"},{"taxonomy":"product_tag","embeddable":true,"href":"https:\/\/milicia-pro.com\/index.php\/wp-json\/wp\/v2\/product_tag?post=42631"}],"curies":[{"name":"wp","href":"https:\/\/api.w.org\/{rel}","templated":true}]}}