{"id":42587,"date":"2025-04-22T16:56:45","date_gmt":"2025-04-22T16:56:45","guid":{"rendered":"https:\/\/milicia-pro.com\/?post_type=product&#038;p=42587"},"modified":"2025-12-09T18:14:03","modified_gmt":"2025-12-09T18:14:03","slug":"gambiarra-hydracell-cube-combo","status":"publish","type":"product","link":"https:\/\/milicia-pro.com\/index.php\/product\/gambiarra-hydracell-cube-combo\/","title":{"rendered":"GAMBIARRA HYDRACELL CUBE COMBO"},"content":{"rendered":"<p><img loading=\"lazy\" decoding=\"async\" class=\" wp-image-42598 alignleft\" src=\"https:\/\/milicia-pro.com\/wp-content\/uploads\/2025\/04\/DOB.CUBE-LTN-CMB-03-300x300.jpg\" alt=\"\" width=\"375\" height=\"375\" srcset=\"https:\/\/milicia-pro.com\/wp-content\/uploads\/2025\/04\/DOB.CUBE-LTN-CMB-03-300x300.jpg 300w, https:\/\/milicia-pro.com\/wp-content\/uploads\/2025\/04\/DOB.CUBE-LTN-CMB-03-150x150.jpg 150w, https:\/\/milicia-pro.com\/wp-content\/uploads\/2025\/04\/DOB.CUBE-LTN-CMB-03-247x247.jpg 247w, https:\/\/milicia-pro.com\/wp-content\/uploads\/2025\/04\/DOB.CUBE-LTN-CMB-03-510x510.jpg 510w, https:\/\/milicia-pro.com\/wp-content\/uploads\/2025\/04\/DOB.CUBE-LTN-CMB-03-100x100.jpg 100w, https:\/\/milicia-pro.com\/wp-content\/uploads\/2025\/04\/DOB.CUBE-LTN-CMB-03-50x50.jpg 50w, https:\/\/milicia-pro.com\/wp-content\/uploads\/2025\/04\/DOB.CUBE-LTN-CMB-03.jpg 600w\" sizes=\"auto, (max-width: 375px) 100vw, 375px\" \/><\/p>\n<p>A gambiarra HydraCell \u00e9 uma c\u00e9lula de combust\u00edvel de oxig\u00eanio ativada por \u00e1gua que oferece longevidade de vida \u00fatil, tempos de uso estendidos, custos operacionais mais baixos e opera (e \u00e9 descartada) sem emiss\u00f5es t\u00f3xicas.<\/p>\n<p>A Lanterna Cubo Hydracell\u2122 fornece luz interna e externa por meio da fun\u00e7\u00e3o lanterna, da Luz Acess\u00f3ria e de outros produtos de ilumina\u00e7\u00e3o auxiliares.<\/p>\n<p>Pode carregar telefones celulares e dispositivos de energia em locais fora da rede ou em emerg\u00eancias, como quedas de energia.<\/p>\n<p>A Cube Lantern possui uma porta de sa\u00edda USB padr\u00e3o para carregamento e uma porta de sa\u00edda DC de 2,6 mm para alimentar uma variedade de pequenos dispositivos, incluindo a luz acess\u00f3ria.<\/p>\n<p>A c\u00e9lula de combust\u00edvel de oxig\u00eanio gera energia usando duas placas de \u00e2nodo facilmente substitu\u00eddas.<\/p>\n<p>O QUE EST\u00c1 INCLU\u00cdDO:<\/p>\n<ul>\n<li>Conjunto de placas de \u00e2nodo de reposi\u00e7\u00e3o<\/li>\n<li>Luz acess\u00f3ria<\/li>\n<li>Cabo de 4 metros<\/li>\n<\/ul>\n<p>TEMPO DE EXECUS\u00c3O:<\/p>\n<ul>\n<li>Cargas de telefone por conjunto de placas: 6 a 8 (dependendo do tamanho da bateria do telefone)<\/li>\n<li>Luz por conjunto de placas: 50 horas de luz (modo de luz)\/ 100 horas (modo baixo)<\/li>\n<li>Luz por c\u00e9lula c\u00fabica hydracell; 900 horas de luz (modo alto)\/1.800 horas (modo baixo)<\/li>\n<\/ul>\n<p>DIMENS\u00d5ES:<\/p>\n<ul>\n<li>Lanterna: 238 x 95,5 x 94mm, luz acess\u00f3ria 84 x 84 x 36mm<\/li>\n<li>Dimens\u00f5es do pacote: 240 x 140 x 97mm<\/li>\n<li>Lanterna de peso: 580, luz acess\u00f3ria 150<\/li>\n<\/ul>\n","protected":false},"excerpt":{"rendered":"<p>A gambiarra HydraCell \u00e9 uma c\u00e9lula de combust\u00edvel de oxig\u00eanio ativada por \u00e1gua que oferece longevidade de vida \u00fatil, tempos de uso estendidos, custos operacionais mais baixos e opera (e \u00e9 descartada) sem emiss\u00f5es t\u00f3xicas. A Lanterna Cubo Hydracell\u2122 fornece luz interna e externa por meio da fun\u00e7\u00e3o lanterna, da Luz Acess\u00f3ria e de outros [&#8230;]\n","protected":false},"featured_media":42588,"comment_status":"open","ping_status":"closed","template":"","meta":{"_monsterinsights_skip_tracking":false,"_monsterinsights_sitenote_active":false,"_monsterinsights_sitenote_note":"","_monsterinsights_sitenote_category":0},"product_brand":[1595],"product_cat":[1064,1429,1090,829],"product_tag":[1430,193],"class_list":{"0":"post-42587","1":"product","2":"type-product","3":"status-publish","4":"has-post-thumbnail","6":"product_brand-hydracell","7":"product_cat-equipamentotatico","8":"product_cat-hydracell","9":"product_cat-lanterna","10":"product_cat-marcas","11":"product_tag-gambiarra","12":"product_tag-lanterna","14":"first","15":"instock","16":"shipping-taxable","17":"purchasable","18":"product-type-variable"},"aioseo_notices":[],"jetpack_sharing_enabled":true,"_links":{"self":[{"href":"https:\/\/milicia-pro.com\/index.php\/wp-json\/wp\/v2\/product\/42587","targetHints":{"allow":["GET"]}}],"collection":[{"href":"https:\/\/milicia-pro.com\/index.php\/wp-json\/wp\/v2\/product"}],"about":[{"href":"https:\/\/milicia-pro.com\/index.php\/wp-json\/wp\/v2\/types\/product"}],"replies":[{"embeddable":true,"href":"https:\/\/milicia-pro.com\/index.php\/wp-json\/wp\/v2\/comments?post=42587"}],"wp:featuredmedia":[{"embeddable":true,"href":"https:\/\/milicia-pro.com\/index.php\/wp-json\/wp\/v2\/media\/42588"}],"wp:attachment":[{"href":"https:\/\/milicia-pro.com\/index.php\/wp-json\/wp\/v2\/media?parent=42587"}],"wp:term":[{"taxonomy":"product_brand","embeddable":true,"href":"https:\/\/milicia-pro.com\/index.php\/wp-json\/wp\/v2\/product_brand?post=42587"},{"taxonomy":"product_cat","embeddable":true,"href":"https:\/\/milicia-pro.com\/index.php\/wp-json\/wp\/v2\/product_cat?post=42587"},{"taxonomy":"product_tag","embeddable":true,"href":"https:\/\/milicia-pro.com\/index.php\/wp-json\/wp\/v2\/product_tag?post=42587"}],"curies":[{"name":"wp","href":"https:\/\/api.w.org\/{rel}","templated":true}]}}