{"id":42583,"date":"2025-04-22T16:43:57","date_gmt":"2025-04-22T16:43:57","guid":{"rendered":"https:\/\/milicia-pro.com\/?post_type=product&#038;p=42583"},"modified":"2025-12-09T18:14:19","modified_gmt":"2025-12-09T18:14:19","slug":"elementos-de-bateria-hydracell-cube","status":"publish","type":"product","link":"https:\/\/milicia-pro.com\/index.php\/product\/elementos-de-bateria-hydracell-cube\/","title":{"rendered":"ELEMENTOS DE BATERIA HYDRACELL CUBE"},"content":{"rendered":"<p>Estas baterias s\u00e3o compat\u00edveis com a nossa gambiarra Hydracell.<\/p>\n<p>\u00c9 uma bateria biodegrad\u00e1vel e recicl\u00e1vel, pelo que \u00e9 a melhor escolha para um futuro mais limpo e sustent\u00e1vel.<\/p>\n<p>\u00c9 ecol\u00f3gica, ativada com \u00e1gua, tem 100 horas de tempo de execu\u00e7\u00e3o e mais 25 anos de prazo de validade.<\/p>\n<p>Dimens\u00f5es: 8,5cm x 8,5cm de espessura 1cm<\/p>\n<p>Peso individual: 68gr<\/p>\n","protected":false},"excerpt":{"rendered":"<p>Estas baterias s\u00e3o compat\u00edveis com a nossa gambiarra Hydracell. \u00c9 uma bateria biodegrad\u00e1vel e recicl\u00e1vel, pelo que \u00e9 a melhor escolha para um futuro mais limpo e sustent\u00e1vel. \u00c9 ecol\u00f3gica, ativada com \u00e1gua, tem 100 horas de tempo de execu\u00e7\u00e3o e mais 25 anos de prazo de validade. Dimens\u00f5es: 8,5cm x 8,5cm de espessura 1cm [&#8230;]\n","protected":false},"featured_media":42585,"comment_status":"open","ping_status":"closed","template":"","meta":{"_monsterinsights_skip_tracking":false,"_monsterinsights_sitenote_active":false,"_monsterinsights_sitenote_note":"","_monsterinsights_sitenote_category":0},"product_brand":[1595],"product_cat":[1064,1429,1090,829],"product_tag":[72,193],"class_list":{"0":"post-42583","1":"product","2":"type-product","3":"status-publish","4":"has-post-thumbnail","6":"product_brand-hydracell","7":"product_cat-equipamentotatico","8":"product_cat-hydracell","9":"product_cat-lanterna","10":"product_cat-marcas","11":"product_tag-bateria","12":"product_tag-lanterna","14":"first","15":"instock","16":"shipping-taxable","17":"purchasable","18":"product-type-variable"},"aioseo_notices":[],"jetpack_sharing_enabled":true,"_links":{"self":[{"href":"https:\/\/milicia-pro.com\/index.php\/wp-json\/wp\/v2\/product\/42583","targetHints":{"allow":["GET"]}}],"collection":[{"href":"https:\/\/milicia-pro.com\/index.php\/wp-json\/wp\/v2\/product"}],"about":[{"href":"https:\/\/milicia-pro.com\/index.php\/wp-json\/wp\/v2\/types\/product"}],"replies":[{"embeddable":true,"href":"https:\/\/milicia-pro.com\/index.php\/wp-json\/wp\/v2\/comments?post=42583"}],"wp:featuredmedia":[{"embeddable":true,"href":"https:\/\/milicia-pro.com\/index.php\/wp-json\/wp\/v2\/media\/42585"}],"wp:attachment":[{"href":"https:\/\/milicia-pro.com\/index.php\/wp-json\/wp\/v2\/media?parent=42583"}],"wp:term":[{"taxonomy":"product_brand","embeddable":true,"href":"https:\/\/milicia-pro.com\/index.php\/wp-json\/wp\/v2\/product_brand?post=42583"},{"taxonomy":"product_cat","embeddable":true,"href":"https:\/\/milicia-pro.com\/index.php\/wp-json\/wp\/v2\/product_cat?post=42583"},{"taxonomy":"product_tag","embeddable":true,"href":"https:\/\/milicia-pro.com\/index.php\/wp-json\/wp\/v2\/product_tag?post=42583"}],"curies":[{"name":"wp","href":"https:\/\/api.w.org\/{rel}","templated":true}]}}