{"id":42548,"date":"2025-04-22T15:14:08","date_gmt":"2025-04-22T15:14:08","guid":{"rendered":"https:\/\/milicia-pro.com\/?post_type=product&#038;p=42548"},"modified":"2025-12-09T18:15:05","modified_gmt":"2025-12-09T18:15:05","slug":"cacifo-disc-o-bed","status":"publish","type":"product","link":"https:\/\/milicia-pro.com\/index.php\/product\/cacifo-disc-o-bed\/","title":{"rendered":"CACIFO DISC-O-BED"},"content":{"rendered":"<p><img loading=\"lazy\" decoding=\"async\" class=\"alignnone wp-image-42552\" src=\"https:\/\/milicia-pro.com\/wp-content\/uploads\/2025\/04\/DOB.19813-XGR--296x300.png\" alt=\"\" width=\"407\" height=\"413\" srcset=\"https:\/\/milicia-pro.com\/wp-content\/uploads\/2025\/04\/DOB.19813-XGR--296x300.png 296w, https:\/\/milicia-pro.com\/wp-content\/uploads\/2025\/04\/DOB.19813-XGR--100x100.png 100w, https:\/\/milicia-pro.com\/wp-content\/uploads\/2025\/04\/DOB.19813-XGR--50x50.png 50w, https:\/\/milicia-pro.com\/wp-content\/uploads\/2025\/04\/DOB.19813-XGR-.png 465w\" sizes=\"auto, (max-width: 407px) 100vw, 407px\" \/><\/p>\n<p>Este arm\u00e1rio<span style=\"font-size: 14.4px\">, cacifo, ajuda-o a manter a sua tenda a<\/span><span style=\"font-size: 14.4px\">rrumada. Basta fix\u00e1-lo diretamente ao beliche para fornecer espa\u00e7o de armazenamento para roupas ou itens pessoais. As divis\u00f3rias pr\u00e1ticas no interior permitem ajustes individuais e s\u00e3o remov\u00edveis. O arm\u00e1rio tamb\u00e9m pode ser completamente dobrado para transporte e armazenamento. Combina com o Disc-O-Bed L e XL em verde.<\/span><\/p>\n<p>Especifica\u00e7\u00f5es<br \/>\nCor: verde<br \/>\nDimens\u00f5es externas: 26 cm &#8211; 34 cm C c\u00f4nico x 59 cm L x 79 cm A<br \/>\nDimens\u00f5es da embalagem: 59cm C x 35,5cm L x 10cm A<br \/>\nMaterial: tecido de poli\u00e9ster 600D, revestido de PVC<br \/>\nPeso: 4 kg<\/p>\n","protected":false},"excerpt":{"rendered":"<p>Este arm\u00e1rio, cacifo, ajuda-o a manter a sua tenda arrumada. Basta fix\u00e1-lo diretamente ao beliche para fornecer espa\u00e7o de armazenamento para roupas ou itens pessoais. As divis\u00f3rias pr\u00e1ticas no interior permitem ajustes individuais e s\u00e3o remov\u00edveis. O arm\u00e1rio tamb\u00e9m pode ser completamente dobrado para transporte e armazenamento. Combina com o Disc-O-Bed L e XL em [&#8230;]\n","protected":false},"featured_media":42551,"comment_status":"open","ping_status":"closed","template":"","meta":{"_monsterinsights_skip_tracking":false,"_monsterinsights_sitenote_active":false,"_monsterinsights_sitenote_note":"","_monsterinsights_sitenote_category":0},"product_brand":[1594],"product_cat":[1473,1422,829,1068],"product_tag":[1427,1425,1426],"class_list":{"0":"post-42548","1":"product","2":"type-product","3":"status-publish","4":"has-post-thumbnail","6":"product_brand-disco-o-bed","7":"product_cat-acessorios","8":"product_cat-disc-o-bed","9":"product_cat-marcas","10":"product_cat-outdoor","11":"product_tag-armario","12":"product_tag-arrumacao","13":"product_tag-cacifo","15":"first","16":"instock","17":"shipping-taxable","18":"purchasable","19":"product-type-variable"},"aioseo_notices":[],"jetpack_sharing_enabled":true,"_links":{"self":[{"href":"https:\/\/milicia-pro.com\/index.php\/wp-json\/wp\/v2\/product\/42548","targetHints":{"allow":["GET"]}}],"collection":[{"href":"https:\/\/milicia-pro.com\/index.php\/wp-json\/wp\/v2\/product"}],"about":[{"href":"https:\/\/milicia-pro.com\/index.php\/wp-json\/wp\/v2\/types\/product"}],"replies":[{"embeddable":true,"href":"https:\/\/milicia-pro.com\/index.php\/wp-json\/wp\/v2\/comments?post=42548"}],"wp:featuredmedia":[{"embeddable":true,"href":"https:\/\/milicia-pro.com\/index.php\/wp-json\/wp\/v2\/media\/42551"}],"wp:attachment":[{"href":"https:\/\/milicia-pro.com\/index.php\/wp-json\/wp\/v2\/media?parent=42548"}],"wp:term":[{"taxonomy":"product_brand","embeddable":true,"href":"https:\/\/milicia-pro.com\/index.php\/wp-json\/wp\/v2\/product_brand?post=42548"},{"taxonomy":"product_cat","embeddable":true,"href":"https:\/\/milicia-pro.com\/index.php\/wp-json\/wp\/v2\/product_cat?post=42548"},{"taxonomy":"product_tag","embeddable":true,"href":"https:\/\/milicia-pro.com\/index.php\/wp-json\/wp\/v2\/product_tag?post=42548"}],"curies":[{"name":"wp","href":"https:\/\/api.w.org\/{rel}","templated":true}]}}