{"id":42451,"date":"2025-04-15T09:03:17","date_gmt":"2025-04-15T09:03:17","guid":{"rendered":"https:\/\/milicia-pro.com\/?post_type=product&#038;p=42451"},"modified":"2025-11-03T14:53:45","modified_gmt":"2025-11-03T14:53:45","slug":"cantil-militar-usa-1qt","status":"publish","type":"product","link":"https:\/\/milicia-pro.com\/index.php\/product\/cantil-militar-usa-1qt\/","title":{"rendered":"CANTIL MILITAR USA 1QT"},"content":{"rendered":"<p>&#8211; Sem perda da tampa devido ao la\u00e7o de fixa\u00e7\u00e3o \u00e0 garrafa<br \/>\n&#8211; Cantil \u00e9 livre de BPA (bisfenol A)<\/p>\n<ul>\n<li>100% Polietileno de Alta Densidade<\/li>\n<li>Capacidade: 1 QT (0,9464 litros)<\/li>\n<\/ul>\n<p>&nbsp;<\/p>\n","protected":false},"excerpt":{"rendered":"<p>&#8211; Sem perda da tampa devido ao la\u00e7o de fixa\u00e7\u00e3o \u00e0 garrafa &#8211; Cantil \u00e9 livre de BPA (bisfenol A) 100% Polietileno de Alta Densidade Capacidade: 1 QT (0,9464 litros) &nbsp;<\/p>\n","protected":false},"featured_media":42453,"comment_status":"open","ping_status":"closed","template":"","meta":{"_monsterinsights_skip_tracking":false,"_monsterinsights_sitenote_active":false,"_monsterinsights_sitenote_note":"","_monsterinsights_sitenote_category":0},"product_brand":[],"product_cat":[1474,829,1068,855],"product_tag":[1411,306],"class_list":{"0":"post-42451","1":"product","2":"type-product","3":"status-publish","4":"has-post-thumbnail","6":"product_cat-alimentacao-acessorios","7":"product_cat-marcas","8":"product_cat-outdoor","9":"product_cat-sturm-mil-tec","10":"product_tag-cantil","11":"product_tag-sobrevivencia","13":"first","14":"instock","15":"shipping-taxable","16":"purchasable","17":"product-type-variable"},"aioseo_notices":[],"jetpack_sharing_enabled":true,"_links":{"self":[{"href":"https:\/\/milicia-pro.com\/index.php\/wp-json\/wp\/v2\/product\/42451","targetHints":{"allow":["GET"]}}],"collection":[{"href":"https:\/\/milicia-pro.com\/index.php\/wp-json\/wp\/v2\/product"}],"about":[{"href":"https:\/\/milicia-pro.com\/index.php\/wp-json\/wp\/v2\/types\/product"}],"replies":[{"embeddable":true,"href":"https:\/\/milicia-pro.com\/index.php\/wp-json\/wp\/v2\/comments?post=42451"}],"wp:featuredmedia":[{"embeddable":true,"href":"https:\/\/milicia-pro.com\/index.php\/wp-json\/wp\/v2\/media\/42453"}],"wp:attachment":[{"href":"https:\/\/milicia-pro.com\/index.php\/wp-json\/wp\/v2\/media?parent=42451"}],"wp:term":[{"taxonomy":"product_brand","embeddable":true,"href":"https:\/\/milicia-pro.com\/index.php\/wp-json\/wp\/v2\/product_brand?post=42451"},{"taxonomy":"product_cat","embeddable":true,"href":"https:\/\/milicia-pro.com\/index.php\/wp-json\/wp\/v2\/product_cat?post=42451"},{"taxonomy":"product_tag","embeddable":true,"href":"https:\/\/milicia-pro.com\/index.php\/wp-json\/wp\/v2\/product_tag?post=42451"}],"curies":[{"name":"wp","href":"https:\/\/api.w.org\/{rel}","templated":true}]}}