{"id":42413,"date":"2025-04-16T17:03:38","date_gmt":"2025-04-16T17:03:38","guid":{"rendered":"https:\/\/milicia-pro.com\/?post_type=product&#038;p=42413"},"modified":"2025-12-09T18:17:10","modified_gmt":"2025-12-09T18:17:10","slug":"banco-tripe-dobravel","status":"publish","type":"product","link":"https:\/\/milicia-pro.com\/index.php\/product\/banco-tripe-dobravel\/","title":{"rendered":"BANCO TRIP\u00c9 DOBR\u00c1VEL"},"content":{"rendered":"<p>Sente-se confortavelmente neste banco trip\u00e9 de superf\u00edcie lisa, robusto e repelente de sujidade e \u00e1gua<\/p>\n<p>100% poli\u00e9ster (Oxford)<br \/>\nArma\u00e7\u00e3o: A\u00e7o<\/p>\n<p>Dimens\u00f5es: 35 x 35 x 44 cm<br \/>\nTamanho da embalagem: 59 x 7 x 8 cm<br \/>\nPeso: 660 g<br \/>\nCapacidade de carga: m\u00e1x. 100 kg<\/p>\n","protected":false},"excerpt":{"rendered":"<p>Sente-se confortavelmente neste banco trip\u00e9 de superf\u00edcie lisa, robusto e repelente de sujidade e \u00e1gua 100% poli\u00e9ster (Oxford) Arma\u00e7\u00e3o: A\u00e7o Dimens\u00f5es: 35 x 35 x 44 cm Tamanho da embalagem: 59 x 7 x 8 cm Peso: 660 g Capacidade de carga: m\u00e1x. 100 kg<\/p>\n","protected":false},"featured_media":42415,"comment_status":"open","ping_status":"closed","template":"","meta":{"_monsterinsights_skip_tracking":false,"_monsterinsights_sitenote_active":false,"_monsterinsights_sitenote_note":"","_monsterinsights_sitenote_category":0},"product_brand":[1596],"product_cat":[1421,829,1068,855],"product_tag":[1413,778],"class_list":{"0":"post-42413","1":"product","2":"type-product","3":"status-publish","4":"has-post-thumbnail","6":"product_brand-sturm-mil-tec","7":"product_cat-cadeira-banco","8":"product_cat-marcas","9":"product_cat-outdoor","10":"product_cat-sturm-mil-tec","11":"product_tag-banco","12":"product_tag-tripe","14":"first","15":"instock","16":"shipping-taxable","17":"purchasable","18":"product-type-variable"},"aioseo_notices":[],"jetpack_sharing_enabled":true,"_links":{"self":[{"href":"https:\/\/milicia-pro.com\/index.php\/wp-json\/wp\/v2\/product\/42413","targetHints":{"allow":["GET"]}}],"collection":[{"href":"https:\/\/milicia-pro.com\/index.php\/wp-json\/wp\/v2\/product"}],"about":[{"href":"https:\/\/milicia-pro.com\/index.php\/wp-json\/wp\/v2\/types\/product"}],"replies":[{"embeddable":true,"href":"https:\/\/milicia-pro.com\/index.php\/wp-json\/wp\/v2\/comments?post=42413"}],"wp:featuredmedia":[{"embeddable":true,"href":"https:\/\/milicia-pro.com\/index.php\/wp-json\/wp\/v2\/media\/42415"}],"wp:attachment":[{"href":"https:\/\/milicia-pro.com\/index.php\/wp-json\/wp\/v2\/media?parent=42413"}],"wp:term":[{"taxonomy":"product_brand","embeddable":true,"href":"https:\/\/milicia-pro.com\/index.php\/wp-json\/wp\/v2\/product_brand?post=42413"},{"taxonomy":"product_cat","embeddable":true,"href":"https:\/\/milicia-pro.com\/index.php\/wp-json\/wp\/v2\/product_cat?post=42413"},{"taxonomy":"product_tag","embeddable":true,"href":"https:\/\/milicia-pro.com\/index.php\/wp-json\/wp\/v2\/product_tag?post=42413"}],"curies":[{"name":"wp","href":"https:\/\/api.w.org\/{rel}","templated":true}]}}