{"id":42402,"date":"2025-04-16T17:02:11","date_gmt":"2025-04-16T17:02:11","guid":{"rendered":"https:\/\/milicia-pro.com\/?post_type=product&#038;p=42402"},"modified":"2026-04-24T14:17:36","modified_gmt":"2026-04-24T14:17:36","slug":"colchao-termico-waffle-auto-insuflavel","status":"publish","type":"product","link":"https:\/\/milicia-pro.com\/index.php\/product\/colchao-termico-waffle-auto-insuflavel\/","title":{"rendered":"COLCH\u00c3O T\u00c9RMICO WAFFLE AUTO INSUFL\u00c1VEL"},"content":{"rendered":"<p>Tapete t\u00e9rmico autoinsufl\u00e1vel, incluindo saco de transporte<\/p>\n<ul>\n<li>Cobertura: 100% poli\u00e9ster, policloreto de vinilo revestido<\/li>\n<li>Enchimento: espuma 100% poliuretano<\/li>\n<li>V\u00e1lvula de pl\u00e1stico<\/li>\n<li>Dimens\u00f5es: 186 x 53 x 2,5 cm<\/li>\n<li>Massa: 876 g<\/li>\n<\/ul>\n","protected":false},"excerpt":{"rendered":"<p>Tapete t\u00e9rmico autoinsufl\u00e1vel, incluindo saco de transporte Cobertura: 100% poli\u00e9ster, policloreto de vinilo revestido Enchimento: espuma 100% poliuretano V\u00e1lvula de pl\u00e1stico Dimens\u00f5es: 186 x 53 x 2,5 cm Massa: 876 g<\/p>\n","protected":false},"featured_media":42407,"comment_status":"open","ping_status":"closed","template":"","meta":{"_monsterinsights_skip_tracking":false,"_monsterinsights_sitenote_active":false,"_monsterinsights_sitenote_note":"","_monsterinsights_sitenote_category":0},"product_brand":[1596],"product_cat":[1404,829,1068,855],"product_tag":[1375,1374],"class_list":{"0":"post-42402","1":"product","2":"type-product","3":"status-publish","4":"has-post-thumbnail","6":"product_brand-sturm-mil-tec","7":"product_cat-esteira-colchao","8":"product_cat-marcas","9":"product_cat-outdoor","10":"product_cat-sturm-mil-tec","11":"product_tag-colchao","12":"product_tag-esteira","14":"first","15":"instock","16":"shipping-taxable","17":"purchasable","18":"product-type-variable"},"aioseo_notices":[],"jetpack_sharing_enabled":true,"_links":{"self":[{"href":"https:\/\/milicia-pro.com\/index.php\/wp-json\/wp\/v2\/product\/42402","targetHints":{"allow":["GET"]}}],"collection":[{"href":"https:\/\/milicia-pro.com\/index.php\/wp-json\/wp\/v2\/product"}],"about":[{"href":"https:\/\/milicia-pro.com\/index.php\/wp-json\/wp\/v2\/types\/product"}],"replies":[{"embeddable":true,"href":"https:\/\/milicia-pro.com\/index.php\/wp-json\/wp\/v2\/comments?post=42402"}],"wp:featuredmedia":[{"embeddable":true,"href":"https:\/\/milicia-pro.com\/index.php\/wp-json\/wp\/v2\/media\/42407"}],"wp:attachment":[{"href":"https:\/\/milicia-pro.com\/index.php\/wp-json\/wp\/v2\/media?parent=42402"}],"wp:term":[{"taxonomy":"product_brand","embeddable":true,"href":"https:\/\/milicia-pro.com\/index.php\/wp-json\/wp\/v2\/product_brand?post=42402"},{"taxonomy":"product_cat","embeddable":true,"href":"https:\/\/milicia-pro.com\/index.php\/wp-json\/wp\/v2\/product_cat?post=42402"},{"taxonomy":"product_tag","embeddable":true,"href":"https:\/\/milicia-pro.com\/index.php\/wp-json\/wp\/v2\/product_tag?post=42402"}],"curies":[{"name":"wp","href":"https:\/\/api.w.org\/{rel}","templated":true}]}}