{"id":42339,"date":"2025-04-16T14:20:11","date_gmt":"2025-04-16T14:20:11","guid":{"rendered":"https:\/\/milicia-pro.com\/?post_type=product&#038;p=42339"},"modified":"2025-04-16T14:20:11","modified_gmt":"2025-04-16T14:20:11","slug":"algemas-descartaveis","status":"publish","type":"product","link":"https:\/\/milicia-pro.com\/index.php\/product\/algemas-descartaveis\/","title":{"rendered":"ALGEMAS DESCART\u00c1VEIS"},"content":{"rendered":"<p>Use com seguran\u00e7a estas algemas em pl\u00e1stico da Sturm<\/p>\n<p>100% Nylon<br \/>\nComprimento: 34 cm por lado<br \/>\nLargura: 1 cm<\/p>\n","protected":false},"excerpt":{"rendered":"<p>Use com seguran\u00e7a estas algemas em pl\u00e1stico da Sturm 100% Nylon Comprimento: 34 cm por lado Largura: 1 cm<\/p>\n","protected":false},"featured_media":42341,"comment_status":"open","ping_status":"closed","template":"","meta":{"_monsterinsights_skip_tracking":false,"_monsterinsights_sitenote_active":false,"_monsterinsights_sitenote_note":"","_monsterinsights_sitenote_category":0},"product_brand":[],"product_cat":[1135,1064,829,855],"product_tag":[501,1050,1399],"class_list":{"0":"post-42339","1":"product","2":"type-product","3":"status-publish","4":"has-post-thumbnail","6":"product_cat-algemas","7":"product_cat-equipamentotatico","8":"product_cat-marcas","9":"product_cat-sturm-mil-tec","10":"product_tag-algemas","11":"product_tag-descartaveis","12":"product_tag-plastico","14":"first","15":"instock","16":"shipping-taxable","17":"purchasable","18":"product-type-variable"},"aioseo_notices":[],"jetpack_sharing_enabled":true,"_links":{"self":[{"href":"https:\/\/milicia-pro.com\/index.php\/wp-json\/wp\/v2\/product\/42339","targetHints":{"allow":["GET"]}}],"collection":[{"href":"https:\/\/milicia-pro.com\/index.php\/wp-json\/wp\/v2\/product"}],"about":[{"href":"https:\/\/milicia-pro.com\/index.php\/wp-json\/wp\/v2\/types\/product"}],"replies":[{"embeddable":true,"href":"https:\/\/milicia-pro.com\/index.php\/wp-json\/wp\/v2\/comments?post=42339"}],"wp:featuredmedia":[{"embeddable":true,"href":"https:\/\/milicia-pro.com\/index.php\/wp-json\/wp\/v2\/media\/42341"}],"wp:attachment":[{"href":"https:\/\/milicia-pro.com\/index.php\/wp-json\/wp\/v2\/media?parent=42339"}],"wp:term":[{"taxonomy":"product_brand","embeddable":true,"href":"https:\/\/milicia-pro.com\/index.php\/wp-json\/wp\/v2\/product_brand?post=42339"},{"taxonomy":"product_cat","embeddable":true,"href":"https:\/\/milicia-pro.com\/index.php\/wp-json\/wp\/v2\/product_cat?post=42339"},{"taxonomy":"product_tag","embeddable":true,"href":"https:\/\/milicia-pro.com\/index.php\/wp-json\/wp\/v2\/product_tag?post=42339"}],"curies":[{"name":"wp","href":"https:\/\/api.w.org\/{rel}","templated":true}]}}