{"id":42307,"date":"2025-04-16T14:04:51","date_gmt":"2025-04-16T14:04:51","guid":{"rendered":"https:\/\/milicia-pro.com\/?post_type=product&#038;p=42307"},"modified":"2026-01-23T17:23:27","modified_gmt":"2026-01-23T17:23:27","slug":"cyalume-de-15x15-cm-8-12-horas","status":"publish","type":"product","link":"https:\/\/milicia-pro.com\/index.php\/product\/cyalume-de-15x15-cm-8-12-horas\/","title":{"rendered":"CYALUME DE 1,5X15 CM 8 -12 HORAS"},"content":{"rendered":"<p>Estes bast\u00f5es luminosos s\u00e3o uma fonte de luz que funciona sem energia el\u00e9trica. A luminosidade \u00e9 ativada dobrando o bast\u00e3o (da\u00ed o nome bast\u00e3o luminoso) Os usos poss\u00edveis dos bast\u00f5es de luz s\u00e3o quase ilimitados. Eles at\u00e9 trabalham debaixo d&#8217;\u00e1gua.<\/p>\n<p>Dimens\u00f5es: 15 x 150 mm<br \/>\nTempo de queima: aprox. 8 &#8211; 12 horas<\/p>\n","protected":false},"excerpt":{"rendered":"<p>Estes bast\u00f5es luminosos s\u00e3o uma fonte de luz que funciona sem energia el\u00e9trica. A luminosidade \u00e9 ativada dobrando o bast\u00e3o (da\u00ed o nome bast\u00e3o luminoso) Os usos poss\u00edveis dos bast\u00f5es de luz s\u00e3o quase ilimitados. Eles at\u00e9 trabalham debaixo d&#8217;\u00e1gua. Dimens\u00f5es: 15 x 150 mm Tempo de queima: aprox. 8 &#8211; 12 horas<\/p>\n","protected":false},"featured_media":42328,"comment_status":"open","ping_status":"closed","template":"","meta":{"_monsterinsights_skip_tracking":false,"_monsterinsights_sitenote_active":false,"_monsterinsights_sitenote_note":"","_monsterinsights_sitenote_category":0},"product_brand":[],"product_cat":[1179,1068,855],"product_tag":[1182,1395],"class_list":{"0":"post-42307","1":"product","2":"type-product","3":"status-publish","4":"has-post-thumbnail","6":"product_cat-cyalume","7":"product_cat-outdoor","8":"product_cat-sturm-mil-tec","9":"product_tag-bastao-de-luz","10":"product_tag-cyalume","12":"first","13":"instock","14":"shipping-taxable","15":"purchasable","16":"product-type-variable"},"aioseo_notices":[],"jetpack_sharing_enabled":true,"_links":{"self":[{"href":"https:\/\/milicia-pro.com\/index.php\/wp-json\/wp\/v2\/product\/42307","targetHints":{"allow":["GET"]}}],"collection":[{"href":"https:\/\/milicia-pro.com\/index.php\/wp-json\/wp\/v2\/product"}],"about":[{"href":"https:\/\/milicia-pro.com\/index.php\/wp-json\/wp\/v2\/types\/product"}],"replies":[{"embeddable":true,"href":"https:\/\/milicia-pro.com\/index.php\/wp-json\/wp\/v2\/comments?post=42307"}],"wp:featuredmedia":[{"embeddable":true,"href":"https:\/\/milicia-pro.com\/index.php\/wp-json\/wp\/v2\/media\/42328"}],"wp:attachment":[{"href":"https:\/\/milicia-pro.com\/index.php\/wp-json\/wp\/v2\/media?parent=42307"}],"wp:term":[{"taxonomy":"product_brand","embeddable":true,"href":"https:\/\/milicia-pro.com\/index.php\/wp-json\/wp\/v2\/product_brand?post=42307"},{"taxonomy":"product_cat","embeddable":true,"href":"https:\/\/milicia-pro.com\/index.php\/wp-json\/wp\/v2\/product_cat?post=42307"},{"taxonomy":"product_tag","embeddable":true,"href":"https:\/\/milicia-pro.com\/index.php\/wp-json\/wp\/v2\/product_tag?post=42307"}],"curies":[{"name":"wp","href":"https:\/\/api.w.org\/{rel}","templated":true}]}}