{"id":42282,"date":"2025-04-07T17:51:39","date_gmt":"2025-04-07T17:51:39","guid":{"rendered":"https:\/\/milicia-pro.com\/?post_type=product&#038;p=42282"},"modified":"2025-06-05T16:50:59","modified_gmt":"2025-06-05T16:50:59","slug":"caneca-dobravel-green-200ml-ou-600ml","status":"publish","type":"product","link":"https:\/\/milicia-pro.com\/index.php\/product\/caneca-dobravel-green-200ml-ou-600ml\/","title":{"rendered":"CANECA DOBR\u00c1VEL \u201dGREEN\u201d 200ML OU 600ML"},"content":{"rendered":"<p>Wildo\u00ae Fold-A-Cup\u00ae<br \/>\nInteligente, chique e de alta qualidade.<br \/>\nProduto feito de pl\u00e1stico de alta qualidade e livre de BPA, fabricado de forma ecologicamente correta.<br \/>\nFabricado na Su\u00e9cia<\/p>\n<p>A caneca original e talvez a mais vendida do mundo \u00e9 praticamente dobr\u00e1vel<br \/>\npara ocupar o m\u00ednimo de espa\u00e7o poss\u00edvel.<\/p>\n<p>Dimens\u00f5es: 9,4 x 7,2 x 2,9 cm<br \/>\nCapacidade: 200 ml<br \/>\nPeso: 25 g<\/p>\n<p>Dimens\u00f5es: 11,9 x 10,5 x 3,9 cm<br \/>\nCapacidade: 600 ml<br \/>\nPeso: 46 g<\/p>\n","protected":false},"excerpt":{"rendered":"<p>Wildo\u00ae Fold-A-Cup\u00ae Inteligente, chique e de alta qualidade. Produto feito de pl\u00e1stico de alta qualidade e livre de BPA, fabricado de forma ecologicamente correta. Fabricado na Su\u00e9cia A caneca original e talvez a mais vendida do mundo \u00e9 praticamente dobr\u00e1vel para ocupar o m\u00ednimo de espa\u00e7o poss\u00edvel. Dimens\u00f5es: 9,4 x 7,2 x 2,9 cm Capacidade: [&#8230;]\n","protected":false},"featured_media":42305,"comment_status":"open","ping_status":"closed","template":"","meta":{"_monsterinsights_skip_tracking":false,"_monsterinsights_sitenote_active":false,"_monsterinsights_sitenote_note":"","_monsterinsights_sitenote_category":0},"product_brand":[],"product_cat":[1474,829,1068,855],"product_tag":[1391,1392],"class_list":{"0":"post-42282","1":"product","2":"type-product","3":"status-publish","4":"has-post-thumbnail","6":"product_cat-alimentacao-acessorios","7":"product_cat-marcas","8":"product_cat-outdoor","9":"product_cat-sturm-mil-tec","10":"product_tag-caneca","11":"product_tag-dobravel","13":"first","14":"instock","15":"shipping-taxable","16":"purchasable","17":"product-type-variable"},"aioseo_notices":[],"jetpack_sharing_enabled":true,"_links":{"self":[{"href":"https:\/\/milicia-pro.com\/index.php\/wp-json\/wp\/v2\/product\/42282","targetHints":{"allow":["GET"]}}],"collection":[{"href":"https:\/\/milicia-pro.com\/index.php\/wp-json\/wp\/v2\/product"}],"about":[{"href":"https:\/\/milicia-pro.com\/index.php\/wp-json\/wp\/v2\/types\/product"}],"replies":[{"embeddable":true,"href":"https:\/\/milicia-pro.com\/index.php\/wp-json\/wp\/v2\/comments?post=42282"}],"wp:featuredmedia":[{"embeddable":true,"href":"https:\/\/milicia-pro.com\/index.php\/wp-json\/wp\/v2\/media\/42305"}],"wp:attachment":[{"href":"https:\/\/milicia-pro.com\/index.php\/wp-json\/wp\/v2\/media?parent=42282"}],"wp:term":[{"taxonomy":"product_brand","embeddable":true,"href":"https:\/\/milicia-pro.com\/index.php\/wp-json\/wp\/v2\/product_brand?post=42282"},{"taxonomy":"product_cat","embeddable":true,"href":"https:\/\/milicia-pro.com\/index.php\/wp-json\/wp\/v2\/product_cat?post=42282"},{"taxonomy":"product_tag","embeddable":true,"href":"https:\/\/milicia-pro.com\/index.php\/wp-json\/wp\/v2\/product_tag?post=42282"}],"curies":[{"name":"wp","href":"https:\/\/api.w.org\/{rel}","templated":true}]}}