{"id":42267,"date":"2025-04-03T16:15:15","date_gmt":"2025-04-03T16:15:15","guid":{"rendered":"https:\/\/milicia-pro.com\/?post_type=product&#038;p=42267"},"modified":"2025-12-23T14:59:18","modified_gmt":"2025-12-23T14:59:18","slug":"apito-de-policia","status":"publish","type":"product","link":"https:\/\/milicia-pro.com\/index.php\/product\/apito-de-policia\/","title":{"rendered":"APITO DE POL\u00cdCIA"},"content":{"rendered":"<p>Apito de sinaliza\u00e7\u00e3o em lat\u00e3o, niquelado<br \/>\nDimens\u00f5es: 45 x 20 mm<br \/>\nPeso: aprox. 30 g<\/p>\n","protected":false},"excerpt":{"rendered":"<p>Apito de sinaliza\u00e7\u00e3o em lat\u00e3o, niquelado Dimens\u00f5es: 45 x 20 mm Peso: aprox. 30 g<\/p>\n","protected":false},"featured_media":42269,"comment_status":"open","ping_status":"closed","template":"","meta":{"_monsterinsights_skip_tracking":false,"_monsterinsights_sitenote_active":false,"_monsterinsights_sitenote_note":"","_monsterinsights_sitenote_category":0},"product_brand":[],"product_cat":[1183,829,1068,855],"product_tag":[1184,1246,1385],"class_list":{"0":"post-42267","1":"product","2":"type-product","3":"status-publish","4":"has-post-thumbnail","6":"product_cat-apito","7":"product_cat-marcas","8":"product_cat-outdoor","9":"product_cat-sturm-mil-tec","10":"product_tag-apito","11":"product_tag-sinalizador","12":"product_tag-som","14":"first","15":"instock","16":"shipping-taxable","17":"purchasable","18":"product-type-variable"},"aioseo_notices":[],"jetpack_sharing_enabled":true,"_links":{"self":[{"href":"https:\/\/milicia-pro.com\/index.php\/wp-json\/wp\/v2\/product\/42267","targetHints":{"allow":["GET"]}}],"collection":[{"href":"https:\/\/milicia-pro.com\/index.php\/wp-json\/wp\/v2\/product"}],"about":[{"href":"https:\/\/milicia-pro.com\/index.php\/wp-json\/wp\/v2\/types\/product"}],"replies":[{"embeddable":true,"href":"https:\/\/milicia-pro.com\/index.php\/wp-json\/wp\/v2\/comments?post=42267"}],"wp:featuredmedia":[{"embeddable":true,"href":"https:\/\/milicia-pro.com\/index.php\/wp-json\/wp\/v2\/media\/42269"}],"wp:attachment":[{"href":"https:\/\/milicia-pro.com\/index.php\/wp-json\/wp\/v2\/media?parent=42267"}],"wp:term":[{"taxonomy":"product_brand","embeddable":true,"href":"https:\/\/milicia-pro.com\/index.php\/wp-json\/wp\/v2\/product_brand?post=42267"},{"taxonomy":"product_cat","embeddable":true,"href":"https:\/\/milicia-pro.com\/index.php\/wp-json\/wp\/v2\/product_cat?post=42267"},{"taxonomy":"product_tag","embeddable":true,"href":"https:\/\/milicia-pro.com\/index.php\/wp-json\/wp\/v2\/product_tag?post=42267"}],"curies":[{"name":"wp","href":"https:\/\/api.w.org\/{rel}","templated":true}]}}