{"id":42264,"date":"2025-04-03T16:00:56","date_gmt":"2025-04-03T16:00:56","guid":{"rendered":"https:\/\/milicia-pro.com\/?post_type=product&#038;p=42264"},"modified":"2025-12-09T15:10:20","modified_gmt":"2025-12-09T15:10:20","slug":"apito-de-sinal-em-plastico-us-kst-m-kordel","status":"publish","type":"product","link":"https:\/\/milicia-pro.com\/index.php\/product\/apito-de-sinal-em-plastico-us-kst-m-kordel\/","title":{"rendered":"APITO DE SINAL EM PL\u00c1STICO &#8216;US&#8217; KST. M.KORDEL"},"content":{"rendered":"<p>Apito: 100% pl\u00e1stico ABS<br \/>\nCord\u00e3o: 100% nylon<br \/>\nDimens\u00f5es: 6 x 2 cm<br \/>\nPeso: 8 g<\/p>\n<p>&#8211; Inclui cabo<\/p>\n","protected":false},"excerpt":{"rendered":"<p>Apito: 100% pl\u00e1stico ABS Cord\u00e3o: 100% nylon Dimens\u00f5es: 6 x 2 cm Peso: 8 g &#8211; Inclui cabo<\/p>\n","protected":false},"featured_media":42266,"comment_status":"open","ping_status":"closed","template":"","meta":{"_monsterinsights_skip_tracking":false,"_monsterinsights_sitenote_active":false,"_monsterinsights_sitenote_note":"","_monsterinsights_sitenote_category":0},"product_brand":[],"product_cat":[1183,829,1068,855],"product_tag":[1184,1385],"class_list":{"0":"post-42264","1":"product","2":"type-product","3":"status-publish","4":"has-post-thumbnail","6":"product_cat-apito","7":"product_cat-marcas","8":"product_cat-outdoor","9":"product_cat-sturm-mil-tec","10":"product_tag-apito","11":"product_tag-som","13":"first","14":"instock","15":"shipping-taxable","16":"purchasable","17":"product-type-variable"},"aioseo_notices":[],"jetpack_sharing_enabled":true,"_links":{"self":[{"href":"https:\/\/milicia-pro.com\/index.php\/wp-json\/wp\/v2\/product\/42264","targetHints":{"allow":["GET"]}}],"collection":[{"href":"https:\/\/milicia-pro.com\/index.php\/wp-json\/wp\/v2\/product"}],"about":[{"href":"https:\/\/milicia-pro.com\/index.php\/wp-json\/wp\/v2\/types\/product"}],"replies":[{"embeddable":true,"href":"https:\/\/milicia-pro.com\/index.php\/wp-json\/wp\/v2\/comments?post=42264"}],"wp:featuredmedia":[{"embeddable":true,"href":"https:\/\/milicia-pro.com\/index.php\/wp-json\/wp\/v2\/media\/42266"}],"wp:attachment":[{"href":"https:\/\/milicia-pro.com\/index.php\/wp-json\/wp\/v2\/media?parent=42264"}],"wp:term":[{"taxonomy":"product_brand","embeddable":true,"href":"https:\/\/milicia-pro.com\/index.php\/wp-json\/wp\/v2\/product_brand?post=42264"},{"taxonomy":"product_cat","embeddable":true,"href":"https:\/\/milicia-pro.com\/index.php\/wp-json\/wp\/v2\/product_cat?post=42264"},{"taxonomy":"product_tag","embeddable":true,"href":"https:\/\/milicia-pro.com\/index.php\/wp-json\/wp\/v2\/product_tag?post=42264"}],"curies":[{"name":"wp","href":"https:\/\/api.w.org\/{rel}","templated":true}]}}