{"id":42235,"date":"2025-04-03T14:29:09","date_gmt":"2025-04-03T14:29:09","guid":{"rendered":"https:\/\/milicia-pro.com\/?post_type=product&#038;p=42235"},"modified":"2025-04-14T15:30:07","modified_gmt":"2025-04-14T15:30:07","slug":"protecao-pulseira-de-relogio","status":"publish","type":"product","link":"https:\/\/milicia-pro.com\/index.php\/product\/protecao-pulseira-de-relogio\/","title":{"rendered":"PROTE\u00c7\u00c3O PULSEIRA DE REL\u00d3GIO"},"content":{"rendered":"<p>Em servi\u00e7o operacional proteja o seu rel\u00f3gio com esta Pulseira de Rel\u00f3gio Comando.<\/p>\n<ul>\n<li>100% polipropileno<\/li>\n<li>Presilha de fixa\u00e7\u00e3o: 100% nylon<\/li>\n<li>Dimens\u00f5es: 24,5 x 4,5 cm<\/li>\n<\/ul>\n","protected":false},"excerpt":{"rendered":"<p>Em servi\u00e7o operacional proteja o seu rel\u00f3gio com esta Pulseira de Rel\u00f3gio Comando. 100% polipropileno Presilha de fixa\u00e7\u00e3o: 100% nylon Dimens\u00f5es: 24,5 x 4,5 cm<\/p>\n","protected":false},"featured_media":42239,"comment_status":"open","ping_status":"closed","template":"","meta":{"_monsterinsights_skip_tracking":false,"_monsterinsights_sitenote_active":false,"_monsterinsights_sitenote_note":"","_monsterinsights_sitenote_category":0},"product_brand":[],"product_cat":[829,1114,1382,855],"product_tag":[513,1383,914],"class_list":{"0":"post-42235","1":"product","2":"type-product","3":"status-publish","4":"has-post-thumbnail","6":"product_cat-marcas","7":"product_cat-outros-acessorios","8":"product_cat-protecao-relogio","9":"product_cat-sturm-mil-tec","10":"product_tag-protecao","11":"product_tag-pulseira","12":"product_tag-relogio","14":"first","15":"instock","16":"shipping-taxable","17":"purchasable","18":"product-type-variable"},"aioseo_notices":[],"jetpack_sharing_enabled":true,"_links":{"self":[{"href":"https:\/\/milicia-pro.com\/index.php\/wp-json\/wp\/v2\/product\/42235","targetHints":{"allow":["GET"]}}],"collection":[{"href":"https:\/\/milicia-pro.com\/index.php\/wp-json\/wp\/v2\/product"}],"about":[{"href":"https:\/\/milicia-pro.com\/index.php\/wp-json\/wp\/v2\/types\/product"}],"replies":[{"embeddable":true,"href":"https:\/\/milicia-pro.com\/index.php\/wp-json\/wp\/v2\/comments?post=42235"}],"wp:featuredmedia":[{"embeddable":true,"href":"https:\/\/milicia-pro.com\/index.php\/wp-json\/wp\/v2\/media\/42239"}],"wp:attachment":[{"href":"https:\/\/milicia-pro.com\/index.php\/wp-json\/wp\/v2\/media?parent=42235"}],"wp:term":[{"taxonomy":"product_brand","embeddable":true,"href":"https:\/\/milicia-pro.com\/index.php\/wp-json\/wp\/v2\/product_brand?post=42235"},{"taxonomy":"product_cat","embeddable":true,"href":"https:\/\/milicia-pro.com\/index.php\/wp-json\/wp\/v2\/product_cat?post=42235"},{"taxonomy":"product_tag","embeddable":true,"href":"https:\/\/milicia-pro.com\/index.php\/wp-json\/wp\/v2\/product_tag?post=42235"}],"curies":[{"name":"wp","href":"https:\/\/api.w.org\/{rel}","templated":true}]}}