{"id":42204,"date":"2025-04-03T13:19:46","date_gmt":"2025-04-03T13:19:46","guid":{"rendered":"https:\/\/milicia-pro.com\/?post_type=product&#038;p=42204"},"modified":"2025-04-03T13:19:46","modified_gmt":"2025-04-03T13:19:46","slug":"porta-fosforos","status":"publish","type":"product","link":"https:\/\/milicia-pro.com\/index.php\/product\/porta-fosforos\/","title":{"rendered":"PORTA F\u00d3SFOROS"},"content":{"rendered":"<p>100% Polipropileno<br \/>\nDimens\u00f5es: aprox. 7,5 x 2,5 cm<\/p>\n<p>&#8211; Com um pequeno s\u00edlex na parte inferior<br \/>\n&#8211; Imperme\u00e1vel<\/p>\n","protected":false},"excerpt":{"rendered":"<p>100% Polipropileno Dimens\u00f5es: aprox. 7,5 x 2,5 cm &#8211; Com um pequeno s\u00edlex na parte inferior &#8211; Imperme\u00e1vel<\/p>\n","protected":false},"featured_media":42206,"comment_status":"open","ping_status":"closed","template":"","meta":{"_monsterinsights_skip_tracking":false,"_monsterinsights_sitenote_active":false,"_monsterinsights_sitenote_note":"","_monsterinsights_sitenote_category":0},"product_brand":[],"product_cat":[829,1068,1074,855],"product_tag":[516,1379],"class_list":{"0":"post-42204","1":"product","2":"type-product","3":"status-publish","4":"has-post-thumbnail","6":"product_cat-marcas","7":"product_cat-outdoor","8":"product_cat-sobrevivencia","9":"product_cat-sturm-mil-tec","10":"product_tag-caixa","11":"product_tag-porta-fosforos","13":"first","14":"instock","15":"shipping-taxable","16":"purchasable","17":"product-type-variable"},"aioseo_notices":[],"jetpack_sharing_enabled":true,"_links":{"self":[{"href":"https:\/\/milicia-pro.com\/index.php\/wp-json\/wp\/v2\/product\/42204","targetHints":{"allow":["GET"]}}],"collection":[{"href":"https:\/\/milicia-pro.com\/index.php\/wp-json\/wp\/v2\/product"}],"about":[{"href":"https:\/\/milicia-pro.com\/index.php\/wp-json\/wp\/v2\/types\/product"}],"replies":[{"embeddable":true,"href":"https:\/\/milicia-pro.com\/index.php\/wp-json\/wp\/v2\/comments?post=42204"}],"wp:featuredmedia":[{"embeddable":true,"href":"https:\/\/milicia-pro.com\/index.php\/wp-json\/wp\/v2\/media\/42206"}],"wp:attachment":[{"href":"https:\/\/milicia-pro.com\/index.php\/wp-json\/wp\/v2\/media?parent=42204"}],"wp:term":[{"taxonomy":"product_brand","embeddable":true,"href":"https:\/\/milicia-pro.com\/index.php\/wp-json\/wp\/v2\/product_brand?post=42204"},{"taxonomy":"product_cat","embeddable":true,"href":"https:\/\/milicia-pro.com\/index.php\/wp-json\/wp\/v2\/product_cat?post=42204"},{"taxonomy":"product_tag","embeddable":true,"href":"https:\/\/milicia-pro.com\/index.php\/wp-json\/wp\/v2\/product_tag?post=42204"}],"curies":[{"name":"wp","href":"https:\/\/api.w.org\/{rel}","templated":true}]}}