{"id":42177,"date":"2025-04-02T13:26:02","date_gmt":"2025-04-02T13:26:02","guid":{"rendered":"https:\/\/milicia-pro.com\/?post_type=product&#038;p=42177"},"modified":"2025-07-15T15:25:33","modified_gmt":"2025-07-15T15:25:33","slug":"saco-cama-100-poliester-ate-0graus-190x75cm","status":"publish","type":"product","link":"https:\/\/milicia-pro.com\/index.php\/product\/saco-cama-100-poliester-ate-0graus-190x75cm\/","title":{"rendered":"SACO CAMA 100% POLIESTER AT\u00c9 +\/- 0GRAUS \u2013 190X75CM"},"content":{"rendered":"<p>Material externo: 100% poli\u00e9ster<br \/>\nForro: 100% poli\u00e9ster<br \/>\nEnchimento: 100% poli\u00e9ster<br \/>\nSaco de coisas: 100% poli\u00e9ster<\/p>\n<p>Dimens\u00f5es: 190 x 75 x 75 cm<br \/>\nTamanho da embalagem: 37 x 19 cm<br \/>\nPeso: aprox. 1kg<br \/>\nFaixa de conforto: aprox. 15 graus<br \/>\nAlcance extremo: at\u00e9 aprox. 5 graus<\/p>\n<p>&#8211; Capuz integral e colar t\u00e9rmico com cord\u00e3o<br \/>\n&#8211; Z\u00edper de 2 vias com prote\u00e7\u00e3o anti-esmagamento (Velcro)<br \/>\n&#8211; Saco de coisas<br \/>\n&#8211; O saco de dormir tamb\u00e9m pode ser usado como cobertor<\/p>\n","protected":false},"excerpt":{"rendered":"<p>Material externo: 100% poli\u00e9ster Forro: 100% poli\u00e9ster Enchimento: 100% poli\u00e9ster Saco de coisas: 100% poli\u00e9ster Dimens\u00f5es: 190 x 75 x 75 cm Tamanho da embalagem: 37 x 19 cm Peso: aprox. 1kg Faixa de conforto: aprox. 15 graus Alcance extremo: at\u00e9 aprox. 5 graus &#8211; Capuz integral e colar t\u00e9rmico com cord\u00e3o &#8211; Z\u00edper de [&#8230;]\n","protected":false},"featured_media":42179,"comment_status":"open","ping_status":"closed","template":"","meta":{"_monsterinsights_skip_tracking":false,"_monsterinsights_sitenote_active":false,"_monsterinsights_sitenote_note":"","_monsterinsights_sitenote_category":0},"product_brand":[],"product_cat":[829,1068,1228,855],"product_tag":[729],"class_list":{"0":"post-42177","1":"product","2":"type-product","3":"status-publish","4":"has-post-thumbnail","6":"product_cat-marcas","7":"product_cat-outdoor","8":"product_cat-saco-cama","9":"product_cat-sturm-mil-tec","10":"product_tag-saco-cama","12":"first","13":"outofstock","14":"shipping-taxable","15":"purchasable","16":"product-type-variable"},"aioseo_notices":[],"jetpack_sharing_enabled":true,"_links":{"self":[{"href":"https:\/\/milicia-pro.com\/index.php\/wp-json\/wp\/v2\/product\/42177","targetHints":{"allow":["GET"]}}],"collection":[{"href":"https:\/\/milicia-pro.com\/index.php\/wp-json\/wp\/v2\/product"}],"about":[{"href":"https:\/\/milicia-pro.com\/index.php\/wp-json\/wp\/v2\/types\/product"}],"replies":[{"embeddable":true,"href":"https:\/\/milicia-pro.com\/index.php\/wp-json\/wp\/v2\/comments?post=42177"}],"wp:featuredmedia":[{"embeddable":true,"href":"https:\/\/milicia-pro.com\/index.php\/wp-json\/wp\/v2\/media\/42179"}],"wp:attachment":[{"href":"https:\/\/milicia-pro.com\/index.php\/wp-json\/wp\/v2\/media?parent=42177"}],"wp:term":[{"taxonomy":"product_brand","embeddable":true,"href":"https:\/\/milicia-pro.com\/index.php\/wp-json\/wp\/v2\/product_brand?post=42177"},{"taxonomy":"product_cat","embeddable":true,"href":"https:\/\/milicia-pro.com\/index.php\/wp-json\/wp\/v2\/product_cat?post=42177"},{"taxonomy":"product_tag","embeddable":true,"href":"https:\/\/milicia-pro.com\/index.php\/wp-json\/wp\/v2\/product_tag?post=42177"}],"curies":[{"name":"wp","href":"https:\/\/api.w.org\/{rel}","templated":true}]}}