{"id":42166,"date":"2025-04-02T13:21:23","date_gmt":"2025-04-02T13:21:23","guid":{"rendered":"https:\/\/milicia-pro.com\/?post_type=product&#038;p=42166"},"modified":"2025-04-02T13:26:36","modified_gmt":"2025-04-02T13:26:36","slug":"saco-cama-comando-100-poliester-225x80x55","status":"publish","type":"product","link":"https:\/\/milicia-pro.com\/index.php\/product\/saco-cama-comando-100-poliester-225x80x55\/","title":{"rendered":"SACO CAMA COMANDO 100% POLIESTER 225X80X55"},"content":{"rendered":"<p>Material externo: 100% poli\u00e9ster, \u00e0 prova de \u00e1gua, hidr\u00f3fuga<br \/>\nForro: 100% poli\u00e9ster<br \/>\nEnchimento: 100% poli\u00e9ster (150 g\/m\u00b2)<br \/>\nSaco de coisas: 100% poli\u00e9ster<\/p>\n<p>Dimens\u00f5es: 225 x 76 x 55 cm<br \/>\nTamanho da embalagem: 39 x 18 x 18 cm<br \/>\nPeso: 950 g<br \/>\nFaixa de conforto: aprox. 15 graus<br \/>\nAlcance extremo: at\u00e9 aprox. 10 graus<\/p>\n<p>&#8211; Saco de dormir leve com enchimento macio<br \/>\n&#8211; Capuz integral com cord\u00e3o<br \/>\n&#8211; Z\u00edper de 2 vias \u00e0 esquerda<br \/>\n&#8211; Prote\u00e7\u00e3o contra pin\u00e7as de z\u00edper (Velcro)<br \/>\n&#8211; Gola t\u00e9rmica ao longo do z\u00edper<br \/>\n&#8211; Bolsa de transporte<\/p>\n","protected":false},"excerpt":{"rendered":"<p>Material externo: 100% poli\u00e9ster, \u00e0 prova de \u00e1gua, hidr\u00f3fuga Forro: 100% poli\u00e9ster Enchimento: 100% poli\u00e9ster (150 g\/m\u00b2) Saco de coisas: 100% poli\u00e9ster Dimens\u00f5es: 225 x 76 x 55 cm Tamanho da embalagem: 39 x 18 x 18 cm Peso: 950 g Faixa de conforto: aprox. 15 graus Alcance extremo: at\u00e9 aprox. 10 graus &#8211; Saco [&#8230;]\n","protected":false},"featured_media":42169,"comment_status":"open","ping_status":"closed","template":"","meta":{"_monsterinsights_skip_tracking":false,"_monsterinsights_sitenote_active":false,"_monsterinsights_sitenote_note":"","_monsterinsights_sitenote_category":0},"product_brand":[],"product_cat":[829,1068,1228,855],"product_tag":[729],"class_list":{"0":"post-42166","1":"product","2":"type-product","3":"status-publish","4":"has-post-thumbnail","6":"product_cat-marcas","7":"product_cat-outdoor","8":"product_cat-saco-cama","9":"product_cat-sturm-mil-tec","10":"product_tag-saco-cama","12":"first","13":"instock","14":"shipping-taxable","15":"purchasable","16":"product-type-variable"},"aioseo_notices":[],"jetpack_sharing_enabled":true,"_links":{"self":[{"href":"https:\/\/milicia-pro.com\/index.php\/wp-json\/wp\/v2\/product\/42166","targetHints":{"allow":["GET"]}}],"collection":[{"href":"https:\/\/milicia-pro.com\/index.php\/wp-json\/wp\/v2\/product"}],"about":[{"href":"https:\/\/milicia-pro.com\/index.php\/wp-json\/wp\/v2\/types\/product"}],"replies":[{"embeddable":true,"href":"https:\/\/milicia-pro.com\/index.php\/wp-json\/wp\/v2\/comments?post=42166"}],"wp:featuredmedia":[{"embeddable":true,"href":"https:\/\/milicia-pro.com\/index.php\/wp-json\/wp\/v2\/media\/42169"}],"wp:attachment":[{"href":"https:\/\/milicia-pro.com\/index.php\/wp-json\/wp\/v2\/media?parent=42166"}],"wp:term":[{"taxonomy":"product_brand","embeddable":true,"href":"https:\/\/milicia-pro.com\/index.php\/wp-json\/wp\/v2\/product_brand?post=42166"},{"taxonomy":"product_cat","embeddable":true,"href":"https:\/\/milicia-pro.com\/index.php\/wp-json\/wp\/v2\/product_cat?post=42166"},{"taxonomy":"product_tag","embeddable":true,"href":"https:\/\/milicia-pro.com\/index.php\/wp-json\/wp\/v2\/product_tag?post=42166"}],"curies":[{"name":"wp","href":"https:\/\/api.w.org\/{rel}","templated":true}]}}