{"id":42149,"date":"2025-04-02T09:52:33","date_gmt":"2025-04-02T09:52:33","guid":{"rendered":"https:\/\/milicia-pro.com\/?post_type=product&#038;p=42149"},"modified":"2025-06-05T11:09:01","modified_gmt":"2025-06-05T11:09:01","slug":"bolsa-de-cinto-100-nylon-com-23x15x8cm","status":"publish","type":"product","link":"https:\/\/milicia-pro.com\/index.php\/product\/bolsa-de-cinto-100-nylon-com-23x15x8cm\/","title":{"rendered":"BOLSA DE CINTO 100% NYLON COM 23X15X8CM"},"content":{"rendered":"<ul>\n<li>100% poli\u00e9ster<\/li>\n<li>Dimens\u00f5es: 23 x 15 x 8 cm<\/li>\n<li>Peso: 150 g\n<p>&#8211; Grande compartimento principal com z\u00edper e compartimento interno<br \/>\n&#8211; Bolso frontal com fecho de Velcro e pequeno compartimento com z\u00edper<br \/>\n&#8211; Al\u00e7a larga e ajust\u00e1vel em comprimento com fivela de libera\u00e7\u00e3o r\u00e1pida<\/li>\n<\/ul>\n","protected":false},"excerpt":{"rendered":"<p>100% poli\u00e9ster Dimens\u00f5es: 23 x 15 x 8 cm Peso: 150 g &#8211; Grande compartimento principal com z\u00edper e compartimento interno &#8211; Bolso frontal com fecho de Velcro e pequeno compartimento com z\u00edper &#8211; Al\u00e7a larga e ajust\u00e1vel em comprimento com fivela de libera\u00e7\u00e3o r\u00e1pida<\/p>\n","protected":false},"featured_media":42151,"comment_status":"open","ping_status":"closed","template":"","meta":{"_monsterinsights_skip_tracking":false,"_monsterinsights_sitenote_active":false,"_monsterinsights_sitenote_note":"","_monsterinsights_sitenote_category":0},"product_brand":[],"product_cat":[1107,1467],"product_tag":[80,116],"class_list":{"0":"post-42149","1":"product","2":"type-product","3":"status-publish","4":"has-post-thumbnail","6":"product_cat-bolsas","7":"product_cat-mochilas-bolsas","8":"product_tag-bolsa","9":"product_tag-cinto","11":"first","12":"instock","13":"shipping-taxable","14":"purchasable","15":"product-type-variable"},"aioseo_notices":[],"jetpack_sharing_enabled":true,"_links":{"self":[{"href":"https:\/\/milicia-pro.com\/index.php\/wp-json\/wp\/v2\/product\/42149","targetHints":{"allow":["GET"]}}],"collection":[{"href":"https:\/\/milicia-pro.com\/index.php\/wp-json\/wp\/v2\/product"}],"about":[{"href":"https:\/\/milicia-pro.com\/index.php\/wp-json\/wp\/v2\/types\/product"}],"replies":[{"embeddable":true,"href":"https:\/\/milicia-pro.com\/index.php\/wp-json\/wp\/v2\/comments?post=42149"}],"wp:featuredmedia":[{"embeddable":true,"href":"https:\/\/milicia-pro.com\/index.php\/wp-json\/wp\/v2\/media\/42151"}],"wp:attachment":[{"href":"https:\/\/milicia-pro.com\/index.php\/wp-json\/wp\/v2\/media?parent=42149"}],"wp:term":[{"taxonomy":"product_brand","embeddable":true,"href":"https:\/\/milicia-pro.com\/index.php\/wp-json\/wp\/v2\/product_brand?post=42149"},{"taxonomy":"product_cat","embeddable":true,"href":"https:\/\/milicia-pro.com\/index.php\/wp-json\/wp\/v2\/product_cat?post=42149"},{"taxonomy":"product_tag","embeddable":true,"href":"https:\/\/milicia-pro.com\/index.php\/wp-json\/wp\/v2\/product_tag?post=42149"}],"curies":[{"name":"wp","href":"https:\/\/api.w.org\/{rel}","templated":true}]}}