{"id":41967,"date":"2025-03-11T14:55:12","date_gmt":"2025-03-11T14:55:12","guid":{"rendered":"https:\/\/milicia-pro.com\/?post_type=product&#038;p=41967"},"modified":"2025-12-05T16:57:21","modified_gmt":"2025-12-05T16:57:21","slug":"serra-de-bolso-de-fio","status":"publish","type":"product","link":"https:\/\/milicia-pro.com\/index.php\/product\/serra-de-bolso-de-fio\/","title":{"rendered":"SERRA DE BOLSO DE FIO"},"content":{"rendered":"<p>100% a\u00e7o inoxid\u00e1vel<br \/>\nComprimento total: aprox. 52 cm<br \/>\nMassa: aprox. 25 gr<\/p>\n<ul>\n<li>Ferramenta essencial para caminhantes, campistas e ca\u00e7adores<\/li>\n<li>\u00c9 uma serra de arame com an\u00e9is<\/li>\n<li>Excelente para uso em casa<\/li>\n<li>Madeira, pl\u00e1stico, etc. podem ser cortados sem problemas<\/li>\n<\/ul>\n","protected":false},"excerpt":{"rendered":"<p>100% a\u00e7o inoxid\u00e1vel Comprimento total: aprox. 52 cm Massa: aprox. 25 gr Ferramenta essencial para caminhantes, campistas e ca\u00e7adores \u00c9 uma serra de arame com an\u00e9is Excelente para uso em casa Madeira, pl\u00e1stico, etc. podem ser cortados sem problemas<\/p>\n","protected":false},"featured_media":41969,"comment_status":"open","ping_status":"closed","template":"","meta":{"_monsterinsights_skip_tracking":false,"_monsterinsights_sitenote_active":false,"_monsterinsights_sitenote_note":"","_monsterinsights_sitenote_category":0},"product_brand":[],"product_cat":[1065,829,1365,855],"product_tag":[924,925],"class_list":{"0":"post-41967","1":"product","2":"type-product","3":"status-publish","4":"has-post-thumbnail","6":"product_cat-cutelariaferramentas","7":"product_cat-marcas","8":"product_cat-serra","9":"product_cat-sturm-mil-tec","10":"product_tag-fio","11":"product_tag-serra","13":"first","14":"instock","15":"shipping-taxable","16":"purchasable","17":"product-type-variable"},"aioseo_notices":[],"jetpack_sharing_enabled":true,"_links":{"self":[{"href":"https:\/\/milicia-pro.com\/index.php\/wp-json\/wp\/v2\/product\/41967","targetHints":{"allow":["GET"]}}],"collection":[{"href":"https:\/\/milicia-pro.com\/index.php\/wp-json\/wp\/v2\/product"}],"about":[{"href":"https:\/\/milicia-pro.com\/index.php\/wp-json\/wp\/v2\/types\/product"}],"replies":[{"embeddable":true,"href":"https:\/\/milicia-pro.com\/index.php\/wp-json\/wp\/v2\/comments?post=41967"}],"wp:featuredmedia":[{"embeddable":true,"href":"https:\/\/milicia-pro.com\/index.php\/wp-json\/wp\/v2\/media\/41969"}],"wp:attachment":[{"href":"https:\/\/milicia-pro.com\/index.php\/wp-json\/wp\/v2\/media?parent=41967"}],"wp:term":[{"taxonomy":"product_brand","embeddable":true,"href":"https:\/\/milicia-pro.com\/index.php\/wp-json\/wp\/v2\/product_brand?post=41967"},{"taxonomy":"product_cat","embeddable":true,"href":"https:\/\/milicia-pro.com\/index.php\/wp-json\/wp\/v2\/product_cat?post=41967"},{"taxonomy":"product_tag","embeddable":true,"href":"https:\/\/milicia-pro.com\/index.php\/wp-json\/wp\/v2\/product_tag?post=41967"}],"curies":[{"name":"wp","href":"https:\/\/api.w.org\/{rel}","templated":true}]}}