{"id":41954,"date":"2025-03-11T14:31:22","date_gmt":"2025-03-11T14:31:22","guid":{"rendered":"https:\/\/milicia-pro.com\/?post_type=product&#038;p=41954"},"modified":"2026-03-09T17:29:18","modified_gmt":"2026-03-09T17:29:18","slug":"bloco-notas-pequeno-impermeavel","status":"publish","type":"product","link":"https:\/\/milicia-pro.com\/index.php\/product\/bloco-notas-pequeno-impermeavel\/","title":{"rendered":"BLOCO NOTAS PEQUENO IMPERME\u00c1VEL"},"content":{"rendered":"<p>Bloco de notas composto por 48 folhas e com revestimento imperme\u00e1vel.<\/p>\n<p>Adequado para escrever enquanto est\u00e1 de chuva, sem desfocar a escrita.<\/p>\n<p>&nbsp;<\/p>\n<p>Dimens\u00f5es: 75 x 130 mm<\/p>\n","protected":false},"excerpt":{"rendered":"<p>Bloco de notas composto por 48 folhas e com revestimento imperme\u00e1vel. Adequado para escrever enquanto est\u00e1 de chuva, sem desfocar a escrita. &nbsp; Dimens\u00f5es: 75 x 130 mm<\/p>\n","protected":false},"featured_media":41956,"comment_status":"open","ping_status":"closed","template":"","meta":{"_monsterinsights_skip_tracking":false,"_monsterinsights_sitenote_active":false,"_monsterinsights_sitenote_note":"","_monsterinsights_sitenote_category":0},"product_brand":[],"product_cat":[1454,1064,829,855],"product_tag":[77],"class_list":{"0":"post-41954","1":"product","2":"type-product","3":"status-publish","4":"has-post-thumbnail","6":"product_cat-acessorios-equipamentotatico","7":"product_cat-equipamentotatico","8":"product_cat-marcas","9":"product_cat-sturm-mil-tec","10":"product_tag-bloco-notas","12":"first","13":"instock","14":"shipping-taxable","15":"purchasable","16":"product-type-variable"},"aioseo_notices":[],"jetpack_sharing_enabled":true,"_links":{"self":[{"href":"https:\/\/milicia-pro.com\/index.php\/wp-json\/wp\/v2\/product\/41954","targetHints":{"allow":["GET"]}}],"collection":[{"href":"https:\/\/milicia-pro.com\/index.php\/wp-json\/wp\/v2\/product"}],"about":[{"href":"https:\/\/milicia-pro.com\/index.php\/wp-json\/wp\/v2\/types\/product"}],"replies":[{"embeddable":true,"href":"https:\/\/milicia-pro.com\/index.php\/wp-json\/wp\/v2\/comments?post=41954"}],"wp:featuredmedia":[{"embeddable":true,"href":"https:\/\/milicia-pro.com\/index.php\/wp-json\/wp\/v2\/media\/41956"}],"wp:attachment":[{"href":"https:\/\/milicia-pro.com\/index.php\/wp-json\/wp\/v2\/media?parent=41954"}],"wp:term":[{"taxonomy":"product_brand","embeddable":true,"href":"https:\/\/milicia-pro.com\/index.php\/wp-json\/wp\/v2\/product_brand?post=41954"},{"taxonomy":"product_cat","embeddable":true,"href":"https:\/\/milicia-pro.com\/index.php\/wp-json\/wp\/v2\/product_cat?post=41954"},{"taxonomy":"product_tag","embeddable":true,"href":"https:\/\/milicia-pro.com\/index.php\/wp-json\/wp\/v2\/product_tag?post=41954"}],"curies":[{"name":"wp","href":"https:\/\/api.w.org\/{rel}","templated":true}]}}