{"id":41937,"date":"2025-03-10T17:22:14","date_gmt":"2025-03-10T17:22:14","guid":{"rendered":"https:\/\/milicia-pro.com\/?post_type=product&#038;p=41937"},"modified":"2026-03-09T14:13:04","modified_gmt":"2026-03-09T14:13:04","slug":"lanetrna-tatica-us-led-large","status":"publish","type":"product","link":"https:\/\/milicia-pro.com\/index.php\/product\/lanetrna-tatica-us-led-large\/","title":{"rendered":"LANTERNA TATICA US LED LARGE"},"content":{"rendered":"<p>Fonte de alimenta\u00e7\u00e3o: 2 pilhas (2xD) (n\u00e3o inclu\u00eddas)<\/p>\n<p>&nbsp;<\/p>\n<ul>\n<li>Lanterna LED de \u00e2ngulo extra brilhante<\/li>\n<li>Inclui filtro de cor (amarelo, verde, vermelho, azul)<\/li>\n<li>Caixa de pl\u00e1stico \u00e0 prova de respingos e resistente a impactos<\/li>\n<li>Bot\u00e3o de comuta\u00e7\u00e3o com c\u00f3digo Morse<\/li>\n<li>Fixador<\/li>\n<li>Ilh\u00f3 de seguran\u00e7a na parte inferior<\/li>\n<li>Comprimento: 17 cm<\/li>\n<\/ul>\n","protected":false},"excerpt":{"rendered":"<p>Fonte de alimenta\u00e7\u00e3o: 2 pilhas (2xD) (n\u00e3o inclu\u00eddas) &nbsp; Lanterna LED de \u00e2ngulo extra brilhante Inclui filtro de cor (amarelo, verde, vermelho, azul) Caixa de pl\u00e1stico \u00e0 prova de respingos e resistente a impactos Bot\u00e3o de comuta\u00e7\u00e3o com c\u00f3digo Morse Fixador Ilh\u00f3 de seguran\u00e7a na parte inferior Comprimento: 17 cm<\/p>\n","protected":false},"featured_media":41941,"comment_status":"open","ping_status":"closed","template":"","meta":{"_monsterinsights_skip_tracking":false,"_monsterinsights_sitenote_active":false,"_monsterinsights_sitenote_note":"","_monsterinsights_sitenote_category":0},"product_brand":[],"product_cat":[1064,1090,829,855],"product_tag":[193],"class_list":{"0":"post-41937","1":"product","2":"type-product","3":"status-publish","4":"has-post-thumbnail","6":"product_cat-equipamentotatico","7":"product_cat-lanterna","8":"product_cat-marcas","9":"product_cat-sturm-mil-tec","10":"product_tag-lanterna","12":"first","13":"instock","14":"shipping-taxable","15":"purchasable","16":"product-type-variable"},"aioseo_notices":[],"jetpack_sharing_enabled":true,"_links":{"self":[{"href":"https:\/\/milicia-pro.com\/index.php\/wp-json\/wp\/v2\/product\/41937","targetHints":{"allow":["GET"]}}],"collection":[{"href":"https:\/\/milicia-pro.com\/index.php\/wp-json\/wp\/v2\/product"}],"about":[{"href":"https:\/\/milicia-pro.com\/index.php\/wp-json\/wp\/v2\/types\/product"}],"replies":[{"embeddable":true,"href":"https:\/\/milicia-pro.com\/index.php\/wp-json\/wp\/v2\/comments?post=41937"}],"wp:featuredmedia":[{"embeddable":true,"href":"https:\/\/milicia-pro.com\/index.php\/wp-json\/wp\/v2\/media\/41941"}],"wp:attachment":[{"href":"https:\/\/milicia-pro.com\/index.php\/wp-json\/wp\/v2\/media?parent=41937"}],"wp:term":[{"taxonomy":"product_brand","embeddable":true,"href":"https:\/\/milicia-pro.com\/index.php\/wp-json\/wp\/v2\/product_brand?post=41937"},{"taxonomy":"product_cat","embeddable":true,"href":"https:\/\/milicia-pro.com\/index.php\/wp-json\/wp\/v2\/product_cat?post=41937"},{"taxonomy":"product_tag","embeddable":true,"href":"https:\/\/milicia-pro.com\/index.php\/wp-json\/wp\/v2\/product_tag?post=41937"}],"curies":[{"name":"wp","href":"https:\/\/api.w.org\/{rel}","templated":true}]}}