{"id":41709,"date":"2025-01-23T12:21:31","date_gmt":"2025-01-23T12:21:31","guid":{"rendered":"https:\/\/milicia-pro.com\/?post_type=product&#038;p=41709"},"modified":"2025-11-20T10:48:34","modified_gmt":"2025-11-20T10:48:34","slug":"corrente-porta-chaves-malha-grossa-e-mosquetao-grosso","status":"publish","type":"product","link":"https:\/\/milicia-pro.com\/index.php\/product\/corrente-porta-chaves-malha-grossa-e-mosquetao-grosso\/","title":{"rendered":"CORRENTE PORTA CHAVES MALHA GROSSA E MOSQUET\u00c3O GROSSO"},"content":{"rendered":"<p><strong>O chaveiro \u00e9 um acess\u00f3rio discreto e funcional, um companheiro confi\u00e1vel para manter suas chaves seguras com estilo. Em uma extremidade, h\u00e1 um fecho para prender com seguran\u00e7a o chaveiro a uma bolsa, cinto ou qualquer outra superf\u00edcie adequada. Na outra extremidade, h\u00e1 um anel para segurar as chaves com seguran\u00e7a.<\/strong><\/p>\n<ul>\n<li><strong>Comprimento correia \u2013 40cm<\/strong><\/li>\n<li><strong>Comprimento Total \u2013 51cm<\/strong><\/li>\n<li><strong>Material &#8211; Nickel plated Steel<\/strong><\/li>\n<li><strong>Fabricado em It\u00e1lia<\/strong><\/li>\n<li><strong style=\"color: #555555;font-size: 14.4px\">Peso 78gr<\/strong><\/li>\n<\/ul>\n","protected":false},"excerpt":{"rendered":"<p>O chaveiro \u00e9 um acess\u00f3rio discreto e funcional, um companheiro confi\u00e1vel para manter suas chaves seguras com estilo. Em uma extremidade, h\u00e1 um fecho para prender com seguran\u00e7a o chaveiro a uma bolsa, cinto ou qualquer outra superf\u00edcie adequada. Na outra extremidade, h\u00e1 um anel para segurar as chaves com seguran\u00e7a. Comprimento correia \u2013 40cm [&#8230;]\n","protected":false},"featured_media":41711,"comment_status":"open","ping_status":"closed","template":"","meta":{"_monsterinsights_skip_tracking":false,"_monsterinsights_sitenote_active":false,"_monsterinsights_sitenote_note":"","_monsterinsights_sitenote_category":0},"product_brand":[],"product_cat":[1240,1298,829,1297],"product_tag":[1295,180,257],"class_list":{"0":"post-41709","1":"product","2":"type-product","3":"status-publish","4":"has-post-thumbnail","6":"product_cat-fox-knives","7":"product_cat-k9","8":"product_cat-marcas","9":"product_cat-porta-chaves","10":"product_tag-corrente","11":"product_tag-k9","12":"product_tag-porta-chaves","14":"first","15":"instock","16":"shipping-taxable","17":"purchasable","18":"product-type-variable"},"aioseo_notices":[],"jetpack_sharing_enabled":true,"_links":{"self":[{"href":"https:\/\/milicia-pro.com\/index.php\/wp-json\/wp\/v2\/product\/41709","targetHints":{"allow":["GET"]}}],"collection":[{"href":"https:\/\/milicia-pro.com\/index.php\/wp-json\/wp\/v2\/product"}],"about":[{"href":"https:\/\/milicia-pro.com\/index.php\/wp-json\/wp\/v2\/types\/product"}],"replies":[{"embeddable":true,"href":"https:\/\/milicia-pro.com\/index.php\/wp-json\/wp\/v2\/comments?post=41709"}],"wp:featuredmedia":[{"embeddable":true,"href":"https:\/\/milicia-pro.com\/index.php\/wp-json\/wp\/v2\/media\/41711"}],"wp:attachment":[{"href":"https:\/\/milicia-pro.com\/index.php\/wp-json\/wp\/v2\/media?parent=41709"}],"wp:term":[{"taxonomy":"product_brand","embeddable":true,"href":"https:\/\/milicia-pro.com\/index.php\/wp-json\/wp\/v2\/product_brand?post=41709"},{"taxonomy":"product_cat","embeddable":true,"href":"https:\/\/milicia-pro.com\/index.php\/wp-json\/wp\/v2\/product_cat?post=41709"},{"taxonomy":"product_tag","embeddable":true,"href":"https:\/\/milicia-pro.com\/index.php\/wp-json\/wp\/v2\/product_tag?post=41709"}],"curies":[{"name":"wp","href":"https:\/\/api.w.org\/{rel}","templated":true}]}}