{"id":41529,"date":"2024-11-08T15:40:14","date_gmt":"2024-11-08T15:40:14","guid":{"rendered":"https:\/\/milicia-pro.com\/?post_type=product&#038;p=41529"},"modified":"2025-06-04T11:14:42","modified_gmt":"2025-06-04T11:14:42","slug":"multiferramenta-spear","status":"publish","type":"product","link":"https:\/\/milicia-pro.com\/index.php\/product\/multiferramenta-spear\/","title":{"rendered":"MULTIFERRAMENTA SPEAR"},"content":{"rendered":"<p>Esta ferramenta \u00e9 ess<span style=\"font-size: 14.4px\">encial para andar sempre de pre<\/span><span style=\"font-size: 14.4px\">ven\u00e7\u00e3o, no bolso. A Primeira Lan\u00e7a T\u00e1tica \u00e9 uma multiferramenta constru\u00edda para a vida. Com 11 ferramentas em um s\u00f3 objeto, incluindo um abridor de garrafas, 4 chaves, chave de oxig\u00eanio e ferramenta de ajuste de mira \u00f3ptica. Esta multiferramenta tamb\u00e9m possui uma alavanca, cabe\u00e7a Phillips e driver de cabe\u00e7a chata. \u00c9 feita com material de a\u00e7o inoxid\u00e1vel de alta qualidade que \u00e9 projetado para durar e dar-lhe anos de uso sem falhas.<\/span><\/p>\n<p>&nbsp;<\/p>\n<p>Especifica\u00e7\u00e3o:<\/p>\n<ul>\n<li>Comprimento: 5cm<\/li>\n<li>Largura: 4,7cm<\/li>\n<li>Espessura: 30mm<\/li>\n<li>Material: A\u00e7o 440C<\/li>\n<li>Abridor de garrafas<\/li>\n<li>\u00d3ptica de ponto de mira<\/li>\n<li>Chave de 10,0 mm<\/li>\n<li>Motorista principal de Phillips<\/li>\n<li>Chave de 10,0 mm<\/li>\n<li>Chave de oxig\u00eanio<\/li>\n<li>Driver de cabe\u00e7a chata<\/li>\n<li>Bisbilhotar<\/li>\n<li>Chave de 0,95cm<\/li>\n<li>Chave de 0,63cm<\/li>\n<\/ul>\n","protected":false},"excerpt":{"rendered":"<p>Esta ferramenta \u00e9 essencial para andar sempre de preven\u00e7\u00e3o, no bolso. A Primeira Lan\u00e7a T\u00e1tica \u00e9 uma multiferramenta constru\u00edda para a vida. Com 11 ferramentas em um s\u00f3 objeto, incluindo um abridor de garrafas, 4 chaves, chave de oxig\u00eanio e ferramenta de ajuste de mira \u00f3ptica. Esta multiferramenta tamb\u00e9m possui uma alavanca, cabe\u00e7a Phillips e [&#8230;]\n","protected":false},"featured_media":41531,"comment_status":"open","ping_status":"closed","template":"","meta":{"_monsterinsights_skip_tracking":false,"_monsterinsights_sitenote_active":false,"_monsterinsights_sitenote_note":"","_monsterinsights_sitenote_category":0},"product_brand":[],"product_cat":[1065,1097,830,829],"product_tag":[148,224],"class_list":{"0":"post-41529","1":"product","2":"type-product","3":"status-publish","4":"has-post-thumbnail","6":"product_cat-cutelariaferramentas","7":"product_cat-ferramentas","8":"product_cat-firsttactical","9":"product_cat-marcas","10":"product_tag-ferramenta","11":"product_tag-multifuncoes","13":"first","14":"instock","15":"shipping-taxable","16":"purchasable","17":"product-type-variable"},"aioseo_notices":[],"jetpack_sharing_enabled":true,"_links":{"self":[{"href":"https:\/\/milicia-pro.com\/index.php\/wp-json\/wp\/v2\/product\/41529","targetHints":{"allow":["GET"]}}],"collection":[{"href":"https:\/\/milicia-pro.com\/index.php\/wp-json\/wp\/v2\/product"}],"about":[{"href":"https:\/\/milicia-pro.com\/index.php\/wp-json\/wp\/v2\/types\/product"}],"replies":[{"embeddable":true,"href":"https:\/\/milicia-pro.com\/index.php\/wp-json\/wp\/v2\/comments?post=41529"}],"wp:featuredmedia":[{"embeddable":true,"href":"https:\/\/milicia-pro.com\/index.php\/wp-json\/wp\/v2\/media\/41531"}],"wp:attachment":[{"href":"https:\/\/milicia-pro.com\/index.php\/wp-json\/wp\/v2\/media?parent=41529"}],"wp:term":[{"taxonomy":"product_brand","embeddable":true,"href":"https:\/\/milicia-pro.com\/index.php\/wp-json\/wp\/v2\/product_brand?post=41529"},{"taxonomy":"product_cat","embeddable":true,"href":"https:\/\/milicia-pro.com\/index.php\/wp-json\/wp\/v2\/product_cat?post=41529"},{"taxonomy":"product_tag","embeddable":true,"href":"https:\/\/milicia-pro.com\/index.php\/wp-json\/wp\/v2\/product_tag?post=41529"}],"curies":[{"name":"wp","href":"https:\/\/api.w.org\/{rel}","templated":true}]}}