{"id":40710,"date":"2024-05-20T20:54:45","date_gmt":"2024-05-20T20:54:45","guid":{"rendered":"https:\/\/milicia-pro.com\/?post_type=product&#038;p=40710"},"modified":"2025-09-12T10:22:31","modified_gmt":"2025-09-12T10:22:31","slug":"canivetefoxcomclip","status":"publish","type":"product","link":"https:\/\/milicia-pro.com\/index.php\/product\/canivetefoxcomclip\/","title":{"rendered":"CANIVETE FOX COM CLIP"},"content":{"rendered":"<p>Esta faca vem da Black&#8217;s Pocket Collection Fox. A al\u00e7a \u00e9 feita de Zytel. A l\u00e2mina \u00e9 feita de a\u00e7o 440A com um revestimento de tit\u00e2nio e tem uma dureza de 55-57 Rockwell. Extra \u00e9 o calcanhar com trava na al\u00e7a.<\/p>\n<p><strong>Caracter\u00edsticas:<\/strong><\/p>\n<ul>\n<li>Marca: FOX Cutlery<\/li>\n<li>Designer: Moris Baroni<\/li>\n<li>Pa\u00eds de origem: It\u00e1lia<\/li>\n<li>Tipo de a\u00e7o: a\u00e7o inoxid\u00e1vel 440A<\/li>\n<li>Dureza: 57 HRC<\/li>\n<li>Material do cabo: Zytel Black<\/li>\n<li>Comprimento da l\u00e2mina: 6 cm<\/li>\n<li>Comprimento do punho: 10,5 cm<\/li>\n<li>Comprimento total: 16,5 cm<\/li>\n<li>Peso: 30 gramas<\/li>\n<\/ul>\n","protected":false},"excerpt":{"rendered":"<p>Esta faca vem da Black&#8217;s Pocket Collection Fox. A al\u00e7a \u00e9 feita de Zytel. A l\u00e2mina \u00e9 feita de a\u00e7o 440A com um revestimento de tit\u00e2nio e tem uma dureza de 55-57 Rockwell. Extra \u00e9 o calcanhar com trava na al\u00e7a. Caracter\u00edsticas: Marca: FOX Cutlery Designer: Moris Baroni Pa\u00eds de origem: It\u00e1lia Tipo de a\u00e7o: [&#8230;]\n","protected":false},"featured_media":40712,"comment_status":"open","ping_status":"closed","template":"","meta":{"_monsterinsights_skip_tracking":false,"_monsterinsights_sitenote_active":false,"_monsterinsights_sitenote_note":"","_monsterinsights_sitenote_category":0},"product_brand":[],"product_cat":[1065,1240,829,1098],"product_tag":[98,912,147,225],"class_list":{"0":"post-40710","1":"product","2":"type-product","3":"status-publish","4":"has-post-thumbnail","6":"product_cat-cutelariaferramentas","7":"product_cat-fox-knives","8":"product_cat-marcas","9":"product_cat-navalha","10":"product_tag-canivete","11":"product_tag-cutelaria","12":"product_tag-faca","13":"product_tag-navalha","15":"first","16":"instock","17":"shipping-taxable","18":"purchasable","19":"product-type-variable"},"aioseo_notices":[],"jetpack_sharing_enabled":true,"_links":{"self":[{"href":"https:\/\/milicia-pro.com\/index.php\/wp-json\/wp\/v2\/product\/40710","targetHints":{"allow":["GET"]}}],"collection":[{"href":"https:\/\/milicia-pro.com\/index.php\/wp-json\/wp\/v2\/product"}],"about":[{"href":"https:\/\/milicia-pro.com\/index.php\/wp-json\/wp\/v2\/types\/product"}],"replies":[{"embeddable":true,"href":"https:\/\/milicia-pro.com\/index.php\/wp-json\/wp\/v2\/comments?post=40710"}],"wp:featuredmedia":[{"embeddable":true,"href":"https:\/\/milicia-pro.com\/index.php\/wp-json\/wp\/v2\/media\/40712"}],"wp:attachment":[{"href":"https:\/\/milicia-pro.com\/index.php\/wp-json\/wp\/v2\/media?parent=40710"}],"wp:term":[{"taxonomy":"product_brand","embeddable":true,"href":"https:\/\/milicia-pro.com\/index.php\/wp-json\/wp\/v2\/product_brand?post=40710"},{"taxonomy":"product_cat","embeddable":true,"href":"https:\/\/milicia-pro.com\/index.php\/wp-json\/wp\/v2\/product_cat?post=40710"},{"taxonomy":"product_tag","embeddable":true,"href":"https:\/\/milicia-pro.com\/index.php\/wp-json\/wp\/v2\/product_tag?post=40710"}],"curies":[{"name":"wp","href":"https:\/\/api.w.org\/{rel}","templated":true}]}}