{"id":40705,"date":"2024-05-20T17:45:00","date_gmt":"2024-05-20T17:45:00","guid":{"rendered":"https:\/\/milicia-pro.com\/?post_type=product&#038;p=40705"},"modified":"2025-03-10T15:16:11","modified_gmt":"2025-03-10T15:16:11","slug":"faca-military-fox","status":"publish","type":"product","link":"https:\/\/milicia-pro.com\/index.php\/product\/faca-military-fox\/","title":{"rendered":"FACA MILITARY FOX"},"content":{"rendered":"<p>Esta Faca t\u00e1tica Military Fox, apresenta uma l\u00e2mina fixa de a\u00e7o carbono C70 de alta qualidade com tratamento de superf\u00edcie em <strong><em>Black Idroglider\u00ae, <\/em><\/strong>um revestimento \u00e0 base de\u00a0<em>\u00a0PTFE<\/em>\u00a0\u00a0muito resistente \u00e0 abras\u00e3o e \u00e0 prova d&#8217;\u00e1gua &#8211; HRC 55\/57 &#8211; Comprimento da l\u00e2mina 185mm &#8211; Espessura 5mm &#8211; Prote\u00e7\u00e3o de a\u00e7o &#8211;\u00a0\u00a0Cabo\u00a0<em><strong>\u00a0ABS<\/strong><\/em><em>\u00a0preto\u00a0<\/em>\u00a0um\u00a0\u00a0material pl\u00e1stico leve e forte &#8211; Comprimento total 310mm \u200b\u200b- Equipado com bainha &#8211;\u00a0<em>\u00a0Design by Fox Cutlery Italy<\/em>\u00a0\u00a0&#8211;\u00a0<strong><em>\u00a0Faca t\u00e1tica militar de l\u00e2mina fixa FOX<\/em><\/strong>\u00a0\u00a0realmente excecional com materiais de qualidade e excelente Design italiano, qualidade superior em todos os componentes e tamb\u00e9m nos acabamentos.<\/p>\n<p><strong>Especifica\u00e7\u00f5es<\/strong><\/p>\n<p><strong>L\u00e2mina &#8211; <\/strong>A\u00e7o-carbono<\/p>\n<p><strong>Dureza &#8211; <\/strong>HRC 55-57<\/p>\n<p><strong>Cabo &#8211; <\/strong>Pl\u00e1stico<\/p>\n<p><strong>Protec\u00e7\u00e3o \/ Virola \/ Suporte &#8211; <\/strong>A\u00e7o inoxid\u00e1vel<\/p>\n<p><strong>Peso: <\/strong>335 g<\/p>\n<p><strong>Comp. global: <\/strong>310 mm<\/p>\n<p><strong>Comp. da l\u00e2mina: <\/strong>185 mm<\/p>\n<p><strong>Esp. da l\u00e2mina: <\/strong>5 mm<\/p>\n<p><strong>Pa\u00eds de origem: <\/strong>It\u00e1lia<\/p>\n","protected":false},"excerpt":{"rendered":"<p>Esta Faca t\u00e1tica Military Fox, apresenta uma l\u00e2mina fixa de a\u00e7o carbono C70 de alta qualidade com tratamento de superf\u00edcie em Black Idroglider\u00ae, um revestimento \u00e0 base de\u00a0\u00a0PTFE\u00a0\u00a0muito resistente \u00e0 abras\u00e3o e \u00e0 prova d&#8217;\u00e1gua &#8211; HRC 55\/57 &#8211; Comprimento da l\u00e2mina 185mm &#8211; Espessura 5mm &#8211; Prote\u00e7\u00e3o de a\u00e7o &#8211;\u00a0\u00a0Cabo\u00a0\u00a0ABS\u00a0preto\u00a0\u00a0um\u00a0\u00a0material pl\u00e1stico leve e forte [&#8230;]\n","protected":false},"featured_media":40706,"comment_status":"open","ping_status":"closed","template":"","meta":{"_monsterinsights_skip_tracking":false,"_monsterinsights_sitenote_active":false,"_monsterinsights_sitenote_note":"","_monsterinsights_sitenote_category":0},"product_brand":[],"product_cat":[1065,1099,1240,829],"product_tag":[912,147],"class_list":{"0":"post-40705","1":"product","2":"type-product","3":"status-publish","4":"has-post-thumbnail","6":"product_cat-cutelariaferramentas","7":"product_cat-faca","8":"product_cat-fox-knives","9":"product_cat-marcas","10":"product_tag-cutelaria","11":"product_tag-faca","13":"first","14":"instock","15":"shipping-taxable","16":"purchasable","17":"product-type-variable"},"aioseo_notices":[],"jetpack_sharing_enabled":true,"_links":{"self":[{"href":"https:\/\/milicia-pro.com\/index.php\/wp-json\/wp\/v2\/product\/40705","targetHints":{"allow":["GET"]}}],"collection":[{"href":"https:\/\/milicia-pro.com\/index.php\/wp-json\/wp\/v2\/product"}],"about":[{"href":"https:\/\/milicia-pro.com\/index.php\/wp-json\/wp\/v2\/types\/product"}],"replies":[{"embeddable":true,"href":"https:\/\/milicia-pro.com\/index.php\/wp-json\/wp\/v2\/comments?post=40705"}],"wp:featuredmedia":[{"embeddable":true,"href":"https:\/\/milicia-pro.com\/index.php\/wp-json\/wp\/v2\/media\/40706"}],"wp:attachment":[{"href":"https:\/\/milicia-pro.com\/index.php\/wp-json\/wp\/v2\/media?parent=40705"}],"wp:term":[{"taxonomy":"product_brand","embeddable":true,"href":"https:\/\/milicia-pro.com\/index.php\/wp-json\/wp\/v2\/product_brand?post=40705"},{"taxonomy":"product_cat","embeddable":true,"href":"https:\/\/milicia-pro.com\/index.php\/wp-json\/wp\/v2\/product_cat?post=40705"},{"taxonomy":"product_tag","embeddable":true,"href":"https:\/\/milicia-pro.com\/index.php\/wp-json\/wp\/v2\/product_tag?post=40705"}],"curies":[{"name":"wp","href":"https:\/\/api.w.org\/{rel}","templated":true}]}}