{"id":40577,"date":"2024-02-15T15:55:14","date_gmt":"2024-02-15T15:55:14","guid":{"rendered":"https:\/\/milicia-pro.com\/?post_type=product&#038;p=40577"},"modified":"2025-11-20T10:53:11","modified_gmt":"2025-11-20T10:53:11","slug":"oculos-lancer-com-1-lente-cinza","status":"publish","type":"product","link":"https:\/\/milicia-pro.com\/index.php\/product\/oculos-lancer-com-1-lente-cinza\/","title":{"rendered":"OCULOS LANCER COM 1 LENTE CINZA"},"content":{"rendered":"<p><img loading=\"lazy\" decoding=\"async\" class=\" wp-image-40582 alignleft\" src=\"https:\/\/milicia-pro.com\/wp-content\/uploads\/2024\/02\/SWE.40321-019-05-258x300.png\" alt=\"\" width=\"292\" height=\"340\" srcset=\"https:\/\/milicia-pro.com\/wp-content\/uploads\/2024\/02\/SWE.40321-019-05-258x300.png 258w, https:\/\/milicia-pro.com\/wp-content\/uploads\/2024\/02\/SWE.40321-019-05.png 400w\" sizes=\"auto, (max-width: 292px) 100vw, 292px\" \/><\/p>\n<table width=\"567\">\n<tbody>\n<tr>\n<td width=\"214\"><strong>Design:<\/strong><\/td>\n<td width=\"353\">Baixo perfil<\/td>\n<\/tr>\n<tr>\n<td width=\"214\"><strong>Arma\u00e7\u00e3o:<\/strong><\/td>\n<td width=\"353\">Flex\u00edvel; \u00e0 prova de estilha\u00e7os<\/td>\n<\/tr>\n<tr>\n<td width=\"214\"><strong>Inclu\u00eddo:<\/strong><\/td>\n<td width=\"353\">Bolsa de microfibra<\/td>\n<\/tr>\n<tr>\n<td width=\"214\"><strong>Lente inclu\u00edda:<\/strong><\/td>\n<td width=\"353\">Fumado bal\u00edstico<\/td>\n<\/tr>\n<tr>\n<td width=\"214\"><strong>Material:<\/strong><\/td>\n<td width=\"353\">Borracha\/Pl\u00e1stico<\/td>\n<\/tr>\n<tr>\n<td width=\"214\"><strong>Resist\u00eancia ao embaciamento:<\/strong><\/td>\n<td width=\"353\">Sim<\/td>\n<\/tr>\n<tr>\n<td width=\"214\"><strong>Certificados de seguran\u00e7a:<\/strong><\/td>\n<td width=\"353\">EN 1836:2005 + A1:2007; STANAG 2920\/4296<\/td>\n<\/tr>\n<tr>\n<td width=\"214\"><strong>Resistente a riscos:<\/strong><\/td>\n<td width=\"353\">Sim<\/td>\n<\/tr>\n<tr>\n<td width=\"214\"><strong>\u00c0 prova de estilha\u00e7os:<\/strong><\/td>\n<td width=\"353\">Sim<\/td>\n<\/tr>\n<tr>\n<td width=\"214\"><strong>Hastes:<\/strong><\/td>\n<td width=\"353\">Revestimento de borracha; estriadas<\/td>\n<\/tr>\n<tr>\n<td width=\"214\"><strong>Prote\u00e7\u00e3o Ultravioleta (UV):<\/strong><\/td>\n<td width=\"353\">Sim; 100 % dos raios UVA-, UVB- e UVC- at\u00e9 400 nm<\/td>\n<\/tr>\n<tr>\n<td width=\"214\"><strong>Peso:<\/strong><\/td>\n<td width=\"353\">60 g<\/td>\n<\/tr>\n<\/tbody>\n<\/table>\n","protected":false},"excerpt":{"rendered":"<p>Design: Baixo perfil Arma\u00e7\u00e3o: Flex\u00edvel; \u00e0 prova de estilha\u00e7os Inclu\u00eddo: Bolsa de microfibra Lente inclu\u00edda: Fumado bal\u00edstico Material: Borracha\/Pl\u00e1stico Resist\u00eancia ao embaciamento: Sim Certificados de seguran\u00e7a: EN 1836:2005 + A1:2007; STANAG 2920\/4296 Resistente a riscos: Sim \u00c0 prova de estilha\u00e7os: Sim Hastes: Revestimento de borracha; estriadas Prote\u00e7\u00e3o Ultravioleta (UV): Sim; 100 % dos raios UVA-, [&#8230;]\n","protected":false},"featured_media":40578,"comment_status":"open","ping_status":"closed","template":"","meta":{"_monsterinsights_skip_tracking":false,"_monsterinsights_sitenote_active":false,"_monsterinsights_sitenote_note":"","_monsterinsights_sitenote_category":0},"product_brand":[],"product_cat":[1064,829,1070,1095,1150],"product_tag":[688,513,326],"class_list":{"0":"post-40577","1":"product","2":"type-product","3":"status-publish","4":"has-post-thumbnail","6":"product_cat-equipamentotatico","7":"product_cat-marcas","8":"product_cat-optica","9":"product_cat-oculos","10":"product_cat-swiss-eye","11":"product_tag-oculos","12":"product_tag-protecao","13":"product_tag-tatico","15":"first","16":"instock","17":"shipping-taxable","18":"purchasable","19":"product-type-variable"},"aioseo_notices":[],"jetpack_sharing_enabled":true,"_links":{"self":[{"href":"https:\/\/milicia-pro.com\/index.php\/wp-json\/wp\/v2\/product\/40577","targetHints":{"allow":["GET"]}}],"collection":[{"href":"https:\/\/milicia-pro.com\/index.php\/wp-json\/wp\/v2\/product"}],"about":[{"href":"https:\/\/milicia-pro.com\/index.php\/wp-json\/wp\/v2\/types\/product"}],"replies":[{"embeddable":true,"href":"https:\/\/milicia-pro.com\/index.php\/wp-json\/wp\/v2\/comments?post=40577"}],"wp:featuredmedia":[{"embeddable":true,"href":"https:\/\/milicia-pro.com\/index.php\/wp-json\/wp\/v2\/media\/40578"}],"wp:attachment":[{"href":"https:\/\/milicia-pro.com\/index.php\/wp-json\/wp\/v2\/media?parent=40577"}],"wp:term":[{"taxonomy":"product_brand","embeddable":true,"href":"https:\/\/milicia-pro.com\/index.php\/wp-json\/wp\/v2\/product_brand?post=40577"},{"taxonomy":"product_cat","embeddable":true,"href":"https:\/\/milicia-pro.com\/index.php\/wp-json\/wp\/v2\/product_cat?post=40577"},{"taxonomy":"product_tag","embeddable":true,"href":"https:\/\/milicia-pro.com\/index.php\/wp-json\/wp\/v2\/product_tag?post=40577"}],"curies":[{"name":"wp","href":"https:\/\/api.w.org\/{rel}","templated":true}]}}