{"id":40403,"date":"2023-12-16T13:01:30","date_gmt":"2023-12-16T13:01:30","guid":{"rendered":"https:\/\/milicia-pro.com\/?post_type=product&#038;p=40403"},"modified":"2025-06-05T11:09:56","modified_gmt":"2025-06-05T11:09:56","slug":"bolsa-de-higiene","status":"publish","type":"product","link":"https:\/\/milicia-pro.com\/index.php\/product\/bolsa-de-higiene\/","title":{"rendered":"BOLSA DE HIGIENE"},"content":{"rendered":"<p>Kit de higiene com muitas op\u00e7\u00f5es de armazenamento para pendurar. Tem como op\u00e7\u00e3o para acondicionar os seus artigos um grande compartimento traseiro com z\u00edper, 3 pequenos compartimentos com el\u00e1stico e um grande compartimento com inser\u00e7\u00e3o de malha e z\u00edper.<\/p>\n<ul>\n<li>Material externo: 100% poli\u00e9ster, revestido com cloreto de polivinila<\/li>\n<li>Forro: 100% poli\u00e9ster<\/li>\n<li>Dimens\u00f5es: 26,5 x 16,5 cm<\/li>\n<li>Peso: 200gr<\/li>\n<\/ul>\n","protected":false},"excerpt":{"rendered":"<p>Kit de higiene com muitas op\u00e7\u00f5es de armazenamento para pendurar. Tem como op\u00e7\u00e3o para acondicionar os seus artigos um grande compartimento traseiro com z\u00edper, 3 pequenos compartimentos com el\u00e1stico e um grande compartimento com inser\u00e7\u00e3o de malha e z\u00edper. Material externo: 100% poli\u00e9ster, revestido com cloreto de polivinila Forro: 100% poli\u00e9ster Dimens\u00f5es: 26,5 x 16,5 [&#8230;]\n","protected":false},"featured_media":40405,"comment_status":"open","ping_status":"closed","template":"","meta":{"_monsterinsights_skip_tracking":false,"_monsterinsights_sitenote_active":false,"_monsterinsights_sitenote_note":"","_monsterinsights_sitenote_category":0},"product_brand":[],"product_cat":[1107,829,1467,855],"product_tag":[80,1222,364],"class_list":{"0":"post-40403","1":"product","2":"type-product","3":"status-publish","4":"has-post-thumbnail","6":"product_cat-bolsas","7":"product_cat-marcas","8":"product_cat-mochilas-bolsas","9":"product_cat-sturm-mil-tec","10":"product_tag-bolsa","11":"product_tag-higiene","12":"product_tag-viagem","14":"first","15":"instock","16":"shipping-taxable","17":"purchasable","18":"product-type-variable"},"aioseo_notices":[],"jetpack_sharing_enabled":true,"_links":{"self":[{"href":"https:\/\/milicia-pro.com\/index.php\/wp-json\/wp\/v2\/product\/40403","targetHints":{"allow":["GET"]}}],"collection":[{"href":"https:\/\/milicia-pro.com\/index.php\/wp-json\/wp\/v2\/product"}],"about":[{"href":"https:\/\/milicia-pro.com\/index.php\/wp-json\/wp\/v2\/types\/product"}],"replies":[{"embeddable":true,"href":"https:\/\/milicia-pro.com\/index.php\/wp-json\/wp\/v2\/comments?post=40403"}],"wp:featuredmedia":[{"embeddable":true,"href":"https:\/\/milicia-pro.com\/index.php\/wp-json\/wp\/v2\/media\/40405"}],"wp:attachment":[{"href":"https:\/\/milicia-pro.com\/index.php\/wp-json\/wp\/v2\/media?parent=40403"}],"wp:term":[{"taxonomy":"product_brand","embeddable":true,"href":"https:\/\/milicia-pro.com\/index.php\/wp-json\/wp\/v2\/product_brand?post=40403"},{"taxonomy":"product_cat","embeddable":true,"href":"https:\/\/milicia-pro.com\/index.php\/wp-json\/wp\/v2\/product_cat?post=40403"},{"taxonomy":"product_tag","embeddable":true,"href":"https:\/\/milicia-pro.com\/index.php\/wp-json\/wp\/v2\/product_tag?post=40403"}],"curies":[{"name":"wp","href":"https:\/\/api.w.org\/{rel}","templated":true}]}}