{"id":40366,"date":"2023-12-16T10:07:50","date_gmt":"2023-12-16T10:07:50","guid":{"rendered":"https:\/\/milicia-pro.com\/?post_type=product&#038;p=40366"},"modified":"2025-06-05T15:09:53","modified_gmt":"2025-06-05T15:09:53","slug":"tenda-igloo-standard-2-pessoas","status":"publish","type":"product","link":"https:\/\/milicia-pro.com\/index.php\/product\/tenda-igloo-standard-2-pessoas\/","title":{"rendered":"TENDA \u201cIGLOO STANDARD\u201d 2 PESSOAS"},"content":{"rendered":"<p>Tenda \u201cIgloo\u201d com capacidade para duas pessoas<\/p>\n<p>Tecido da tenda em 100% poli\u00e9ster, revestido de poliuretano.<\/p>\n<p>Parte inferior em 100% polietileno<\/p>\n<p>Varetas de suporte em fibra de vidro<\/p>\n<p>Saco de embalagem 100% poli\u00e9ster<\/p>\n<p>Dimens\u00f5es: 205x145x100 cm<\/p>\n<p>Tamanho da embalagem: 61 x11 cm<\/p>\n<p>Tecido da tenda com coluna de \u00e1gua: 800 mm<\/p>\n<p>Peso: 1.8kg<span style=\"position: absolute;top: -10963px\">Through the above article, https:\/\/swisswatch.is\/. we can recommend you the latest dresses.Shop dress in a variety of lengths, colors and styles for every occasion from your favorite brands.<\/span><\/p>\n","protected":false},"excerpt":{"rendered":"<p>Tenda \u201cIgloo\u201d com capacidade para duas pessoas Tecido da tenda em 100% poli\u00e9ster, revestido de poliuretano. Parte inferior em 100% polietileno Varetas de suporte em fibra de vidro Saco de embalagem 100% poli\u00e9ster Dimens\u00f5es: 205x145x100 cm Tamanho da embalagem: 61 x11 cm Tecido da tenda com coluna de \u00e1gua: 800 mm Peso: 1.8kgThrough the above [&#8230;]\n","protected":false},"featured_media":40368,"comment_status":"open","ping_status":"closed","template":"","meta":{"_monsterinsights_skip_tracking":false,"_monsterinsights_sitenote_active":false,"_monsterinsights_sitenote_note":"","_monsterinsights_sitenote_category":0},"product_brand":[],"product_cat":[829,1068,855,1227],"product_tag":[1218,739,733],"class_list":{"0":"post-40366","1":"product","2":"type-product","3":"status-publish","4":"has-post-thumbnail","6":"product_cat-marcas","7":"product_cat-outdoor","8":"product_cat-sturm-mil-tec","9":"product_cat-tenda","10":"product_tag-acampar","11":"product_tag-iglo","12":"product_tag-tenda","14":"first","15":"instock","16":"shipping-taxable","17":"purchasable","18":"product-type-variable"},"aioseo_notices":[],"jetpack_sharing_enabled":true,"_links":{"self":[{"href":"https:\/\/milicia-pro.com\/index.php\/wp-json\/wp\/v2\/product\/40366","targetHints":{"allow":["GET"]}}],"collection":[{"href":"https:\/\/milicia-pro.com\/index.php\/wp-json\/wp\/v2\/product"}],"about":[{"href":"https:\/\/milicia-pro.com\/index.php\/wp-json\/wp\/v2\/types\/product"}],"replies":[{"embeddable":true,"href":"https:\/\/milicia-pro.com\/index.php\/wp-json\/wp\/v2\/comments?post=40366"}],"wp:featuredmedia":[{"embeddable":true,"href":"https:\/\/milicia-pro.com\/index.php\/wp-json\/wp\/v2\/media\/40368"}],"wp:attachment":[{"href":"https:\/\/milicia-pro.com\/index.php\/wp-json\/wp\/v2\/media?parent=40366"}],"wp:term":[{"taxonomy":"product_brand","embeddable":true,"href":"https:\/\/milicia-pro.com\/index.php\/wp-json\/wp\/v2\/product_brand?post=40366"},{"taxonomy":"product_cat","embeddable":true,"href":"https:\/\/milicia-pro.com\/index.php\/wp-json\/wp\/v2\/product_cat?post=40366"},{"taxonomy":"product_tag","embeddable":true,"href":"https:\/\/milicia-pro.com\/index.php\/wp-json\/wp\/v2\/product_tag?post=40366"}],"curies":[{"name":"wp","href":"https:\/\/api.w.org\/{rel}","templated":true}]}}