{"id":40165,"date":"2023-11-13T10:21:51","date_gmt":"2023-11-13T10:21:51","guid":{"rendered":"https:\/\/milicia-pro.com\/?post_type=product&#038;p=40165"},"modified":"2026-01-09T14:29:55","modified_gmt":"2026-01-09T14:29:55","slug":"mosquetao-de-aluminio-ergo-auto","status":"publish","type":"product","link":"https:\/\/milicia-pro.com\/index.php\/product\/mosquetao-de-aluminio-ergo-auto\/","title":{"rendered":"MOSQUET\u00c3O DE ALUMINIO ERGO AUTO"},"content":{"rendered":"<p>Mosquet\u00e3o compacto e leve, com alta resist\u00eancia \u00e0 tra\u00e7\u00e3o.<br \/>\nO formato particular torna-o adequado para ser manuseado mais facilmente por pessoas com m\u00e3os pequenas, como mulheres ou crian\u00e7as.<br \/>\nManga Auto Block de 3 movimentos: para abrir o mosquet\u00e3o, levante a manga, gire-a e puxe o port\u00e3o.<\/p>\n<p>Principais caracter\u00edsticas:<br \/>\n&#8211; Abertura e capacidades melhoradas gra\u00e7as ao formato D dobrado<br \/>\n&#8211; Perfil fino para ocupar pouco espa\u00e7o<br \/>\n&#8211; Sistema Keylock<br \/>\n&#8211; Produto de alta qualidade totalmente desenvolvido e fabricado na It\u00e1lia<br \/>\n&#8211; Testado pe\u00e7a por pe\u00e7a<\/p>\n","protected":false},"excerpt":{"rendered":"<p>Mosquet\u00e3o compacto e leve, com alta resist\u00eancia \u00e0 tra\u00e7\u00e3o. O formato particular torna-o adequado para ser manuseado mais facilmente por pessoas com m\u00e3os pequenas, como mulheres ou crian\u00e7as. Manga Auto Block de 3 movimentos: para abrir o mosquet\u00e3o, levante a manga, gire-a e puxe o port\u00e3o. Principais caracter\u00edsticas: &#8211; Abertura e capacidades melhoradas gra\u00e7as ao [&#8230;]\n","protected":false},"featured_media":40167,"comment_status":"open","ping_status":"closed","template":"","meta":{"_monsterinsights_skip_tracking":false,"_monsterinsights_sitenote_active":false,"_monsterinsights_sitenote_note":"","_monsterinsights_sitenote_category":0},"product_brand":[],"product_cat":[1188,829,1191,1068,1074],"product_tag":[218,505,306],"class_list":{"0":"post-40165","1":"product","2":"type-product","3":"status-publish","4":"has-post-thumbnail","6":"product_cat-kong","7":"product_cat-marcas","8":"product_cat-mosquetao-descendente","9":"product_cat-outdoor","10":"product_cat-sobrevivencia","11":"product_tag-mosquetao","12":"product_tag-seguranca","13":"product_tag-sobrevivencia","15":"first","16":"instock","17":"shipping-taxable","18":"purchasable","19":"product-type-variable"},"aioseo_notices":[],"jetpack_sharing_enabled":true,"_links":{"self":[{"href":"https:\/\/milicia-pro.com\/index.php\/wp-json\/wp\/v2\/product\/40165","targetHints":{"allow":["GET"]}}],"collection":[{"href":"https:\/\/milicia-pro.com\/index.php\/wp-json\/wp\/v2\/product"}],"about":[{"href":"https:\/\/milicia-pro.com\/index.php\/wp-json\/wp\/v2\/types\/product"}],"replies":[{"embeddable":true,"href":"https:\/\/milicia-pro.com\/index.php\/wp-json\/wp\/v2\/comments?post=40165"}],"wp:featuredmedia":[{"embeddable":true,"href":"https:\/\/milicia-pro.com\/index.php\/wp-json\/wp\/v2\/media\/40167"}],"wp:attachment":[{"href":"https:\/\/milicia-pro.com\/index.php\/wp-json\/wp\/v2\/media?parent=40165"}],"wp:term":[{"taxonomy":"product_brand","embeddable":true,"href":"https:\/\/milicia-pro.com\/index.php\/wp-json\/wp\/v2\/product_brand?post=40165"},{"taxonomy":"product_cat","embeddable":true,"href":"https:\/\/milicia-pro.com\/index.php\/wp-json\/wp\/v2\/product_cat?post=40165"},{"taxonomy":"product_tag","embeddable":true,"href":"https:\/\/milicia-pro.com\/index.php\/wp-json\/wp\/v2\/product_tag?post=40165"}],"curies":[{"name":"wp","href":"https:\/\/api.w.org\/{rel}","templated":true}]}}