{"id":38596,"date":"2023-01-11T11:47:46","date_gmt":"2023-01-11T11:47:46","guid":{"rendered":"https:\/\/milicia-pro.com\/?post_type=product&#038;p=38596"},"modified":"2025-06-05T17:23:45","modified_gmt":"2025-06-05T17:23:45","slug":"radio-portatil-dmr-uhf","status":"publish","type":"product","link":"https:\/\/milicia-pro.com\/index.php\/product\/radio-portatil-dmr-uhf\/","title":{"rendered":"RADIO PORT\u00c1TIL DMR UHF ou VHF CALTTA"},"content":{"rendered":"<div style=\"width: 640px;\" class=\"wp-video\"><video class=\"wp-video-shortcode\" id=\"video-38596-1\" width=\"640\" height=\"360\" preload=\"metadata\" controls=\"controls\"><source type=\"video\/mp4\" src=\"https:\/\/milicia-pro.com\/wp-content\/uploads\/2023\/01\/videoplayback-Trim.mp4?_=1\" \/><a href=\"https:\/\/milicia-pro.com\/wp-content\/uploads\/2023\/01\/videoplayback-Trim.mp4\">https:\/\/milicia-pro.com\/wp-content\/uploads\/2023\/01\/videoplayback-Trim.mp4<\/a><\/video><\/div>\n<p><strong>DESCRI\u00c7\u00c3O<\/strong><\/p>\n<ul>\n<li>Suporta DMR Tier2<\/li>\n<li>Fornece servi\u00e7o de voz de alta qualidade<\/li>\n<li>Responde ao chamado de usu\u00e1rios profissionais em qualquer lugar e qualquer hora<\/li>\n<\/ul>\n<p><strong>SUPORTA 2 SLOTS EM DMO E ROAMING<\/strong><\/p>\n<ul>\n<li>O PH600 pode suportar 2 solts em DMO que dobram a capacidade de comunica\u00e7\u00e3o<\/li>\n<li>Tamb\u00e9m suporta roaming em redes de repetidor IP<\/li>\n<\/ul>\n<p><strong>SOM ALTO E CLARO<\/strong><\/p>\n<p>Com design de \u00e1udio cuidadosamente otimizado, excelente codificador de \u00e1udio combinado, fornece som alto e claro<\/p>\n<p><strong>BATERIA DE GRANDE CAPACIDADE<\/strong><\/p>\n<p>Com bateria de 2600mAh e consumo de energia otimizado de DMR, a vida \u00fatil da bateria \u00e9 longa o suficiente para at\u00e9 20horas de opera\u00e7\u00e3o entre cargas.<\/p>\n<p><strong>CONFIGURA\u00c7\u00c3O ABUNDANTE<\/strong><\/p>\n<ul>\n<li>O PH600 como padr\u00e3o suporta chamada de emerg\u00eancia, trabalhador solit\u00e1rio, homem ca\u00eddo, rel\u00f3gio em tempo real, alerta vibrat\u00f3rio, GPS e Bluetooth.<\/li>\n<li>A grava\u00e7\u00e3o de voz a bordo e o cart\u00e3o TF para grava\u00e7\u00e3o de voz estendida a bordo s\u00e3o opcionais.<\/li>\n<\/ul>\n<p><strong>\u00a0<\/strong><strong>MAIOR SEGURAN\u00c7A<\/strong><\/p>\n<p>O padr\u00e3o DMR oferece maior seguran\u00e7a e confiabilidade para voz e dados do que o padr\u00e3o anal\u00f3gico.<\/p>\n<p><strong>QUALIDADE CONFI\u00c1VEL<\/strong><\/p>\n<p>Atende ao padr\u00e3o IP68 e \u00e9 adequado para trabalhos ao ar livre. Choque, vibra\u00e7\u00e3o, radia\u00e7\u00e3o solar e qualifica-se para todos os tipos de ambiente de trabalho severo.<\/p>\n","protected":false},"excerpt":{"rendered":"<p><a href=\"https:\/\/milicia-pro.com\/wp-content\/uploads\/2023\/01\/PH600-UHF-CALLTA.pdf\">PH600-UHF-CALLTA<\/a> <a href=\"https:\/\/milicia-pro.com\/wp-content\/uploads\/2023\/01\/PH600-VHF-CALTTA.pdf\">PH600-VHF-CALTTA<\/a><\/p>\n","protected":false},"featured_media":38598,"comment_status":"open","ping_status":"closed","template":"","meta":{"_monsterinsights_skip_tracking":false,"_monsterinsights_sitenote_active":false,"_monsterinsights_sitenote_note":"","_monsterinsights_sitenote_category":0},"product_brand":[],"product_cat":[1476,1000,829],"product_tag":[775,1002],"class_list":{"0":"post-38596","1":"product","2":"type-product","3":"status-publish","4":"has-post-thumbnail","6":"product_cat-comunicacao-navegacao","7":"product_cat-galicom","8":"product_cat-marcas","9":"product_tag-comunicacao","10":"product_tag-radio","12":"first","13":"instock","14":"shipping-taxable","15":"purchasable","16":"product-type-variable"},"aioseo_notices":[],"jetpack_sharing_enabled":true,"_links":{"self":[{"href":"https:\/\/milicia-pro.com\/index.php\/wp-json\/wp\/v2\/product\/38596","targetHints":{"allow":["GET"]}}],"collection":[{"href":"https:\/\/milicia-pro.com\/index.php\/wp-json\/wp\/v2\/product"}],"about":[{"href":"https:\/\/milicia-pro.com\/index.php\/wp-json\/wp\/v2\/types\/product"}],"replies":[{"embeddable":true,"href":"https:\/\/milicia-pro.com\/index.php\/wp-json\/wp\/v2\/comments?post=38596"}],"wp:featuredmedia":[{"embeddable":true,"href":"https:\/\/milicia-pro.com\/index.php\/wp-json\/wp\/v2\/media\/38598"}],"wp:attachment":[{"href":"https:\/\/milicia-pro.com\/index.php\/wp-json\/wp\/v2\/media?parent=38596"}],"wp:term":[{"taxonomy":"product_brand","embeddable":true,"href":"https:\/\/milicia-pro.com\/index.php\/wp-json\/wp\/v2\/product_brand?post=38596"},{"taxonomy":"product_cat","embeddable":true,"href":"https:\/\/milicia-pro.com\/index.php\/wp-json\/wp\/v2\/product_cat?post=38596"},{"taxonomy":"product_tag","embeddable":true,"href":"https:\/\/milicia-pro.com\/index.php\/wp-json\/wp\/v2\/product_tag?post=38596"}],"curies":[{"name":"wp","href":"https:\/\/api.w.org\/{rel}","templated":true}]}}