{"id":38244,"date":"2022-10-14T11:00:39","date_gmt":"2022-10-14T11:00:39","guid":{"rendered":"https:\/\/milicia-pro.com\/?post_type=product&#038;p=38244"},"modified":"2025-03-27T10:19:03","modified_gmt":"2025-03-27T10:19:03","slug":"lanterna-carregavel-de-3-vias-c-cabo-de-alimentacao-e-acumulador-militar-mil-tec","status":"publish","type":"product","link":"https:\/\/milicia-pro.com\/index.php\/product\/lanterna-carregavel-de-3-vias-c-cabo-de-alimentacao-e-acumulador-militar-mil-tec\/","title":{"rendered":"LANTERNA CARREG\u00c1VEL DE 3 VIAS MILITAR MIL-TEC\u00ae"},"content":{"rendered":"<p>Lanterna recarreg\u00e1vel de tr\u00eas vias, via cabo de alimenta\u00e7\u00e3o, c\u00e9lula solar ou volante, com constru\u00e7\u00e3o \u00e0 prova de \u00e1gua e um tempo de execu\u00e7\u00e3o aproximado de 3-4 horas.<\/p>\n<ul>\n<li>Recarga por via volante: 1 hora<\/li>\n<li>Recarga por c\u00e9lula solar: ca. 8-10 horas<\/li>\n<li>Recarga por cabo de alimenta\u00e7\u00e3o: ca. 2,5 \u2013 3 horas<\/li>\n<li>2 n\u00edveis \u2013 18 ou 36 LEDs<\/li>\n<li>Luz LED 360\u00ba<\/li>\n<li>Constru\u00e7\u00e3o imperme\u00e1vel<\/li>\n<li>Altura: 26cm<\/li>\n<li>Di\u00e2metro: cerca de 13,5cm<\/li>\n<li>Peso: 650g<\/li>\n<li>Cabo de carregamento de peso: 150g<\/li>\n<li>Bateria: 3.6V 600mAh Ni-MH<\/li>\n<li>Luminosidade: 100 lumens<\/li>\n<li>Tempo de queima: 3-4 horas<\/li>\n<li>M\u00e1ximo alcance: 10 metros<\/li>\n<\/ul>\n","protected":false},"excerpt":{"rendered":"<p>Lanterna recarreg\u00e1vel de tr\u00eas vias, via cabo de alimenta\u00e7\u00e3o, c\u00e9lula solar ou volante, com constru\u00e7\u00e3o \u00e0 prova de \u00e1gua e um tempo de execu\u00e7\u00e3o aproximado de 3-4 horas. Recarga por via volante: 1 hora Recarga por c\u00e9lula solar: ca. 8-10 horas Recarga por cabo de alimenta\u00e7\u00e3o: ca. 2,5 \u2013 3 horas 2 n\u00edveis \u2013 18 [&#8230;]\n","protected":false},"featured_media":38246,"comment_status":"open","ping_status":"closed","template":"","meta":{"_monsterinsights_skip_tracking":false,"_monsterinsights_sitenote_active":false,"_monsterinsights_sitenote_note":"","_monsterinsights_sitenote_category":0},"product_brand":[],"product_cat":[1064,1090,829,855],"product_tag":[728,969,193],"class_list":{"0":"post-38244","1":"product","2":"type-product","3":"status-publish","4":"has-post-thumbnail","6":"product_cat-equipamentotatico","7":"product_cat-lanterna","8":"product_cat-marcas","9":"product_cat-sturm-mil-tec","10":"product_tag-campismo","11":"product_tag-candeia","12":"product_tag-lanterna","14":"first","15":"instock","16":"shipping-taxable","17":"purchasable","18":"product-type-variable"},"aioseo_notices":[],"jetpack_sharing_enabled":true,"_links":{"self":[{"href":"https:\/\/milicia-pro.com\/index.php\/wp-json\/wp\/v2\/product\/38244","targetHints":{"allow":["GET"]}}],"collection":[{"href":"https:\/\/milicia-pro.com\/index.php\/wp-json\/wp\/v2\/product"}],"about":[{"href":"https:\/\/milicia-pro.com\/index.php\/wp-json\/wp\/v2\/types\/product"}],"replies":[{"embeddable":true,"href":"https:\/\/milicia-pro.com\/index.php\/wp-json\/wp\/v2\/comments?post=38244"}],"wp:featuredmedia":[{"embeddable":true,"href":"https:\/\/milicia-pro.com\/index.php\/wp-json\/wp\/v2\/media\/38246"}],"wp:attachment":[{"href":"https:\/\/milicia-pro.com\/index.php\/wp-json\/wp\/v2\/media?parent=38244"}],"wp:term":[{"taxonomy":"product_brand","embeddable":true,"href":"https:\/\/milicia-pro.com\/index.php\/wp-json\/wp\/v2\/product_brand?post=38244"},{"taxonomy":"product_cat","embeddable":true,"href":"https:\/\/milicia-pro.com\/index.php\/wp-json\/wp\/v2\/product_cat?post=38244"},{"taxonomy":"product_tag","embeddable":true,"href":"https:\/\/milicia-pro.com\/index.php\/wp-json\/wp\/v2\/product_tag?post=38244"}],"curies":[{"name":"wp","href":"https:\/\/api.w.org\/{rel}","templated":true}]}}