{"id":37879,"date":"2022-10-03T15:52:53","date_gmt":"2022-10-03T15:52:53","guid":{"rendered":"https:\/\/milicia-pro.com\/?post_type=product&#038;p=37879"},"modified":"2025-06-05T16:15:11","modified_gmt":"2025-06-05T16:15:11","slug":"estaca-de-aco-para-tenda-militar-mil-tec-23cm","status":"publish","type":"product","link":"https:\/\/milicia-pro.com\/index.php\/product\/estaca-de-aco-para-tenda-militar-mil-tec-23cm\/","title":{"rendered":"ESTACA DE A\u00c7O PARA TENDA MILITAR MIL-TEC\u00ae- 23CM"},"content":{"rendered":"<p>Estaca em 100% de a\u00e7o, com 23cm de comprimento \u00e9 pr\u00f3pria para manter segura ao ch\u00e3o uma tenda.<\/p>\n","protected":false},"excerpt":{"rendered":"<p>Pre\u00e7o \u00e0 unidade<\/p>\n","protected":false},"featured_media":37880,"comment_status":"open","ping_status":"closed","template":"","meta":{"_monsterinsights_skip_tracking":false,"_monsterinsights_sitenote_active":false,"_monsterinsights_sitenote_note":"","_monsterinsights_sitenote_category":0},"product_brand":[],"product_cat":[1473,829,1068,855],"product_tag":[862,861,733],"class_list":{"0":"post-37879","1":"product","2":"type-product","3":"status-publish","4":"has-post-thumbnail","6":"product_cat-acessorios","7":"product_cat-marcas","8":"product_cat-outdoor","9":"product_cat-sturm-mil-tec","10":"product_tag-espia","11":"product_tag-estaca","12":"product_tag-tenda","14":"first","15":"instock","16":"shipping-taxable","17":"purchasable","18":"product-type-variable"},"aioseo_notices":[],"jetpack_sharing_enabled":true,"_links":{"self":[{"href":"https:\/\/milicia-pro.com\/index.php\/wp-json\/wp\/v2\/product\/37879","targetHints":{"allow":["GET"]}}],"collection":[{"href":"https:\/\/milicia-pro.com\/index.php\/wp-json\/wp\/v2\/product"}],"about":[{"href":"https:\/\/milicia-pro.com\/index.php\/wp-json\/wp\/v2\/types\/product"}],"replies":[{"embeddable":true,"href":"https:\/\/milicia-pro.com\/index.php\/wp-json\/wp\/v2\/comments?post=37879"}],"wp:featuredmedia":[{"embeddable":true,"href":"https:\/\/milicia-pro.com\/index.php\/wp-json\/wp\/v2\/media\/37880"}],"wp:attachment":[{"href":"https:\/\/milicia-pro.com\/index.php\/wp-json\/wp\/v2\/media?parent=37879"}],"wp:term":[{"taxonomy":"product_brand","embeddable":true,"href":"https:\/\/milicia-pro.com\/index.php\/wp-json\/wp\/v2\/product_brand?post=37879"},{"taxonomy":"product_cat","embeddable":true,"href":"https:\/\/milicia-pro.com\/index.php\/wp-json\/wp\/v2\/product_cat?post=37879"},{"taxonomy":"product_tag","embeddable":true,"href":"https:\/\/milicia-pro.com\/index.php\/wp-json\/wp\/v2\/product_tag?post=37879"}],"curies":[{"name":"wp","href":"https:\/\/api.w.org\/{rel}","templated":true}]}}