{"id":37871,"date":"2022-10-03T15:28:17","date_gmt":"2022-10-03T15:28:17","guid":{"rendered":"https:\/\/milicia-pro.com\/?post_type=product&#038;p=37871"},"modified":"2025-06-05T15:10:09","modified_gmt":"2025-06-05T15:10:09","slug":"tenda-militar-mil-tec-pyramide-tipi","status":"publish","type":"product","link":"https:\/\/milicia-pro.com\/index.php\/product\/tenda-militar-mil-tec-pyramide-tipi\/","title":{"rendered":"TENDA MILITAR MIL-TEC\u00ae- PYRAMIDE \u201cTIPI\u201d"},"content":{"rendered":"<p>Tenda em forma t\u00edpica \u201ctipi\u201d, com espa\u00e7o confort\u00e1vel lado a lado para quatro pessoas. Grande abertura para entrar, com janela de ventila\u00e7\u00e3o. Composto por poliuretano robusto revestido por 190T poli\u00e9ster. O piso tamb\u00e9m \u00e9 de poli\u00e9ster, \u00e0 prova de \u00e1gua e previne a entrada de humidade e insetos. Usa estacas para ancorar. Esta tenda tem um mastro central (a\u00e7o Tubular) e tem ventila\u00e7\u00e3o no topo.<\/p>\n<p>DIMENS\u00d5ES:<\/p>\n<ul>\n<li>Material: poliuretano revestido por 190T poli\u00e9ster<\/li>\n<li>Material (piso): 120g\/m2 poli\u00e9ster<\/li>\n<li>Medidas 2,9 X 2,7 X 2,25 m Altura<\/li>\n<li>Tamanho da embalagem \u2013 64 x 16 x 16cm<\/li>\n<li>Coluna de \u00e1gua (resist\u00eancia m\u00e1xima \u00e0 \u00e1gua): 1000 mm<\/li>\n<li>Capacidade para 4 pessoas<\/li>\n<li>Peso \u2013 4,6Kg<\/li>\n<\/ul>\n","protected":false},"excerpt":{"rendered":"<p>Brevemente Dispon\u00edvel<\/p>\n","protected":false},"featured_media":37873,"comment_status":"open","ping_status":"closed","template":"","meta":{"_monsterinsights_skip_tracking":false,"_monsterinsights_sitenote_active":false,"_monsterinsights_sitenote_note":"","_monsterinsights_sitenote_category":0},"product_brand":[],"product_cat":[829,1068,855,1227],"product_tag":[728,95,857,733],"class_list":{"0":"post-37871","1":"product","2":"type-product","3":"status-publish","4":"has-post-thumbnail","6":"product_cat-marcas","7":"product_cat-outdoor","8":"product_cat-sturm-mil-tec","9":"product_cat-tenda","10":"product_tag-campismo","11":"product_tag-campo","12":"product_tag-militar","13":"product_tag-tenda","15":"first","16":"instock","17":"shipping-taxable","18":"purchasable","19":"product-type-variable"},"aioseo_notices":[],"jetpack_sharing_enabled":true,"_links":{"self":[{"href":"https:\/\/milicia-pro.com\/index.php\/wp-json\/wp\/v2\/product\/37871","targetHints":{"allow":["GET"]}}],"collection":[{"href":"https:\/\/milicia-pro.com\/index.php\/wp-json\/wp\/v2\/product"}],"about":[{"href":"https:\/\/milicia-pro.com\/index.php\/wp-json\/wp\/v2\/types\/product"}],"replies":[{"embeddable":true,"href":"https:\/\/milicia-pro.com\/index.php\/wp-json\/wp\/v2\/comments?post=37871"}],"wp:featuredmedia":[{"embeddable":true,"href":"https:\/\/milicia-pro.com\/index.php\/wp-json\/wp\/v2\/media\/37873"}],"wp:attachment":[{"href":"https:\/\/milicia-pro.com\/index.php\/wp-json\/wp\/v2\/media?parent=37871"}],"wp:term":[{"taxonomy":"product_brand","embeddable":true,"href":"https:\/\/milicia-pro.com\/index.php\/wp-json\/wp\/v2\/product_brand?post=37871"},{"taxonomy":"product_cat","embeddable":true,"href":"https:\/\/milicia-pro.com\/index.php\/wp-json\/wp\/v2\/product_cat?post=37871"},{"taxonomy":"product_tag","embeddable":true,"href":"https:\/\/milicia-pro.com\/index.php\/wp-json\/wp\/v2\/product_tag?post=37871"}],"curies":[{"name":"wp","href":"https:\/\/api.w.org\/{rel}","templated":true}]}}