{"id":37829,"date":"2022-09-22T10:51:31","date_gmt":"2022-09-22T10:51:31","guid":{"rendered":"https:\/\/milicia-pro.com\/?post_type=product&#038;p=37829"},"modified":"2025-06-05T14:03:28","modified_gmt":"2025-06-05T14:03:28","slug":"mochila-tactica-dissimulada-p-transporte-de-arma","status":"publish","type":"product","link":"https:\/\/milicia-pro.com\/index.php\/product\/mochila-tactica-dissimulada-p-transporte-de-arma\/","title":{"rendered":"MOCHILA TACTICA DISSIMULADA P\/ TRANSPORTE DE ARMA"},"content":{"rendered":"<p>A mochila Transformer Covert da SnigelDesign \u00e9 uma bolsa de transporte de armas oculta que se converte num porta-placas de tamanho normal em menos de 30 segundos.<\/p>\n<p>Esta mochila\/mala tem uma apar\u00eancia civil do lado de fora e possui MOLLE Velcro no interior para fixa\u00e7\u00e3o e transporte oculto de equipamentos, pistolas e metralhadoras. Pode ser usada como mochila, bolsa de ombro ou sacola. Pode ser inserida uma placa bal\u00edstica na frente e atr\u00e1s de cada lado da mala. \u00c9 ideal para ser utilizada por rep\u00f3rteres da imprensa, trabalhadores da ajuda humanit\u00e1ria e apoio m\u00e9dico em ambientes de conflito.<\/p>\n<p>MATERIAL:<\/p>\n<ul>\n<li>100% poliamida (cordura);<\/li>\n<li>Fechos YKK\u00ae;<\/li>\n<li>Fechos e fivelas Duraflex\u00ae<\/li>\n<\/ul>\n<p>DETALHES:<\/p>\n<ul>\n<li>\u00c1rea traseira acolchoada em airmesh<\/li>\n<li>Al\u00e7as de ombro acolchoadas e ergon\u00f4micas com fivelas de libera\u00e7\u00e3o r\u00e1pida<\/li>\n<li>Al\u00e7a de peito com fivela de llibera\u00e7\u00e3o r\u00e1pida<\/li>\n<li>Al\u00e7a de ombro remov\u00edvel<\/li>\n<li>2 al\u00e7as de transporte<\/li>\n<li>1 bolso exterior plano com fecho com 7 bolsos para canetas e 1 compartimento com fecho com divisor<\/li>\n<li>Grande compartimento principal forrado com velcro MOLLE com um compartimento com fecho YKK<\/li>\n<li>Compartimento traseiro oculto com acesso por fecho YKK de ambos os lados<\/li>\n<li>Bolsos deslizantes para placas de prote\u00e7\u00e3o bal\u00edstica<\/li>\n<li>Cintura el\u00e1stica e al\u00e7as de ombro<\/li>\n<li>Coldre de pistola universal com velcro nas costas<\/li>\n<li>Passagens de cabo e canais de cabo ocultos<\/li>\n<li>Dimens\u00f5es aprox.: 52 x 35 x 14<\/li>\n<li>Peso aprox.: 2050g<\/li>\n<\/ul>\n","protected":false},"excerpt":{"rendered":"<p>A mochila Transformer Covert da SnigelDesign \u00e9 uma bolsa de transporte de armas oculta que se converte num porta-placas de tamanho normal em menos de 30 segundos. Esta mochila\/mala tem uma apar\u00eancia civil do lado de fora e possui MOLLE Velcro no interior para fixa\u00e7\u00e3o e transporte oculto de equipamentos, pistolas e metralhadoras. Pode ser [&#8230;]\n","protected":false},"featured_media":37831,"comment_status":"open","ping_status":"closed","template":"","meta":{"_monsterinsights_skip_tracking":false,"_monsterinsights_sitenote_active":false,"_monsterinsights_sitenote_note":"","_monsterinsights_sitenote_category":0},"product_brand":[],"product_cat":[1470,1108,829,1467],"product_tag":[64,124,205,215],"class_list":{"0":"post-37829","1":"product","2":"type-product","3":"status-publish","4":"has-post-thumbnail","6":"product_cat-black-pearl-protection","7":"product_cat-malas-p-arma","8":"product_cat-marcas","9":"product_cat-mochilas-bolsas","10":"product_tag-arma","11":"product_tag-colete-balistico","12":"product_tag-mala","13":"product_tag-mochila","15":"first","16":"instock","17":"shipping-taxable","18":"purchasable","19":"product-type-variable"},"aioseo_notices":[],"jetpack_sharing_enabled":true,"_links":{"self":[{"href":"https:\/\/milicia-pro.com\/index.php\/wp-json\/wp\/v2\/product\/37829","targetHints":{"allow":["GET"]}}],"collection":[{"href":"https:\/\/milicia-pro.com\/index.php\/wp-json\/wp\/v2\/product"}],"about":[{"href":"https:\/\/milicia-pro.com\/index.php\/wp-json\/wp\/v2\/types\/product"}],"replies":[{"embeddable":true,"href":"https:\/\/milicia-pro.com\/index.php\/wp-json\/wp\/v2\/comments?post=37829"}],"wp:featuredmedia":[{"embeddable":true,"href":"https:\/\/milicia-pro.com\/index.php\/wp-json\/wp\/v2\/media\/37831"}],"wp:attachment":[{"href":"https:\/\/milicia-pro.com\/index.php\/wp-json\/wp\/v2\/media?parent=37829"}],"wp:term":[{"taxonomy":"product_brand","embeddable":true,"href":"https:\/\/milicia-pro.com\/index.php\/wp-json\/wp\/v2\/product_brand?post=37829"},{"taxonomy":"product_cat","embeddable":true,"href":"https:\/\/milicia-pro.com\/index.php\/wp-json\/wp\/v2\/product_cat?post=37829"},{"taxonomy":"product_tag","embeddable":true,"href":"https:\/\/milicia-pro.com\/index.php\/wp-json\/wp\/v2\/product_tag?post=37829"}],"curies":[{"name":"wp","href":"https:\/\/api.w.org\/{rel}","templated":true}]}}