{"id":36245,"date":"2022-09-01T19:29:05","date_gmt":"2022-09-01T19:29:05","guid":{"rendered":"https:\/\/milicia-pro.com\/?post_type=product&#038;p=36245"},"modified":"2023-02-27T21:23:20","modified_gmt":"2023-02-27T21:23:20","slug":"kidon-k1-para-glock-gen-3-4-5","status":"publish","type":"product","link":"https:\/\/milicia-pro.com\/index.php\/product\/kidon-k1-para-glock-gen-3-4-5\/","title":{"rendered":"KIDON K1 PARA GLOCK (GEN 3\/4\/5)"},"content":{"rendered":"<p><img loading=\"lazy\" decoding=\"async\" class=\"alignnone wp-image-26913\" src=\"https:\/\/miliciapro.com\/wp-content\/uploads\/2022\/04\/IMI.KIDON-K1-01.jpg\" alt=\"\" width=\"551\" height=\"310\" \/><\/p>\n<p>Kit de convers\u00e3o modular IMI DEFENSE Kidon K1 &#8211; para pistolas Glock (Gen 3, 4 e 5). Ambidestro &#8211; modifica\u00e7\u00e3o da direita para a esquerda em segundos &#8211; ergon\u00f4mico, extremamente robusto (testado em combate e sob condi\u00e7\u00f5es extremas), com amortecedor de recuo, pol\u00edmero endurecido e constru\u00e7\u00e3o em alum\u00ednio.<\/p>\n<p>Equipado com 4 trilhos Picatinny (trilho longo superior &#8211; trilho semilongo inferior &#8211; 2 trilhos laterais curtos), fornecidos com o estoque IMI DEFENSE TS2, o punho t\u00e1tico IMI DEFENSE FSG1, o conjunto ocular-guiador IMI DEFENSE TRS.<\/p>\n<p>Modular e universal, permite adapta\u00e7\u00e3o SEM MUDAN\u00c7A DE KIT para pistolas Glock, CZ, SIG SAUER, JERICHO, Beretta, Tanfoglio, H&amp;K, Grand Power, Canik, Springfield, S&amp;W e FN &#8211; CONSULTE-NOS PARA ADAPTADORES PARA SUA ARMA.<\/p>\n<p>Com 4Kg de peso.<\/p>\n<h3><strong>PARA PISTOLAS:<\/strong><\/h3>\n<ul>\n<li>GLOCK 17\/19\/20\/22\/23\/24\/25\/29\/30\/31\/32\/34\/35\/36\/37\/38\/40<\/li>\n<\/ul>\n<h3><strong>Dados do produto:<\/strong><\/h3>\n<ul>\n<li>MODULAR: MUDAN\u00c7A DE PISTOLA (CZ, SIG, H &amp; K &#8230;) COM UM ADAPTADOR SIMPLES<\/li>\n<li>CONFORTO: SISTEMA INTEGRADO DE ABSOR\u00c7\u00c3O DE RECOIL &#8211; TOTALMENTE AMBIDEXTROUS<\/li>\n<li>ADEQUADO PARA TODAS AS MISS\u00d5ES: 4 TRILHOS DE PICATINNY (INFERIOR &#8211; SUPERIOR &#8211; LADO)<\/li>\n<\/ul>\n<h3><strong>ESTOJO:<\/strong><\/h3>\n<ul>\n<li>KIDON KIT<\/li>\n<li>CROSSE IMI DEFENSA TS2 \/ comprimento ajust\u00e1vel \/ suporta bochecha ajust\u00e1vel \/ pol\u00edmero refor\u00e7ado \/ fixadores 2 para QD<\/li>\n<li>GUID\u00c3O IMI DEFENSE TRS \/ AR15 \/ M4 alinhamento padr\u00e3o &#8211; alinhamento ponto vermelho<\/li>\n<li>INCENSE TACTICAL HANDLE IMI DEFESA FSG1 \/ posicionado no baixo trilho picatinny frente<\/li>\n<li>QD PORT E 1 SLING<\/li>\n<\/ul>\n<h3><strong>TESTADO EM CONDI\u00c7\u00d5ES EXTREMAS:<\/strong><\/h3>\n<ul>\n<li>LABORAT\u00d3RIO TESTADO EM 15000 CURSOS 9 \u00d7 19 e 5000 CURSOS 45 &#8211; permanece perfeitamente funcional<\/li>\n<li>COMBATE TESTADO &#8211; em \u00e1reas urbanas e semides\u00e9rticas<\/li>\n<\/ul>\n","protected":false},"excerpt":{"rendered":"<p>Brevemente Dispon\u00edvel<\/p>\n<div style=\"width: 1020px;\" class=\"wp-video\"><video class=\"wp-video-shortcode\" id=\"video-36245-1\" width=\"1020\" height=\"574\" preload=\"metadata\" controls=\"controls\"><source type=\"video\/mp4\" src=\"https:\/\/miliciapro.com\/wp-content\/uploads\/2022\/04\/IMI.KIDON-K1-09_Trim.mp4?_=1\" \/><a href=\"https:\/\/miliciapro.com\/wp-content\/uploads\/2022\/04\/IMI.KIDON-K1-09_Trim.mp4\">https:\/\/miliciapro.com\/wp-content\/uploads\/2022\/04\/IMI.KIDON-K1-09_Trim.mp4<\/a><\/video><\/div>\n","protected":false},"featured_media":36335,"comment_status":"open","ping_status":"closed","template":"","meta":{"_monsterinsights_skip_tracking":false,"_monsterinsights_sitenote_active":false,"_monsterinsights_sitenote_note":"","_monsterinsights_sitenote_category":0},"product_brand":[],"product_cat":[1115,873,1117,829],"product_tag":[608,808,243],"class_list":{"0":"post-36245","1":"product","2":"type-product","3":"status-publish","4":"has-post-thumbnail","6":"product_cat-acessorios-armas","7":"product_cat-imi-defense","8":"product_cat-kidon","9":"product_cat-marcas","10":"product_tag-glock","11":"product_tag-kidon","12":"product_tag-pistola","14":"first","15":"instock","16":"shipping-taxable","17":"purchasable","18":"product-type-simple"},"aioseo_notices":[],"jetpack_sharing_enabled":true,"_links":{"self":[{"href":"https:\/\/milicia-pro.com\/index.php\/wp-json\/wp\/v2\/product\/36245","targetHints":{"allow":["GET"]}}],"collection":[{"href":"https:\/\/milicia-pro.com\/index.php\/wp-json\/wp\/v2\/product"}],"about":[{"href":"https:\/\/milicia-pro.com\/index.php\/wp-json\/wp\/v2\/types\/product"}],"replies":[{"embeddable":true,"href":"https:\/\/milicia-pro.com\/index.php\/wp-json\/wp\/v2\/comments?post=36245"}],"wp:featuredmedia":[{"embeddable":true,"href":"https:\/\/milicia-pro.com\/index.php\/wp-json\/wp\/v2\/media\/36335"}],"wp:attachment":[{"href":"https:\/\/milicia-pro.com\/index.php\/wp-json\/wp\/v2\/media?parent=36245"}],"wp:term":[{"taxonomy":"product_brand","embeddable":true,"href":"https:\/\/milicia-pro.com\/index.php\/wp-json\/wp\/v2\/product_brand?post=36245"},{"taxonomy":"product_cat","embeddable":true,"href":"https:\/\/milicia-pro.com\/index.php\/wp-json\/wp\/v2\/product_cat?post=36245"},{"taxonomy":"product_tag","embeddable":true,"href":"https:\/\/milicia-pro.com\/index.php\/wp-json\/wp\/v2\/product_tag?post=36245"}],"curies":[{"name":"wp","href":"https:\/\/api.w.org\/{rel}","templated":true}]}}