{"id":35443,"date":"2022-09-01T19:15:51","date_gmt":"2022-09-01T19:15:51","guid":{"rendered":"https:\/\/milicia-pro.com\/?post_type=product&#038;p=35443"},"modified":"2026-01-13T18:09:38","modified_gmt":"2026-01-13T18:09:38","slug":"wolverine-fsr-red-dot-sight","status":"publish","type":"product","link":"https:\/\/milicia-pro.com\/index.php\/product\/wolverine-fsr-red-dot-sight\/","title":{"rendered":"WOLVERINE FSR RED DOT SIGHT"},"content":{"rendered":"<p><img loading=\"lazy\" decoding=\"async\" class=\"alignnone wp-image-24584\" src=\"https:\/\/miliciapro.com\/wp-content\/uploads\/2022\/03\/ECO.SM26020-08.png\" alt=\"\" width=\"334\" height=\"216\" \/><\/p>\n<p>Projetada para um curto alcance e aquisi\u00e7\u00e3o r\u00e1pida de alvos, a mira Wolverine FSR 1&#215;28 \u00e9 uma \u00f3ptica de ponto vermelho dur\u00e1vel com um ret\u00edculo de ponto 2MOA. Tem um consumo extremamente baixo de energia pelo que oferece uma incr\u00edvel dura\u00e7\u00e3o de bateria de 1.000.000 horas em uso baixo e 6 anos de uso cont\u00ednuo na configura\u00e7\u00e3o 6 de apenas uma \u00fanica bateria AA. Blindada em borracha e constru\u00edda numa \u00fanica pe\u00e7a de alum\u00ednio 6061-T6, a mira Wolverine \u00e9 \u00e0 prova de \u00e1gua, \u00e0 prova de embaciamento e \u00e0 prova de choque. O vidro \u00e9 protegido por um revestimento de lente antirreflexo e resistente a riscos. Todas as Wolverines possuem modos de vis\u00e3o noturna, tornando-as compat\u00edveis com dispositivos de vis\u00e3o noturna. Possui controles de interruptores digitais ergon\u00f4micos, tornando-a r\u00e1pida e f\u00e1cil de operar.<\/p>\n<p>&nbsp;<\/p>\n<p>Inclu\u00eddo no Pacote<\/p>\n<ul>\n<li>tampa da lente de borracha<\/li>\n<li>montagem Picatinny<\/li>\n<li>Riser para co-testemunha absoluta<\/li>\n<li>Manual<\/li>\n<\/ul>\n<p>Baterias usadas<\/p>\n<ul>\n<li>Tipo: AA<\/li>\n<li>Quantidade: 1<\/li>\n<\/ul>\n","protected":false},"excerpt":{"rendered":"<p>Projetada para um curto alcance e aquisi\u00e7\u00e3o r\u00e1pida de alvos, a mira Wolverine FSR 1&#215;28 \u00e9 uma \u00f3ptica de ponto vermelho dur\u00e1vel com um ret\u00edculo de ponto 2MOA. Tem um consumo extremamente baixo de energia pelo que oferece uma incr\u00edvel dura\u00e7\u00e3o de bateria de 1.000.000 horas em uso baixo e 6 anos de uso cont\u00ednuo [&#8230;]\n","protected":false},"featured_media":35583,"comment_status":"open","ping_status":"closed","template":"","meta":{"_monsterinsights_skip_tracking":false,"_monsterinsights_sitenote_active":false,"_monsterinsights_sitenote_note":"","_monsterinsights_sitenote_category":0},"product_brand":[1603],"product_cat":[1115,1064,829,1093,1070,980],"product_tag":[64,779,786],"class_list":{"0":"post-35443","1":"product","2":"type-product","3":"status-publish","4":"has-post-thumbnail","6":"product_brand-sightmark","7":"product_cat-acessorios-armas","8":"product_cat-equipamentotatico","9":"product_cat-marcas","10":"product_cat-miras","11":"product_cat-optica","12":"product_cat-eco-globe","13":"product_tag-arma","14":"product_tag-luneta","15":"product_tag-mira","17":"first","18":"instock","19":"shipping-taxable","20":"purchasable","21":"product-type-variable"},"aioseo_notices":[],"jetpack_sharing_enabled":true,"_links":{"self":[{"href":"https:\/\/milicia-pro.com\/index.php\/wp-json\/wp\/v2\/product\/35443","targetHints":{"allow":["GET"]}}],"collection":[{"href":"https:\/\/milicia-pro.com\/index.php\/wp-json\/wp\/v2\/product"}],"about":[{"href":"https:\/\/milicia-pro.com\/index.php\/wp-json\/wp\/v2\/types\/product"}],"replies":[{"embeddable":true,"href":"https:\/\/milicia-pro.com\/index.php\/wp-json\/wp\/v2\/comments?post=35443"}],"wp:featuredmedia":[{"embeddable":true,"href":"https:\/\/milicia-pro.com\/index.php\/wp-json\/wp\/v2\/media\/35583"}],"wp:attachment":[{"href":"https:\/\/milicia-pro.com\/index.php\/wp-json\/wp\/v2\/media?parent=35443"}],"wp:term":[{"taxonomy":"product_brand","embeddable":true,"href":"https:\/\/milicia-pro.com\/index.php\/wp-json\/wp\/v2\/product_brand?post=35443"},{"taxonomy":"product_cat","embeddable":true,"href":"https:\/\/milicia-pro.com\/index.php\/wp-json\/wp\/v2\/product_cat?post=35443"},{"taxonomy":"product_tag","embeddable":true,"href":"https:\/\/milicia-pro.com\/index.php\/wp-json\/wp\/v2\/product_tag?post=35443"}],"curies":[{"name":"wp","href":"https:\/\/api.w.org\/{rel}","templated":true}]}}