{"id":34234,"date":"2022-09-01T18:53:04","date_gmt":"2022-09-01T18:53:04","guid":{"rendered":"https:\/\/milicia-pro.com\/?post_type=product&#038;p=34234"},"modified":"2026-02-23T15:43:47","modified_gmt":"2026-02-23T15:43:47","slug":"sightmark-wolverine-1x23-csr-lqd-red-dot-sight","status":"publish","type":"product","link":"https:\/\/milicia-pro.com\/index.php\/product\/sightmark-wolverine-1x23-csr-lqd-red-dot-sight\/","title":{"rendered":"SIGHTMARK WOLVERINE 1&#215;23 CSR LQD RED DOT SIGHT"},"content":{"rendered":"<p><strong>Caracter\u00edsticas principais<\/strong><\/p>\n<ul>\n<li>Ret\u00edcula iluminada de 4 pontos MOA<\/li>\n<li>Dez n\u00edveis de brilho, compat\u00edvel com NVG<\/li>\n<li>1 MOA \/ Click, 120 MOA Elevation &amp; Windage<\/li>\n<li>Tempo de execu\u00e7\u00e3o de 1 milh\u00e3o de horas no m\u00ednimo<\/li>\n<li>Revestimento de lente anti-reflexo<\/li>\n<\/ul>\n<p><em>Projetado para uso em espingardas e rifles de cano curto, o\u00a0<strong>Wolverine 1&#215;23 CSR LQD Red Dot Sight<\/strong>\u00a0oferece um ponto de mira 4 MOA com 10 n\u00edveis de brilho, incluindo dois que s\u00e3o compat\u00edveis com equipamento de vis\u00e3o noturna.\u00a0O ponto de impacto se ajusta a 1 MOA por clique, com 120 MOA totais de eleva\u00e7\u00e3o e varia\u00e7\u00f5es de ajuste de vento.\u00a0Esta \u00f3tica \u00e9 t\u00e3o eficiente que pode funcionar por um milh\u00e3o de horas com uma bateria AA, com o ret\u00edculo na configura\u00e7\u00e3o mais baixa;\u00a0o tempo de execu\u00e7\u00e3o no n\u00edvel 6 \u00e9 de 50.000 horas, e voc\u00ea obter\u00e1 900 horas de bateria se usar a configura\u00e7\u00e3o mais brilhante o tempo todo.\u00a0O Wolverine \u00e9 constru\u00eddo para os rigores do campo, resistente \u00e0 \u00e1gua com classifica\u00e7\u00e3o IP67, submers\u00edvel at\u00e9 3,3 &#8216;e testado contra recuo at\u00e9 800 Gs.\u00a0Ele \u00e9 montado nos trilhos Picatinny e Weaver.<\/em><\/p>\n<p>Desempenho \u00d3tico<\/p>\n<ul>\n<li>Amplia\u00e7\u00e3o de 1,0x<\/li>\n<li>23 mm de di\u00e2metro da objetiva<\/li>\n<li>\u00d3tica revestida anti-reflexo para maior transmiss\u00e3o de luz ideal e uma imagem n\u00edtida<\/li>\n<li>Al\u00edvio de olho ilimitado<\/li>\n<\/ul>\n<p>Uso e manuseio<\/p>\n<ul>\n<li>Ret\u00edculo de ponto vermelho iluminado 4 MOA<\/li>\n<li>10 n\u00edveis de brilho, incluindo dois adequados para equipamentos de vis\u00e3o noturna<\/li>\n<li>1 corre\u00e7\u00e3o de tiro MOA, 120 ajustes de vento \/ eleva\u00e7\u00e3o MOA<\/li>\n<\/ul>\n<p>Detalhes de constru\u00e7\u00e3o<\/p>\n<ul>\n<li>Riser inclu\u00eddo para co-testemunha absoluta<\/li>\n<li>Montagem em trilho Picatinny \/ Weaver<\/li>\n<li>Com classifica\u00e7\u00e3o IP67, submers\u00edvel at\u00e9 3,3 &#8216;<\/li>\n<li>\u00c0 prova de neblina<\/li>\n<li>Teste de recuo para 800 Gs<\/li>\n<li>Constru\u00e7\u00e3o de alum\u00ednio 6061-T6<\/li>\n<li>Tempo de execu\u00e7\u00e3o extraordin\u00e1rio de 1 milh\u00e3o de horas na configura\u00e7\u00e3o mais baixa, 900 horas no m\u00e1ximo, 50.000 horas no N\u00edvel 6<\/li>\n<li>Funciona com uma bateria AA<\/li>\n<\/ul>\n","protected":false},"excerpt":{"rendered":"<p>Caracter\u00edsticas principais Ret\u00edcula iluminada de 4 pontos MOA Dez n\u00edveis de brilho, compat\u00edvel com NVG 1 MOA \/ Click, 120 MOA Elevation &amp; Windage Tempo de execu\u00e7\u00e3o de 1 milh\u00e3o de horas no m\u00ednimo Revestimento de lente anti-reflexo Projetado para uso em espingardas e rifles de cano curto, o\u00a0Wolverine 1&#215;23 CSR LQD Red Dot Sight\u00a0oferece [&#8230;]\n","protected":false},"featured_media":34275,"comment_status":"open","ping_status":"closed","template":"","meta":{"_monsterinsights_skip_tracking":false,"_monsterinsights_sitenote_active":false,"_monsterinsights_sitenote_note":"","_monsterinsights_sitenote_category":0},"product_brand":[1603],"product_cat":[1115,1064,829,1093,1070,980],"product_tag":[],"class_list":{"0":"post-34234","1":"product","2":"type-product","3":"status-publish","4":"has-post-thumbnail","6":"product_brand-sightmark","7":"product_cat-acessorios-armas","8":"product_cat-equipamentotatico","9":"product_cat-marcas","10":"product_cat-miras","11":"product_cat-optica","12":"product_cat-eco-globe","14":"first","15":"outofstock","16":"shipping-taxable","17":"purchasable","18":"product-type-variable"},"aioseo_notices":[],"jetpack_sharing_enabled":true,"_links":{"self":[{"href":"https:\/\/milicia-pro.com\/index.php\/wp-json\/wp\/v2\/product\/34234","targetHints":{"allow":["GET"]}}],"collection":[{"href":"https:\/\/milicia-pro.com\/index.php\/wp-json\/wp\/v2\/product"}],"about":[{"href":"https:\/\/milicia-pro.com\/index.php\/wp-json\/wp\/v2\/types\/product"}],"replies":[{"embeddable":true,"href":"https:\/\/milicia-pro.com\/index.php\/wp-json\/wp\/v2\/comments?post=34234"}],"wp:featuredmedia":[{"embeddable":true,"href":"https:\/\/milicia-pro.com\/index.php\/wp-json\/wp\/v2\/media\/34275"}],"wp:attachment":[{"href":"https:\/\/milicia-pro.com\/index.php\/wp-json\/wp\/v2\/media?parent=34234"}],"wp:term":[{"taxonomy":"product_brand","embeddable":true,"href":"https:\/\/milicia-pro.com\/index.php\/wp-json\/wp\/v2\/product_brand?post=34234"},{"taxonomy":"product_cat","embeddable":true,"href":"https:\/\/milicia-pro.com\/index.php\/wp-json\/wp\/v2\/product_cat?post=34234"},{"taxonomy":"product_tag","embeddable":true,"href":"https:\/\/milicia-pro.com\/index.php\/wp-json\/wp\/v2\/product_tag?post=34234"}],"curies":[{"name":"wp","href":"https:\/\/api.w.org\/{rel}","templated":true}]}}