{"id":33987,"date":"2022-09-01T18:48:18","date_gmt":"2022-09-01T18:48:18","guid":{"rendered":"https:\/\/milicia-pro.com\/?post_type=product&#038;p=33987"},"modified":"2025-03-10T14:36:10","modified_gmt":"2025-03-10T14:36:10","slug":"navalha-krait-spear","status":"publish","type":"product","link":"https:\/\/milicia-pro.com\/index.php\/product\/navalha-krait-spear\/","title":{"rendered":"NAVALHA KRAIT SPEAR"},"content":{"rendered":"<p>A Krait Knife Spear \u00e9 uma coopera\u00e7\u00e3o entre a First Tactical e o famoso designer de faca Mike Vellekamp para criar a faca utilit\u00e1ria avan\u00e7ada perfeita.<\/p>\n<p>O Krait \u00e9 constru\u00eddo com uma estrutura e l\u00e2mina mais finas para um melhor ajuste no bolso e uma implementa\u00e7\u00e3o r\u00e1pida.<\/p>\n<p>Liner Lock, nossa inovadora Thumb Bridge Technology \u2122 e o complexo recurvo de l\u00e2mina c\u00f4ncava se unem para uma parceria ideal.<\/p>\n<p>&nbsp;<\/p>\n<p>ESPECIFICA\u00c7\u00d5ES<\/p>\n<ul>\n<li>L\u00e2mina: a\u00e7o D2<\/li>\n<li>Al\u00e7a: G-10<\/li>\n<li>Comprimento da l\u00e2mina: 3,51 pol \/ 89,15 mm<\/li>\n<li>Espessura da l\u00e2mina: 0,75 pol \/ 19,05 mm<\/li>\n<li>Espessura do revestimento: 0,4 pol \/ 10,16 mm<\/li>\n<li>Comprimento aberto: 8,25 pol. \/ 209,55 mm<\/li>\n<li>Comprimento fechado: 4,74 pol \/ 120,40 mm<\/li>\n<li>Peso: 4,57 oz \/ 129,6g<\/li>\n<\/ul>\n<p>&nbsp;<\/p>\n<p><img loading=\"lazy\" decoding=\"async\" class=\"alignnone wp-image-20470\" src=\"https:\/\/miliciapro.com\/wp-content\/uploads\/2020\/08\/Krait_Knife-1_720x-1.jpg\" alt=\"\" width=\"211\" height=\"111\" \/><\/p>\n<p class=\"h3\" style=\"background: #F7F7F7;margin: 0cm 0cm 18.75pt 0cm\"><b><span style=\"font-size: 22.0pt;font-family: 'Arial',sans-serif;color: black;text-transform: uppercase\">D2 STEEL<\/span><\/b><\/p>\n<p style=\"margin: 0cm;margin-bottom: .0001pt;background: #F7F7F7\" data-open-accessibility-text-original=\"17.6px\"><span style=\"font-size: 13.0pt;font-family: 'Arial',sans-serif;color: black;letter-spacing: .3pt\">O Krait apresenta um a\u00e7o D2 com alto teor de carbono e cromo, o a\u00e7o mais forte de todas as facas First Tactical.<\/span><\/p>\n<p data-open-accessibility-text-original=\"17.6px\"><img loading=\"lazy\" decoding=\"async\" class=\"alignnone wp-image-20471\" src=\"https:\/\/miliciapro.com\/wp-content\/uploads\/2020\/08\/Krait_Knife-2_720x.jpg\" alt=\"\" width=\"244\" height=\"128\" \/><\/p>\n<p class=\"h3\" style=\"background: #F7F7F7;margin: 0cm 0cm 18.75pt 0cm\"><b><span style=\"font-size: 22.0pt;font-family: 'Arial',sans-serif;color: black;text-transform: uppercase\">BLADE GRIND<\/span><\/b><\/p>\n<p style=\"margin: 0cm;margin-bottom: .0001pt;background: #F7F7F7\" data-open-accessibility-text-original=\"17.6px\"><span style=\"font-size: 13.0pt;font-family: 'Arial',sans-serif;color: black;letter-spacing: .3pt\">A complexa curva convexa permite que os usu\u00e1rios mantenham os objectos cortados centralizados na l\u00e2mina.<\/span><\/p>\n<p data-open-accessibility-text-original=\"17.6px\"><img loading=\"lazy\" decoding=\"async\" class=\"alignnone wp-image-20472\" src=\"https:\/\/miliciapro.com\/wp-content\/uploads\/2020\/08\/Capturar.jpg\" alt=\"\" width=\"198\" height=\"102\" \/><\/p>\n<p class=\"h3\" style=\"background: #F7F7F7;margin: 0cm 0cm 18.75pt 0cm\"><b><span style=\"font-size: 22.0pt;font-family: 'Arial',sans-serif;color: black;text-transform: uppercase\">THUMB BRIDGE TECHNOLOGY \u2122<\/span><\/b><\/p>\n<p style=\"margin: 0cm;margin-bottom: .0001pt;background: #F7F7F7\" data-open-accessibility-text-original=\"17.6px\"><span style=\"font-size: 13.0pt;font-family: 'Arial',sans-serif;color: black;letter-spacing: .3pt\">A Specialized Thumb Bridge Technology \u2122 fornece a m\u00e3o enluvada ou sem luva com facilidade de abertura em todas as condi\u00e7\u00f5es com maior firmeza e controle habilidoso de sua l\u00e2mina.\u00a0Enquanto aberto, o Thumb Bridge \u2122 e choils de l\u00e2mina permitem que voc\u00ea engasgue com a faca para corte fino e trabalho com a faca.<\/span><\/p>\n<p>&nbsp;<\/p>\n<p>&nbsp;<\/p>\n<p><iframe loading=\"lazy\" title=\"The Krait Knife Spear\" width=\"1020\" height=\"574\" src=\"https:\/\/www.youtube.com\/embed\/vqgWkyWGIBI?feature=oembed\" frameborder=\"0\" allow=\"accelerometer; autoplay; clipboard-write; encrypted-media; gyroscope; picture-in-picture; web-share\" referrerpolicy=\"strict-origin-when-cross-origin\" allowfullscreen><\/iframe><\/p>\n","protected":false},"excerpt":{"rendered":"<p>A Krait Knife Spear \u00e9 uma coopera\u00e7\u00e3o entre a First Tactical e o famoso designer de faca Mike Vellekamp para criar a faca utilit\u00e1ria avan\u00e7ada perfeita. O Krait \u00e9 constru\u00eddo com uma estrutura e l\u00e2mina mais finas para um melhor ajuste no bolso e uma implementa\u00e7\u00e3o r\u00e1pida. Liner Lock, nossa inovadora Thumb Bridge Technology \u2122 [&#8230;]\n","protected":false},"featured_media":34041,"comment_status":"open","ping_status":"closed","template":"","meta":{"_monsterinsights_skip_tracking":false,"_monsterinsights_sitenote_active":false,"_monsterinsights_sitenote_note":"","_monsterinsights_sitenote_category":0},"product_brand":[],"product_cat":[1065,830,829,1098],"product_tag":[912,225],"class_list":{"0":"post-33987","1":"product","2":"type-product","3":"status-publish","4":"has-post-thumbnail","6":"product_cat-cutelariaferramentas","7":"product_cat-firsttactical","8":"product_cat-marcas","9":"product_cat-navalha","10":"product_tag-cutelaria","11":"product_tag-navalha","13":"first","14":"instock","15":"shipping-taxable","16":"purchasable","17":"product-type-variable"},"aioseo_notices":[],"jetpack_sharing_enabled":true,"_links":{"self":[{"href":"https:\/\/milicia-pro.com\/index.php\/wp-json\/wp\/v2\/product\/33987","targetHints":{"allow":["GET"]}}],"collection":[{"href":"https:\/\/milicia-pro.com\/index.php\/wp-json\/wp\/v2\/product"}],"about":[{"href":"https:\/\/milicia-pro.com\/index.php\/wp-json\/wp\/v2\/types\/product"}],"replies":[{"embeddable":true,"href":"https:\/\/milicia-pro.com\/index.php\/wp-json\/wp\/v2\/comments?post=33987"}],"wp:featuredmedia":[{"embeddable":true,"href":"https:\/\/milicia-pro.com\/index.php\/wp-json\/wp\/v2\/media\/34041"}],"wp:attachment":[{"href":"https:\/\/milicia-pro.com\/index.php\/wp-json\/wp\/v2\/media?parent=33987"}],"wp:term":[{"taxonomy":"product_brand","embeddable":true,"href":"https:\/\/milicia-pro.com\/index.php\/wp-json\/wp\/v2\/product_brand?post=33987"},{"taxonomy":"product_cat","embeddable":true,"href":"https:\/\/milicia-pro.com\/index.php\/wp-json\/wp\/v2\/product_cat?post=33987"},{"taxonomy":"product_tag","embeddable":true,"href":"https:\/\/milicia-pro.com\/index.php\/wp-json\/wp\/v2\/product_tag?post=33987"}],"curies":[{"name":"wp","href":"https:\/\/api.w.org\/{rel}","templated":true}]}}