{"id":33900,"date":"2022-09-01T18:47:07","date_gmt":"2022-09-01T18:47:07","guid":{"rendered":"https:\/\/milicia-pro.com\/?post_type=product&#038;p=33900"},"modified":"2026-02-18T14:05:26","modified_gmt":"2026-02-18T14:05:26","slug":"bussola-tipo-silva","status":"publish","type":"product","link":"https:\/\/milicia-pro.com\/index.php\/product\/bussola-tipo-silva\/","title":{"rendered":"BUSSOLA TIPO SILVA"},"content":{"rendered":"<p>Inv\u00f3lucro: policarbonato, pl\u00e1stico ABS<\/p>\n<p>Pe\u00e7as pequenas: lat\u00e3o, ferro, vidro espelhado<br \/>\nB\u00fassola: tampa de policarbonato<br \/>\nDimens\u00f5es fechadas: 12,5 x 7 x 2,5 cm<\/p>\n<p>&#8211; b\u00fassola de mapa com amortecimento de l\u00edquido<br \/>\n&#8211; com balan\u00e7a dupla e lupa<br \/>\n&#8211; base transparente com cord\u00e3o<br \/>\n&#8211; com Capa de protec\u00e7\u00e3o<\/p>\n","protected":false},"excerpt":{"rendered":"<p>Inv\u00f3lucro: policarbonato, pl\u00e1stico ABS Pe\u00e7as pequenas: lat\u00e3o, ferro, vidro espelhado B\u00fassola: tampa de policarbonato Dimens\u00f5es fechadas: 12,5 x 7 x 2,5 cm &#8211; b\u00fassola de mapa com amortecimento de l\u00edquido &#8211; com balan\u00e7a dupla e lupa &#8211; base transparente com cord\u00e3o &#8211; com Capa de protec\u00e7\u00e3o<\/p>\n","protected":false},"featured_media":33975,"comment_status":"open","ping_status":"closed","template":"","meta":{"_monsterinsights_skip_tracking":false,"_monsterinsights_sitenote_active":false,"_monsterinsights_sitenote_note":"","_monsterinsights_sitenote_category":0},"product_brand":[],"product_cat":[1231,1068,855],"product_tag":[904],"class_list":{"0":"post-33900","1":"product","2":"type-product","3":"status-publish","4":"has-post-thumbnail","6":"product_cat-bussola","7":"product_cat-outdoor","8":"product_cat-sturm-mil-tec","9":"product_tag-bussola","11":"first","12":"instock","13":"shipping-taxable","14":"purchasable","15":"product-type-variable"},"aioseo_notices":[],"jetpack_sharing_enabled":true,"_links":{"self":[{"href":"https:\/\/milicia-pro.com\/index.php\/wp-json\/wp\/v2\/product\/33900","targetHints":{"allow":["GET"]}}],"collection":[{"href":"https:\/\/milicia-pro.com\/index.php\/wp-json\/wp\/v2\/product"}],"about":[{"href":"https:\/\/milicia-pro.com\/index.php\/wp-json\/wp\/v2\/types\/product"}],"replies":[{"embeddable":true,"href":"https:\/\/milicia-pro.com\/index.php\/wp-json\/wp\/v2\/comments?post=33900"}],"wp:featuredmedia":[{"embeddable":true,"href":"https:\/\/milicia-pro.com\/index.php\/wp-json\/wp\/v2\/media\/33975"}],"wp:attachment":[{"href":"https:\/\/milicia-pro.com\/index.php\/wp-json\/wp\/v2\/media?parent=33900"}],"wp:term":[{"taxonomy":"product_brand","embeddable":true,"href":"https:\/\/milicia-pro.com\/index.php\/wp-json\/wp\/v2\/product_brand?post=33900"},{"taxonomy":"product_cat","embeddable":true,"href":"https:\/\/milicia-pro.com\/index.php\/wp-json\/wp\/v2\/product_cat?post=33900"},{"taxonomy":"product_tag","embeddable":true,"href":"https:\/\/milicia-pro.com\/index.php\/wp-json\/wp\/v2\/product_tag?post=33900"}],"curies":[{"name":"wp","href":"https:\/\/api.w.org\/{rel}","templated":true}]}}