{"id":33899,"date":"2022-09-01T18:47:07","date_gmt":"2022-09-01T18:47:07","guid":{"rendered":"https:\/\/milicia-pro.com\/?post_type=product&#038;p=33899"},"modified":"2025-03-27T16:26:49","modified_gmt":"2025-03-27T16:26:49","slug":"bussola-metalica-rangers-od","status":"publish","type":"product","link":"https:\/\/milicia-pro.com\/index.php\/product\/bussola-metalica-rangers-od\/","title":{"rendered":"BUSSOLA METALICA RANGERS -OD"},"content":{"rendered":"<p>Estrutura: liga de alum\u00ednio<br \/>\nDimens\u00f5es fechadas: 7,5 x 5,6 x 2,8 cm<\/p>\n<p>&#8211; estrutura de metal muito est\u00e1vel<br \/>\n&#8211; armazenada em\u00a0l\u00edquido<br \/>\n&#8211; borda de contacto com escala 1: 50.000<br \/>\n&#8211; lupa no visor<br \/>\n&#8211; dispositivo de mira na tampa<br \/>\n&#8211; balan\u00e7a rotativa com divis\u00e3o de linha<\/p>\n","protected":false},"excerpt":{"rendered":"<p>Estrutura: liga de alum\u00ednio Dimens\u00f5es fechadas: 7,5 x 5,6 x 2,8 cm &#8211; estrutura de metal muito est\u00e1vel &#8211; armazenada em\u00a0l\u00edquido &#8211; borda de contacto com escala 1: 50.000 &#8211; lupa no visor &#8211; dispositivo de mira na tampa &#8211; balan\u00e7a rotativa com divis\u00e3o de linha<\/p>\n","protected":false},"featured_media":33974,"comment_status":"open","ping_status":"closed","template":"","meta":{"_monsterinsights_skip_tracking":false,"_monsterinsights_sitenote_active":false,"_monsterinsights_sitenote_note":"","_monsterinsights_sitenote_category":0},"product_brand":[],"product_cat":[1231,829,1068,855],"product_tag":[904],"class_list":{"0":"post-33899","1":"product","2":"type-product","3":"status-publish","4":"has-post-thumbnail","6":"product_cat-bussola","7":"product_cat-marcas","8":"product_cat-outdoor","9":"product_cat-sturm-mil-tec","10":"product_tag-bussola","12":"first","13":"outofstock","14":"shipping-taxable","15":"purchasable","16":"product-type-variable"},"aioseo_notices":[],"jetpack_sharing_enabled":true,"_links":{"self":[{"href":"https:\/\/milicia-pro.com\/index.php\/wp-json\/wp\/v2\/product\/33899","targetHints":{"allow":["GET"]}}],"collection":[{"href":"https:\/\/milicia-pro.com\/index.php\/wp-json\/wp\/v2\/product"}],"about":[{"href":"https:\/\/milicia-pro.com\/index.php\/wp-json\/wp\/v2\/types\/product"}],"replies":[{"embeddable":true,"href":"https:\/\/milicia-pro.com\/index.php\/wp-json\/wp\/v2\/comments?post=33899"}],"wp:featuredmedia":[{"embeddable":true,"href":"https:\/\/milicia-pro.com\/index.php\/wp-json\/wp\/v2\/media\/33974"}],"wp:attachment":[{"href":"https:\/\/milicia-pro.com\/index.php\/wp-json\/wp\/v2\/media?parent=33899"}],"wp:term":[{"taxonomy":"product_brand","embeddable":true,"href":"https:\/\/milicia-pro.com\/index.php\/wp-json\/wp\/v2\/product_brand?post=33899"},{"taxonomy":"product_cat","embeddable":true,"href":"https:\/\/milicia-pro.com\/index.php\/wp-json\/wp\/v2\/product_cat?post=33899"},{"taxonomy":"product_tag","embeddable":true,"href":"https:\/\/milicia-pro.com\/index.php\/wp-json\/wp\/v2\/product_tag?post=33899"}],"curies":[{"name":"wp","href":"https:\/\/api.w.org\/{rel}","templated":true}]}}